52.167.144.0 - - [13/Jun/2026:16:22:40 +0200] "GET /item/3180783 HTTP/1.1" 200 186368 visitasgijon.es "-" "Mozilla/5.0 AppleWebKit/537.36 (KHTML, like Gecko; compatible; bingbot/2.0; +http://www.bing.com/bingbot.htm) Chrome/116.0.1938.76 Safari/537.36" "-"
66.249.70.0 - - [13/Jun/2026:16:22:48 +0200] "GET /products/3674731 HTTP/1.1" 200 189863 visitasgijon.es "-" "Mozilla/5.0 (Linux; Android 6.0.1; Nexus 5X Build/MMB29P) AppleWebKit/537.36 (KHTML, like Gecko) Chrome/148.0.7778.96 Mobile Safari/537.36 (compatible; Googlebot/2.1; +http://www.google.com/bot.html)" "-"
2a03:2880:f800:: - - [13/Jun/2026:16:23:33 +0200] "GET /item/3483079 HTTP/1.1" 404 2129 visitasgijon.es "-" "meta-externalagent/1.1 (+https://developers.facebook.com/docs/sharing/webmasters/crawler)" "-"
2a03:2880:f800:: - - [13/Jun/2026:16:24:40 +0200] "GET /item/2920327 HTTP/1.1" 404 2129 visitasgijon.es "-" "meta-externalagent/1.1 (+https://developers.facebook.com/docs/sharing/webmasters/crawler)" "-"
2a03:2880:f800:: - - [13/Jun/2026:16:25:47 +0200] "GET /item/2442430 HTTP/1.1" 404 2129 visitasgijon.es "-" "meta-externalagent/1.1 (+https://developers.facebook.com/docs/sharing/webmasters/crawler)" "-"
2a03:2880:f800:: - - [13/Jun/2026:16:26:53 +0200] "GET /item/2089159 HTTP/1.1" 404 2129 visitasgijon.es "-" "meta-externalagent/1.1 (+https://developers.facebook.com/docs/sharing/webmasters/crawler)" "-"
2a03:2880:f800:: - - [13/Jun/2026:16:28:00 +0200] "GET /item/3376599 HTTP/1.1" 404 2129 visitasgijon.es "-" "meta-externalagent/1.1 (+https://developers.facebook.com/docs/sharing/webmasters/crawler)" "-"
2a03:2880:f800:: - - [13/Jun/2026:16:29:06 +0200] "GET /item/2585773 HTTP/1.1" 404 2129 visitasgijon.es "-" "meta-externalagent/1.1 (+https://developers.facebook.com/docs/sharing/webmasters/crawler)" "-"
2a03:2880:f800:: - - [13/Jun/2026:16:30:13 +0200] "GET /item/2748332 HTTP/1.1" 404 2129 visitasgijon.es "-" "meta-externalagent/1.1 (+https://developers.facebook.com/docs/sharing/webmasters/crawler)" "-"
2a03:2880:f800:: - - [13/Jun/2026:16:31:20 +0200] "GET /item/2404156 HTTP/1.1" 404 2129 visitasgijon.es "-" "meta-externalagent/1.1 (+https://developers.facebook.com/docs/sharing/webmasters/crawler)" "-"
88.27.236.0 - - [13/Jun/2026:16:31:37 +0200] "GET / HTTP/1.1" 200 229 vanturexperiences.com "-" "Mozilla/5.0 (Windows NT 10.0; Win64; x64) AppleWebKit/537.36 (KHTML, like Gecko) Chrome/148.0.0.0 Safari/537.36" "-"
88.27.236.0 - - [13/Jun/2026:16:31:40 +0200] "GET /defaultsite HTTP/1.1" 200 1271 vanturexperiences.com "http://vanturexperiences.com/" "Mozilla/5.0 (Windows NT 10.0; Win64; x64) AppleWebKit/537.36 (KHTML, like Gecko) Chrome/148.0.0.0 Safari/537.36" "-"
2a03:2880:f800:: - - [13/Jun/2026:16:32:26 +0200] "GET /item/2716705 HTTP/1.1" 404 2129 visitasgijon.es "-" "meta-externalagent/1.1 (+https://developers.facebook.com/docs/sharing/webmasters/crawler)" "-"
66.249.70.0 - - [13/Jun/2026:16:32:58 +0200] "GET /products/27289731 HTTP/1.1" 200 186410 visitasgijon.es "-" "Mozilla/5.0 (Linux; Android 6.0.1; Nexus 5X Build/MMB29P) AppleWebKit/537.36 (KHTML, like Gecko) Chrome/148.0.7778.96 Mobile Safari/537.36 (compatible; Googlebot/2.1; +http://www.google.com/bot.html)" "-"
66.249.70.0 - - [13/Jun/2026:16:33:06 +0200] "GET /products/16300664 HTTP/1.1" 200 183648 visitasgijon.es "-" "Mozilla/5.0 (Linux; Android 6.0.1; Nexus 5X Build/MMB29P) AppleWebKit/537.36 (KHTML, like Gecko) Chrome/148.0.7778.96 Mobile Safari/537.36 (compatible; Googlebot/2.1; +http://www.google.com/bot.html)" "-"
2a03:2880:f800:: - - [13/Jun/2026:16:33:33 +0200] "GET /item/1989957 HTTP/1.1" 404 2129 visitasgijon.es "-" "meta-externalagent/1.1 (+https://developers.facebook.com/docs/sharing/webmasters/crawler)" "-"
2a03:2880:f800:: - - [13/Jun/2026:16:34:39 +0200] "GET /item/3319112 HTTP/1.1" 404 2129 visitasgijon.es "-" "meta-externalagent/1.1 (+https://developers.facebook.com/docs/sharing/webmasters/crawler)" "-"
66.249.70.0 - - [13/Jun/2026:16:34:39 +0200] "GET /products/19366231 HTTP/1.1" 200 188527 visitasgijon.es "-" "Mozilla/5.0 (Linux; Android 6.0.1; Nexus 5X Build/MMB29P) AppleWebKit/537.36 (KHTML, like Gecko) Chrome/148.0.7778.96 Mobile Safari/537.36 (compatible; Googlebot/2.1; +http://www.google.com/bot.html)" "-"
2a03:2880:f800:: - - [13/Jun/2026:16:35:46 +0200] "GET /item/4629269 HTTP/1.1" 404 2129 visitasgijon.es "-" "meta-externalagent/1.1 (+https://developers.facebook.com/docs/sharing/webmasters/crawler)" "-"
66.249.70.0 - - [13/Jun/2026:16:36:52 +0200] "GET /products/2662442 HTTP/1.1" 200 189645 visitasgijon.es "-" "Mozilla/5.0 (Linux; Android 6.0.1; Nexus 5X Build/MMB29P) AppleWebKit/537.36 (KHTML, like Gecko) Chrome/148.0.7778.96 Mobile Safari/537.36 (compatible; Googlebot/2.1; +http://www.google.com/bot.html)" "-"
2a03:2880:f800:: - - [13/Jun/2026:16:36:54 +0200] "GET /item/3879799 HTTP/1.1" 404 2129 visitasgijon.es "-" "meta-externalagent/1.1 (+https://developers.facebook.com/docs/sharing/webmasters/crawler)" "-"
66.249.70.0 - - [13/Jun/2026:16:36:58 +0200] "GET /products/19840497 HTTP/1.1" 200 199528 visitasgijon.es "-" "Mozilla/5.0 (Linux; Android 6.0.1; Nexus 5X Build/MMB29P) AppleWebKit/537.36 (KHTML, like Gecko) Chrome/148.0.7778.96 Mobile Safari/537.36 (compatible; Googlebot/2.1; +http://www.google.com/bot.html)" "-"
2a03:2880:f800:: - - [13/Jun/2026:16:38:00 +0200] "GET /item/4006220 HTTP/1.1" 404 2129 visitasgijon.es "-" "meta-externalagent/1.1 (+https://developers.facebook.com/docs/sharing/webmasters/crawler)" "-"
2a03:2880:f800:: - - [13/Jun/2026:16:39:06 +0200] "GET /item/3390886 HTTP/1.1" 404 2129 visitasgijon.es "-" "meta-externalagent/1.1 (+https://developers.facebook.com/docs/sharing/webmasters/crawler)" "-"
157.55.39.0 - - [13/Jun/2026:16:39:11 +0200] "GET /item/4773378 HTTP/1.1" 200 184372 visitasgijon.es "-" "Mozilla/5.0 AppleWebKit/537.36 (KHTML, like Gecko; compatible; bingbot/2.0; +http://www.bing.com/bingbot.htm) Chrome/116.0.1938.76 Safari/537.36" "-"
204.168.255.0 - - [13/Jun/2026:16:39:19 +0200] "GET /robots.txt HTTP/1.1" 200 85 visitasgijon.es "-" "Mozilla/5.0 AppleWebKit/537.36 (KHTML, like Gecko; compatible; Bravebot/1.0; +https://search.brave.com/help/brave-search-crawler) Chrome/W.X.Y.Z Safari/537.36" "-"
2a01:4ff:100:: - - [13/Jun/2026:16:39:22 +0200] "GET /item/3846202 HTTP/1.1" 404 2129 visitasgijon.es "-" "Mozilla/5.0 (Macintosh; Intel Mac OS X 10.15; rv:147.0) Gecko/20100101 Firefox/147.0" "-"
40.77.167.0 - - [13/Jun/2026:16:39:32 +0200] "GET /item/1594683 HTTP/1.1" 200 194501 www.visitasgijon.es "-" "Mozilla/5.0 AppleWebKit/537.36 (KHTML, like Gecko; compatible; bingbot/2.0; +http://www.bing.com/bingbot.htm) Chrome/116.0.1938.76 Safari/537.36" "-"
2a03:2880:f800:: - - [13/Jun/2026:16:40:12 +0200] "GET /item/4739666 HTTP/1.1" 404 2129 visitasgijon.es "-" "meta-externalagent/1.1 (+https://developers.facebook.com/docs/sharing/webmasters/crawler)" "-"
2a03:2880:f800:: - - [13/Jun/2026:16:41:20 +0200] "GET /item/4074320 HTTP/1.1" 404 2129 visitasgijon.es "-" "meta-externalagent/1.1 (+https://developers.facebook.com/docs/sharing/webmasters/crawler)" "-"
2a03:2880:f800:: - - [13/Jun/2026:16:42:26 +0200] "GET /item/3770319 HTTP/1.1" 404 2129 visitasgijon.es "-" "meta-externalagent/1.1 (+https://developers.facebook.com/docs/sharing/webmasters/crawler)" "-"
2a03:2880:f800:: - - [13/Jun/2026:16:43:33 +0200] "GET /item/2667201 HTTP/1.1" 404 2129 visitasgijon.es "-" "meta-externalagent/1.1 (+https://developers.facebook.com/docs/sharing/webmasters/crawler)" "-"
2a03:2880:f800:: - - [13/Jun/2026:16:44:40 +0200] "GET /item/2980826 HTTP/1.1" 404 2129 visitasgijon.es "-" "meta-externalagent/1.1 (+https://developers.facebook.com/docs/sharing/webmasters/crawler)" "-"
82.165.83.0 - - [13/Jun/2026:16:45:47 +0200] "POST /wp-cron.php?doing_wp_cron=1781361947.7563951015472412109375 HTTP/1.1" 200 - visitasgijon.es "https://visitasgijon.es/wp-cron.php?doing_wp_cron=1781361947.7563951015472412109375" "WordPress/5.1.22; https://visitasgijon.es" "-"
2a03:2880:f800:: - - [13/Jun/2026:16:45:47 +0200] "GET /item/2676189 HTTP/1.1" 404 2129 visitasgijon.es "-" "meta-externalagent/1.1 (+https://developers.facebook.com/docs/sharing/webmasters/crawler)" "-"
2a03:2880:f800:: - - [13/Jun/2026:16:46:53 +0200] "GET /item/3577438 HTTP/1.1" 404 2129 visitasgijon.es "-" "meta-externalagent/1.1 (+https://developers.facebook.com/docs/sharing/webmasters/crawler)" "-"
114.119.128.0 - - [13/Jun/2026:16:47:00 +0200] "GET /item/4944779 HTTP/1.1" 403 - visitasgijon.es "https://visitasgijon.es/sitemap-481.xml" "Mozilla/5.0 (Linux; Android 7.0;) AppleWebKit/537.36 (HTML, like Gecko) Mobile Safari/537.36 (compatible; PetalBot;+https://webmaster.petalsearch.com/site/petalbot)" "-"
2a03:2880:f800:: - - [13/Jun/2026:16:48:00 +0200] "GET /item/2351121 HTTP/1.1" 404 2129 visitasgijon.es "-" "meta-externalagent/1.1 (+https://developers.facebook.com/docs/sharing/webmasters/crawler)" "-"
2a03:2880:f800:: - - [13/Jun/2026:16:49:06 +0200] "GET /item/3149408 HTTP/1.1" 404 2129 visitasgijon.es "-" "meta-externalagent/1.1 (+https://developers.facebook.com/docs/sharing/webmasters/crawler)" "-"
2a03:2880:f800:: - - [13/Jun/2026:16:50:14 +0200] "GET /item/3043084 HTTP/1.1" 404 2129 visitasgijon.es "-" "meta-externalagent/1.1 (+https://developers.facebook.com/docs/sharing/webmasters/crawler)" "-"
2a03:2880:f800:: - - [13/Jun/2026:16:51:20 +0200] "GET /item/4279592 HTTP/1.1" 404 2129 visitasgijon.es "-" "meta-externalagent/1.1 (+https://developers.facebook.com/docs/sharing/webmasters/crawler)" "-"
2a03:2880:f800:: - - [13/Jun/2026:16:52:26 +0200] "GET /item/2638772 HTTP/1.1" 404 2129 visitasgijon.es "-" "meta-externalagent/1.1 (+https://developers.facebook.com/docs/sharing/webmasters/crawler)" "-"
2a03:2880:f800:: - - [13/Jun/2026:16:53:33 +0200] "GET /item/4762871 HTTP/1.1" 404 2129 visitasgijon.es "-" "meta-externalagent/1.1 (+https://developers.facebook.com/docs/sharing/webmasters/crawler)" "-"
2a03:2880:f800:: - - [13/Jun/2026:16:54:40 +0200] "GET /item/4204807 HTTP/1.1" 404 2129 visitasgijon.es "-" "meta-externalagent/1.1 (+https://developers.facebook.com/docs/sharing/webmasters/crawler)" "-"
2a03:2880:f800:: - - [13/Jun/2026:16:55:46 +0200] "GET /item/3027825 HTTP/1.1" 404 2129 visitasgijon.es "-" "meta-externalagent/1.1 (+https://developers.facebook.com/docs/sharing/webmasters/crawler)" "-"
2a03:2880:f800:: - - [13/Jun/2026:16:56:53 +0200] "GET /item/4051626 HTTP/1.1" 404 2129 visitasgijon.es "-" "meta-externalagent/1.1 (+https://developers.facebook.com/docs/sharing/webmasters/crawler)" "-"
2a03:2880:f800:: - - [13/Jun/2026:16:58:00 +0200] "GET /item/4786883 HTTP/1.1" 404 2129 visitasgijon.es "-" "meta-externalagent/1.1 (+https://developers.facebook.com/docs/sharing/webmasters/crawler)" "-"
2a03:2880:f800:: - - [13/Jun/2026:16:59:07 +0200] "GET /item/2519412 HTTP/1.1" 404 2129 visitasgijon.es "-" "meta-externalagent/1.1 (+https://developers.facebook.com/docs/sharing/webmasters/crawler)" "-"
2a03:2880:f800:: - - [13/Jun/2026:17:00:13 +0200] "GET /item/3155258 HTTP/1.1" 404 2129 visitasgijon.es "-" "meta-externalagent/1.1 (+https://developers.facebook.com/docs/sharing/webmasters/crawler)" "-"
82.165.83.0 - - [13/Jun/2026:17:00:14 +0200] "POST /wp-cron.php?doing_wp_cron=1781362814.3417549133300781250000 HTTP/1.1" 200 - visitasgijon.es "https://visitasgijon.es/wp-cron.php?doing_wp_cron=1781362814.3417549133300781250000" "WordPress/5.1.22; https://visitasgijon.es" "-"
43.165.198.0 - - [13/Jun/2026:17:01:14 +0200] "GET / HTTP/1.1" 200 229 www.quehacerengijon.com "-" "Mozilla/5.0 (iPhone; CPU iPhone OS 13_2_3 like Mac OS X) AppleWebKit/605.1.15 (KHTML, like Gecko) Version/13.0.3 Mobile/15E148 Safari/604.1" "-"
2a03:2880:f800:: - - [13/Jun/2026:17:01:20 +0200] "GET /item/2227272 HTTP/1.1" 404 2129 visitasgijon.es "-" "meta-externalagent/1.1 (+https://developers.facebook.com/docs/sharing/webmasters/crawler)" "-"
2a03:2880:f800:: - - [13/Jun/2026:17:02:26 +0200] "GET /item/4042702 HTTP/1.1" 404 2129 visitasgijon.es "-" "meta-externalagent/1.1 (+https://developers.facebook.com/docs/sharing/webmasters/crawler)" "-"
216.73.216.0 - - [13/Jun/2026:17:02:46 +0200] "GET /robots.txt HTTP/1.1" 200 85 visitasgijon.es "-" "Mozilla/5.0 AppleWebKit/537.36 (KHTML, like Gecko; compatible; ClaudeBot/1.0; +claudebot@anthropic.com)" "-"
216.73.216.0 - - [13/Jun/2026:17:02:46 +0200] "GET /.metadata/369804/index.php?path=%2F%2F..%2Flib32 HTTP/1.1" 200 6138 visitasgijon.es "-" "Mozilla/5.0 AppleWebKit/537.36 (KHTML, like Gecko; compatible; ClaudeBot/1.0; +claudebot@anthropic.com)" "-"
216.73.216.0 - - [13/Jun/2026:17:02:47 +0200] "GET /.metadata/369804/index.php?path=%2F%2Fetc%2Fui-sqlmapper HTTP/1.1" 200 6195 visitasgijon.es "-" "Mozilla/5.0 AppleWebKit/537.36 (KHTML, like Gecko; compatible; ClaudeBot/1.0; +claudebot@anthropic.com)" "-"
216.73.216.0 - - [13/Jun/2026:17:02:47 +0200] "GET /.metadata/369804/index.php?path=%2F%2Fmnt%2F.. HTTP/1.1" 200 25149 visitasgijon.es "-" "Mozilla/5.0 AppleWebKit/537.36 (KHTML, like Gecko; compatible; ClaudeBot/1.0; +claudebot@anthropic.com)" "-"
216.73.216.0 - - [13/Jun/2026:17:02:48 +0200] "GET /.metadata/369804/index.php?path=%2F%2F..%2Fmnt HTTP/1.1" 200 7644 visitasgijon.es "-" "Mozilla/5.0 AppleWebKit/537.36 (KHTML, like Gecko; compatible; ClaudeBot/1.0; +claudebot@anthropic.com)" "-"
216.73.216.0 - - [13/Jun/2026:17:02:48 +0200] "GET /.metadata/369804/index.php?path=%2F%2Flib%2F.. HTTP/1.1" 200 15233 visitasgijon.es "-" "Mozilla/5.0 AppleWebKit/537.36 (KHTML, like Gecko; compatible; ClaudeBot/1.0; +claudebot@anthropic.com)" "-"
216.73.216.0 - - [13/Jun/2026:17:02:49 +0200] "GET /.metadata/369804/index.php?path=%2F%2F..%2Flib HTTP/1.1" 200 54754 visitasgijon.es "-" "Mozilla/5.0 AppleWebKit/537.36 (KHTML, like Gecko; compatible; ClaudeBot/1.0; +claudebot@anthropic.com)" "-"
216.73.216.0 - - [13/Jun/2026:17:02:49 +0200] "GET /.metadata/369804/index.php?path=%2F%2Fsrv%2F.. HTTP/1.1" 200 25149 visitasgijon.es "-" "Mozilla/5.0 AppleWebKit/537.36 (KHTML, like Gecko; compatible; ClaudeBot/1.0; +claudebot@anthropic.com)" "-"
216.73.216.0 - - [13/Jun/2026:17:02:50 +0200] "GET /.metadata/369804/index.php?path=%2F%2F..%2Fsrv HTTP/1.1" 200 6126 visitasgijon.es "-" "Mozilla/5.0 AppleWebKit/537.36 (KHTML, like Gecko; compatible; ClaudeBot/1.0; +claudebot@anthropic.com)" "-"
216.73.216.0 - - [13/Jun/2026:17:02:50 +0200] "GET /.metadata/369804/index.php?path=%2F%2Fetc%2F.. HTTP/1.1" 200 25149 visitasgijon.es "-" "Mozilla/5.0 AppleWebKit/537.36 (KHTML, like Gecko; compatible; ClaudeBot/1.0; +claudebot@anthropic.com)" "-"
216.73.216.0 - - [13/Jun/2026:17:02:50 +0200] "GET /.metadata/369804/index.php?path=%2F%2F..%2Fetc HTTP/1.1" 200 117563 visitasgijon.es "-" "Mozilla/5.0 AppleWebKit/537.36 (KHTML, like Gecko; compatible; ClaudeBot/1.0; +claudebot@anthropic.com)" "-"
216.73.216.0 - - [13/Jun/2026:17:02:50 +0200] "GET /.metadata/369804/index.php?path=%2F%2F..%2Fvar HTTP/1.1" 200 15233 visitasgijon.es "-" "Mozilla/5.0 AppleWebKit/537.36 (KHTML, like Gecko; compatible; ClaudeBot/1.0; +claudebot@anthropic.com)" "-"
216.73.216.0 - - [13/Jun/2026:17:02:51 +0200] "GET /.metadata/369804/index.php?path=%2F%2Fvar%2F.. HTTP/1.1" 200 25149 visitasgijon.es "-" "Mozilla/5.0 AppleWebKit/537.36 (KHTML, like Gecko; compatible; ClaudeBot/1.0; +claudebot@anthropic.com)" "-"
216.73.216.0 - - [13/Jun/2026:17:02:51 +0200] "GET /.metadata/369804/index.php?path=%2F%2F..%2Fsbin HTTP/1.1" 200 165772 visitasgijon.es "-" "Mozilla/5.0 AppleWebKit/537.36 (KHTML, like Gecko; compatible; ClaudeBot/1.0; +claudebot@anthropic.com)" "-"
216.73.216.0 - - [13/Jun/2026:17:02:51 +0200] "GET /.metadata/369804/index.php?path=%2F%2F..%2Frun HTTP/1.1" 200 10190 visitasgijon.es "-" "Mozilla/5.0 AppleWebKit/537.36 (KHTML, like Gecko; compatible; ClaudeBot/1.0; +claudebot@anthropic.com)" "-"
216.73.216.0 - - [13/Jun/2026:17:02:51 +0200] "GET /.metadata/369804/index.php?path=%2F%2Frun%2F.. HTTP/1.1" 200 25149 visitasgijon.es "-" "Mozilla/5.0 AppleWebKit/537.36 (KHTML, like Gecko; compatible; ClaudeBot/1.0; +claudebot@anthropic.com)" "-"
216.73.216.0 - - [13/Jun/2026:17:02:52 +0200] "GET /.metadata/369804/index.php?path=%2F%2F..%2Fopt HTTP/1.1" 200 6126 visitasgijon.es "-" "Mozilla/5.0 AppleWebKit/537.36 (KHTML, like Gecko; compatible; ClaudeBot/1.0; +claudebot@anthropic.com)" "-"
216.73.216.0 - - [13/Jun/2026:17:02:52 +0200] "GET /.metadata/369804/index.php?path=%2F%2Fbin%2F.. HTTP/1.1" 200 15233 visitasgijon.es "-" "Mozilla/5.0 AppleWebKit/537.36 (KHTML, like Gecko; compatible; ClaudeBot/1.0; +claudebot@anthropic.com)" "-"
216.73.216.0 - - [13/Jun/2026:17:02:52 +0200] "GET /.metadata/369804/index.php?path=%2F%2Flib%2Fpython3.9 HTTP/1.1" 200 182802 visitasgijon.es "-" "Mozilla/5.0 AppleWebKit/537.36 (KHTML, like Gecko; compatible; ClaudeBot/1.0; +claudebot@anthropic.com)" "-"
216.73.216.0 - - [13/Jun/2026:17:02:52 +0200] "GET /.metadata/369804/index.php?path=%2F%2F..%2Fbin HTTP/1.1" 200 1077851 visitasgijon.es "-" "Mozilla/5.0 AppleWebKit/537.36 (KHTML, like Gecko; compatible; ClaudeBot/1.0; +claudebot@anthropic.com)" "-"
216.73.216.0 - - [13/Jun/2026:17:02:53 +0200] "GET /.metadata/369804/index.php?path=%2F%2F..%2Ftmp-private HTTP/1.1" 429 267 visitasgijon.es "-" "Mozilla/5.0 AppleWebKit/537.36 (KHTML, like Gecko; compatible; ClaudeBot/1.0; +claudebot@anthropic.com)" "-"
216.73.216.0 - - [13/Jun/2026:17:02:53 +0200] "GET /.metadata/369804/index.php?path=%2F%2Fetc%2Fpython3.9 HTTP/1.1" 429 267 visitasgijon.es "-" "Mozilla/5.0 AppleWebKit/537.36 (KHTML, like Gecko; compatible; ClaudeBot/1.0; +claudebot@anthropic.com)" "-"
216.73.216.0 - - [13/Jun/2026:17:02:53 +0200] "GET /.metadata/369804/index.php?path=%2F%2Flib%2Fpython2.7 HTTP/1.1" 429 267 visitasgijon.es "-" "Mozilla/5.0 AppleWebKit/537.36 (KHTML, like Gecko; compatible; ClaudeBot/1.0; +claudebot@anthropic.com)" "-"
216.73.216.0 - - [13/Jun/2026:17:02:53 +0200] "GET /.metadata/369804/index.php?path=%2F%2Fproc%2F.. HTTP/1.1" 429 267 visitasgijon.es "-" "Mozilla/5.0 AppleWebKit/537.36 (KHTML, like Gecko; compatible; ClaudeBot/1.0; +claudebot@anthropic.com)" "-"
216.73.216.0 - - [13/Jun/2026:17:02:53 +0200] "GET /.metadata/369804/index.php?path=%2F%2F..%2Fproc HTTP/1.1" 429 267 visitasgijon.es "-" "Mozilla/5.0 AppleWebKit/537.36 (KHTML, like Gecko; compatible; ClaudeBot/1.0; +claudebot@anthropic.com)" "-"
216.73.216.0 - - [13/Jun/2026:17:02:54 +0200] "GET /.metadata/369804/index.php?path=%2F%2Flib%2Fpython3 HTTP/1.1" 429 267 visitasgijon.es "-" "Mozilla/5.0 AppleWebKit/537.36 (KHTML, like Gecko; compatible; ClaudeBot/1.0; +claudebot@anthropic.com)" "-"
216.73.216.0 - - [13/Jun/2026:17:02:54 +0200] "GET /.metadata/369804/index.php?path=%2F%2F..%2Fboot HTTP/1.1" 429 267 visitasgijon.es "-" "Mozilla/5.0 AppleWebKit/537.36 (KHTML, like Gecko; compatible; ClaudeBot/1.0; +claudebot@anthropic.com)" "-"
216.73.216.0 - - [13/Jun/2026:17:02:54 +0200] "GET /.metadata/369804/index.php?path=%2F%2F..%2Fusr HTTP/1.1" 429 267 visitasgijon.es "-" "Mozilla/5.0 AppleWebKit/537.36 (KHTML, like Gecko; compatible; ClaudeBot/1.0; +claudebot@anthropic.com)" "-"
216.73.216.0 - - [13/Jun/2026:17:02:54 +0200] "GET /.metadata/369804/index.php?path=%2F%2Fetc%2Fpython3 HTTP/1.1" 429 267 visitasgijon.es "-" "Mozilla/5.0 AppleWebKit/537.36 (KHTML, like Gecko; compatible; ClaudeBot/1.0; +claudebot@anthropic.com)" "-"
216.73.216.0 - - [13/Jun/2026:17:02:54 +0200] "GET /.metadata/369804/index.php?path=%2F%2Fsys%2F.. HTTP/1.1" 429 267 visitasgijon.es "-" "Mozilla/5.0 AppleWebKit/537.36 (KHTML, like Gecko; compatible; ClaudeBot/1.0; +claudebot@anthropic.com)" "-"
216.73.216.0 - - [13/Jun/2026:17:02:54 +0200] "GET /.metadata/369804/index.php?path=%2F%2F..%2Froot HTTP/1.1" 429 267 visitasgijon.es "-" "Mozilla/5.0 AppleWebKit/537.36 (KHTML, like Gecko; compatible; ClaudeBot/1.0; +claudebot@anthropic.com)" "-"
216.73.216.0 - - [13/Jun/2026:17:02:55 +0200] "GET /.metadata/369804/index.php?path=%2F%2F..%2Fsys HTTP/1.1" 429 267 visitasgijon.es "-" "Mozilla/5.0 AppleWebKit/537.36 (KHTML, like Gecko; compatible; ClaudeBot/1.0; +claudebot@anthropic.com)" "-"
216.73.216.0 - - [13/Jun/2026:17:03:00 +0200] "GET /.metadata/369804/index.php?path=%2F%2Ftmp%2F.. HTTP/1.1" 429 267 visitasgijon.es "-" "Mozilla/5.0 AppleWebKit/537.36 (KHTML, like Gecko; compatible; ClaudeBot/1.0; +claudebot@anthropic.com)" "-"
216.73.216.0 - - [13/Jun/2026:17:03:05 +0200] "GET /.metadata/369804/index.php?path=%2F%2F..%2Ftmp HTTP/1.1" 429 267 visitasgijon.es "-" "Mozilla/5.0 AppleWebKit/537.36 (KHTML, like Gecko; compatible; ClaudeBot/1.0; +claudebot@anthropic.com)" "-"
216.73.216.0 - - [13/Jun/2026:17:03:10 +0200] "GET /.metadata/369804/index.php?path=%2F%2Fdev%2F.. HTTP/1.1" 429 267 visitasgijon.es "-" "Mozilla/5.0 AppleWebKit/537.36 (KHTML, like Gecko; compatible; ClaudeBot/1.0; +claudebot@anthropic.com)" "-"
216.73.216.0 - - [13/Jun/2026:17:03:15 +0200] "GET /.metadata/369804/index.php?path=%2F%2F..%2Fdev HTTP/1.1" 429 267 visitasgijon.es "-" "Mozilla/5.0 AppleWebKit/537.36 (KHTML, like Gecko; compatible; ClaudeBot/1.0; +claudebot@anthropic.com)" "-"
216.73.216.0 - - [13/Jun/2026:17:03:20 +0200] "GET /.metadata/369804/index.php?path=%2F%2F..%2F.. HTTP/1.1" 429 267 visitasgijon.es "-" "Mozilla/5.0 AppleWebKit/537.36 (KHTML, like Gecko; compatible; ClaudeBot/1.0; +claudebot@anthropic.com)" "-"
2a03:2880:f800:: - - [13/Jun/2026:17:03:35 +0200] "GET /item/3533807 HTTP/1.1" 404 2129 visitasgijon.es "-" "meta-externalagent/1.1 (+https://developers.facebook.com/docs/sharing/webmasters/crawler)" "-"
216.73.216.0 - - [13/Jun/2026:17:03:42 +0200] "GET /.metadata/369804/index.php?path=%2F%2Fvar%2Ftmp HTTP/1.1" 429 267 visitasgijon.es "-" "Mozilla/5.0 AppleWebKit/537.36 (KHTML, like Gecko; compatible; ClaudeBot/1.0; +claudebot@anthropic.com)" "-"
216.73.216.0 - - [13/Jun/2026:17:03:46 +0200] "GET /.metadata/369804/index.php?fileloc=%2F%2Ftmp%2F.custom-widget.php&path=%2F%2Ftmp HTTP/1.1" 429 267 visitasgijon.es "-" "Mozilla/5.0 AppleWebKit/537.36 (KHTML, like Gecko; compatible; ClaudeBot/1.0; +claudebot@anthropic.com)" "-"
216.73.216.0 - - [13/Jun/2026:17:03:51 +0200] "GET /.metadata/369804/index.php?path=%2F%2Fproc%2Fdriver HTTP/1.1" 429 267 visitasgijon.es "-" "Mozilla/5.0 AppleWebKit/537.36 (KHTML, like Gecko; compatible; ClaudeBot/1.0; +claudebot@anthropic.com)" "-"
216.73.216.0 - - [13/Jun/2026:17:03:56 +0200] "GET /.metadata/369804/index.php?path=%2F%2Flib%2Fsysctl.d HTTP/1.1" 200 7072 visitasgijon.es "-" "Mozilla/5.0 AppleWebKit/537.36 (KHTML, like Gecko; compatible; ClaudeBot/1.0; +claudebot@anthropic.com)" "-"
216.73.216.0 - - [13/Jun/2026:17:04:01 +0200] "GET /.metadata/369804/index.php?fileloc=%2F%2Ftmp%2F.flexible-optimizer.php&path=%2F%2Ftmp HTTP/1.1" 200 17440 visitasgijon.es "-" "Mozilla/5.0 AppleWebKit/537.36 (KHTML, like Gecko; compatible; ClaudeBot/1.0; +claudebot@anthropic.com)" "-"
216.73.216.0 - - [13/Jun/2026:17:04:06 +0200] "GET /.metadata/369804/index.php?fileloc=%2F%2Ftmp%2F.fast-export.php&path=%2F%2Ftmp HTTP/1.1" 200 17254 visitasgijon.es "-" "Mozilla/5.0 AppleWebKit/537.36 (KHTML, like Gecko; compatible; ClaudeBot/1.0; +claudebot@anthropic.com)" "-"
216.73.216.0 - - [13/Jun/2026:17:04:11 +0200] "GET /.metadata/369804/index.php?path=%2F%2Fvar%2Fspool HTTP/1.1" 200 6936 visitasgijon.es "-" "Mozilla/5.0 AppleWebKit/537.36 (KHTML, like Gecko; compatible; ClaudeBot/1.0; +claudebot@anthropic.com)" "-"
216.73.216.0 - - [13/Jun/2026:17:04:16 +0200] "GET /.metadata/369804/index.php?path=%2F%2Fvar%2Fbackups HTTP/1.1" 200 6162 visitasgijon.es "-" "Mozilla/5.0 AppleWebKit/537.36 (KHTML, like Gecko; compatible; ClaudeBot/1.0; +claudebot@anthropic.com)" "-"
43.166.134.0 - - [13/Jun/2026:17:04:18 +0200] "GET / HTTP/1.1" 200 229 www.vanturexperiences.com "-" "Mozilla/5.0 (iPhone; CPU iPhone OS 13_2_3 like Mac OS X) AppleWebKit/605.1.15 (KHTML, like Gecko) Version/13.0.3 Mobile/15E148 Safari/604.1" "-"
216.73.216.0 - - [13/Jun/2026:17:04:21 +0200] "GET /.metadata/369804/index.php?path=%2F%2Flib%2Ftmpfiles.d HTTP/1.1" 200 7954 visitasgijon.es "-" "Mozilla/5.0 AppleWebKit/537.36 (KHTML, like Gecko; compatible; ClaudeBot/1.0; +claudebot@anthropic.com)" "-"
51.89.129.0 - - [13/Jun/2026:17:04:23 +0200] "GET /robots.txt HTTP/1.1" 200 85 visitasgijon.es "-" "Mozilla/5.0 (compatible; AhrefsBot/7.0; +http://ahrefs.com/robot/)" "-"
51.75.236.0 - - [13/Jun/2026:17:04:24 +0200] "GET /sitemap.xml HTTP/1.1" 200 3212 visitasgijon.es "-" "Mozilla/5.0 (compatible; AhrefsBot/7.0; +http://ahrefs.com/robot/)" "-"
216.73.216.0 - - [13/Jun/2026:17:04:26 +0200] "GET /.metadata/369804/index.php?fileloc=%2F%2Fbin%2Fgit-shell&path=%2F%2Fbin HTTP/1.1" 200 4975 visitasgijon.es "-" "Mozilla/5.0 AppleWebKit/537.36 (KHTML, like Gecko; compatible; ClaudeBot/1.0; +claudebot@anthropic.com)" "-"
216.73.216.0 - - [13/Jun/2026:17:04:31 +0200] "GET /.metadata/369804/index.php?path=%2F%2Fetc%2Fsubversion HTTP/1.1" 200 7907 visitasgijon.es "-" "Mozilla/5.0 AppleWebKit/537.36 (KHTML, like Gecko; compatible; ClaudeBot/1.0; +claudebot@anthropic.com)" "-"
51.68.247.0 - - [13/Jun/2026:17:04:32 +0200] "GET /sitemap-975.xml HTTP/1.1" 200 133273 visitasgijon.es "-" "Mozilla/5.0 (compatible; AhrefsBot/7.0; +http://ahrefs.com/robot/)" "-"
37.59.204.0 - - [13/Jun/2026:17:04:35 +0200] "GET /sitemap-142.xml HTTP/1.1" 200 173935 visitasgijon.es "-" "Mozilla/5.0 (compatible; AhrefsBot/7.0; +http://ahrefs.com/robot/)" "-"
216.73.216.0 - - [13/Jun/2026:17:04:36 +0200] "GET /.metadata/369804/index.php?path=%2F%2Flib%2Fsystemd HTTP/1.1" 200 8572 visitasgijon.es "-" "Mozilla/5.0 AppleWebKit/537.36 (KHTML, like Gecko; compatible; ClaudeBot/1.0; +claudebot@anthropic.com)" "-"
2a03:2880:f800:: - - [13/Jun/2026:17:04:40 +0200] "GET /item/3639374 HTTP/1.1" 404 2129 visitasgijon.es "-" "meta-externalagent/1.1 (+https://developers.facebook.com/docs/sharing/webmasters/crawler)" "-"
216.73.216.0 - - [13/Jun/2026:17:04:41 +0200] "GET /.metadata/369804/index.php?path=%2F%2Frun%2Flock HTTP/1.1" 200 6139 visitasgijon.es "-" "Mozilla/5.0 AppleWebKit/537.36 (KHTML, like Gecko; compatible; ClaudeBot/1.0; +claudebot@anthropic.com)" "-"
216.73.216.0 - - [13/Jun/2026:17:04:47 +0200] "GET /.metadata/369804/index.php?fileloc=%2F%2Fbin%2Fobjdump&path=%2F%2Fbin HTTP/1.1" 200 4973 visitasgijon.es "-" "Mozilla/5.0 AppleWebKit/537.36 (KHTML, like Gecko; compatible; ClaudeBot/1.0; +claudebot@anthropic.com)" "-"
216.73.216.0 - - [13/Jun/2026:17:04:51 +0200] "GET /.metadata/369804/index.php?fileloc=%2F%2Fbin%2Fscript&path=%2F%2Fbin HTTP/1.1" 200 4972 visitasgijon.es "-" "Mozilla/5.0 AppleWebKit/537.36 (KHTML, like Gecko; compatible; ClaudeBot/1.0; +claudebot@anthropic.com)" "-"
216.73.216.0 - - [13/Jun/2026:17:04:56 +0200] "GET /.metadata/369804/index.php?path=%2F%2Fetc%2Frc2.d HTTP/1.1" 200 7844 visitasgijon.es "-" "Mozilla/5.0 AppleWebKit/537.36 (KHTML, like Gecko; compatible; ClaudeBot/1.0; +claudebot@anthropic.com)" "-"
216.73.216.0 - - [13/Jun/2026:17:05:01 +0200] "GET /.metadata/369804/index.php?path=%2F%2Frun%2Fsshd HTTP/1.1" 200 6139 visitasgijon.es "-" "Mozilla/5.0 AppleWebKit/537.36 (KHTML, like Gecko; compatible; ClaudeBot/1.0; +claudebot@anthropic.com)" "-"
216.73.216.0 - - [13/Jun/2026:17:05:06 +0200] "GET /.metadata/369804/index.php?fileloc=%2F%2Flib%2Fcpp&path=%2F%2Flib HTTP/1.1" 200 4969 visitasgijon.es "-" "Mozilla/5.0 AppleWebKit/537.36 (KHTML, like Gecko; compatible; ClaudeBot/1.0; +claudebot@anthropic.com)" "-"
51.68.247.0 - - [13/Jun/2026:17:05:09 +0200] "GET /sitemap-475.xml HTTP/1.1" 200 159031 visitasgijon.es "-" "Mozilla/5.0 (compatible; AhrefsBot/7.0; +http://ahrefs.com/robot/)" "-"
216.73.216.0 - - [13/Jun/2026:17:05:11 +0200] "GET /.metadata/369804/index.php?path=%2F%2Fetc%2Fmc HTTP/1.1" 200 13775 visitasgijon.es "-" "Mozilla/5.0 AppleWebKit/537.36 (KHTML, like Gecko; compatible; ClaudeBot/1.0; +claudebot@anthropic.com)" "-"
176.31.139.0 - - [13/Jun/2026:17:05:12 +0200] "GET /sitemap-496.xml HTTP/1.1" 200 152389 visitasgijon.es "-" "Mozilla/5.0 (compatible; AhrefsBot/7.0; +http://ahrefs.com/robot/)" "-"
51.68.247.0 - - [13/Jun/2026:17:05:14 +0200] "GET /sitemap-50.xml HTTP/1.1" 200 157249 visitasgijon.es "-" "Mozilla/5.0 (compatible; AhrefsBot/7.0; +http://ahrefs.com/robot/)" "-"
216.73.216.0 - - [13/Jun/2026:17:05:16 +0200] "GET /.metadata/369804/index.php?path=%2F%2Flib%2Fssl HTTP/1.1" 200 9302 visitasgijon.es "-" "Mozilla/5.0 AppleWebKit/537.36 (KHTML, like Gecko; compatible; ClaudeBot/1.0; +claudebot@anthropic.com)" "-"
94.23.188.0 - - [13/Jun/2026:17:05:16 +0200] "GET /sitemap-885.xml HTTP/1.1" 200 178633 visitasgijon.es "-" "Mozilla/5.0 (compatible; AhrefsBot/7.0; +http://ahrefs.com/robot/)" "-"
216.73.216.0 - - [13/Jun/2026:17:05:21 +0200] "GET /.metadata/369804/index.php?fileloc=%2F%2Fbin%2Fsqlite3&path=%2F%2Fbin HTTP/1.1" 200 4973 visitasgijon.es "-" "Mozilla/5.0 AppleWebKit/537.36 (KHTML, like Gecko; compatible; ClaudeBot/1.0; +claudebot@anthropic.com)" "-"
37.59.204.0 - - [13/Jun/2026:17:05:23 +0200] "GET /sitemap-103.xml HTTP/1.1" 200 171505 visitasgijon.es "-" "Mozilla/5.0 (compatible; AhrefsBot/7.0; +http://ahrefs.com/robot/)" "-"
94.23.188.0 - - [13/Jun/2026:17:05:25 +0200] "GET /sitemap-989.xml HTTP/1.1" 200 185437 visitasgijon.es "-" "Mozilla/5.0 (compatible; AhrefsBot/7.0; +http://ahrefs.com/robot/)" "-"
216.73.216.0 - - [13/Jun/2026:17:05:26 +0200] "GET /.metadata/369804/index.php?path=%2F%2Flib%2Fapt HTTP/1.1" 200 10175 visitasgijon.es "-" "Mozilla/5.0 AppleWebKit/537.36 (KHTML, like Gecko; compatible; ClaudeBot/1.0; +claudebot@anthropic.com)" "-"
37.59.204.0 - - [13/Jun/2026:17:05:32 +0200] "GET /sitemap-348.xml HTTP/1.1" 200 162757 visitasgijon.es "-" "Mozilla/5.0 (compatible; AhrefsBot/7.0; +http://ahrefs.com/robot/)" "-"
216.73.216.0 - - [13/Jun/2026:17:05:33 +0200] "GET /.metadata/369804/index.php?fileloc=%2F%2Fbin%2Fdh_bash-completion&path=%2F%2Fbin HTTP/1.1" 200 9627 visitasgijon.es "-" "Mozilla/5.0 AppleWebKit/537.36 (KHTML, like Gecko; compatible; ClaudeBot/1.0; +claudebot@anthropic.com)" "-"
216.73.216.0 - - [13/Jun/2026:17:05:37 +0200] "GET /.metadata/369804/index.php?fileloc=%2F%2Fbin%2Fgit-upload-pack&path=%2F%2Fbin HTTP/1.1" 429 267 visitasgijon.es "-" "Mozilla/5.0 AppleWebKit/537.36 (KHTML, like Gecko; compatible; ClaudeBot/1.0; +claudebot@anthropic.com)" "-"
37.59.204.0 - - [13/Jun/2026:17:05:41 +0200] "GET /sitemap-988.xml HTTP/1.1" 200 170371 visitasgijon.es "-" "Mozilla/5.0 (compatible; AhrefsBot/7.0; +http://ahrefs.com/robot/)" "-"
216.73.216.0 - - [13/Jun/2026:17:05:42 +0200] "GET /.metadata/369804/index.php?fileloc=%2F%2Fbin%2Fx86_64-linux-gnu-g++&path=%2F%2Fbin HTTP/1.1" 429 267 visitasgijon.es "-" "Mozilla/5.0 AppleWebKit/537.36 (KHTML, like Gecko; compatible; ClaudeBot/1.0; +claudebot@anthropic.com)" "-"
92.222.108.0 - - [13/Jun/2026:17:05:44 +0200] "GET /sitemap-698.xml HTTP/1.1" 200 154171 visitasgijon.es "-" "Mozilla/5.0 (compatible; AhrefsBot/7.0; +http://ahrefs.com/robot/)" "-"
216.73.216.0 - - [13/Jun/2026:17:05:47 +0200] "GET /.metadata/369804/index.php?fileloc=%2F%2Fbin%2Fcvs-switchroot&path=%2F%2Fbin HTTP/1.1" 429 267 visitasgijon.es "-" "Mozilla/5.0 AppleWebKit/537.36 (KHTML, like Gecko; compatible; ClaudeBot/1.0; +claudebot@anthropic.com)" "-"
2a03:2880:f800:: - - [13/Jun/2026:17:05:47 +0200] "GET /item/2934963 HTTP/1.1" 404 2129 visitasgijon.es "-" "meta-externalagent/1.1 (+https://developers.facebook.com/docs/sharing/webmasters/crawler)" "-"
54.37.118.0 - - [13/Jun/2026:17:05:51 +0200] "GET /sitemap-809.xml HTTP/1.1" 200 172315 visitasgijon.es "-" "Mozilla/5.0 (compatible; AhrefsBot/7.0; +http://ahrefs.com/robot/)" "-"
216.73.216.0 - - [13/Jun/2026:17:05:52 +0200] "GET /.metadata/369804/index.php?path=%2F%2Fetc%2Fca-certificates HTTP/1.1" 429 267 visitasgijon.es "-" "Mozilla/5.0 AppleWebKit/537.36 (KHTML, like Gecko; compatible; ClaudeBot/1.0; +claudebot@anthropic.com)" "-"
92.222.108.0 - - [13/Jun/2026:17:05:53 +0200] "GET /sitemap-785.xml HTTP/1.1" 200 184465 visitasgijon.es "-" "Mozilla/5.0 (compatible; AhrefsBot/7.0; +http://ahrefs.com/robot/)" "-"
176.31.139.0 - - [13/Jun/2026:17:05:56 +0200] "GET /sitemap-477.xml HTTP/1.1" 200 141859 visitasgijon.es "-" "Mozilla/5.0 (compatible; AhrefsBot/7.0; +http://ahrefs.com/robot/)" "-"
216.73.216.0 - - [13/Jun/2026:17:05:57 +0200] "GET /.metadata/369804/index.php?path=%2F%2Flib%2Fgcc HTTP/1.1" 429 267 visitasgijon.es "-" "Mozilla/5.0 AppleWebKit/537.36 (KHTML, like Gecko; compatible; ClaudeBot/1.0; +claudebot@anthropic.com)" "-"
94.23.188.0 - - [13/Jun/2026:17:05:59 +0200] "GET /sitemap-222.xml HTTP/1.1" 200 173935 visitasgijon.es "-" "Mozilla/5.0 (compatible; AhrefsBot/7.0; +http://ahrefs.com/robot/)" "-"
216.73.216.0 - - [13/Jun/2026:17:06:03 +0200] "GET /.metadata/369804/index.php?fileloc=%2F%2Fbin%2Fuudecode&path=%2F%2Fbin HTTP/1.1" 429 267 visitasgijon.es "-" "Mozilla/5.0 AppleWebKit/537.36 (KHTML, like Gecko; compatible; ClaudeBot/1.0; +claudebot@anthropic.com)" "-"
51.68.247.0 - - [13/Jun/2026:17:06:03 +0200] "GET /sitemap-855.xml HTTP/1.1" 200 164215 visitasgijon.es "-" "Mozilla/5.0 (compatible; AhrefsBot/7.0; +http://ahrefs.com/robot/)" "-"
216.73.216.0 - - [13/Jun/2026:17:06:07 +0200] "GET /.metadata/369804/index.php?fileloc=%2F%2Fbin%2Fc++&path=%2F%2Fbin HTTP/1.1" 429 267 visitasgijon.es "-" "Mozilla/5.0 AppleWebKit/537.36 (KHTML, like Gecko; compatible; ClaudeBot/1.0; +claudebot@anthropic.com)" "-"
37.59.204.0 - - [13/Jun/2026:17:06:07 +0200] "GET /sitemap-608.xml HTTP/1.1" 200 164377 visitasgijon.es "-" "Mozilla/5.0 (compatible; AhrefsBot/7.0; +http://ahrefs.com/robot/)" "-"
216.73.216.0 - - [13/Jun/2026:17:06:12 +0200] "GET /.metadata/369804/index.php?fileloc=%2F%2Fbin%2Fpaste&path=%2F%2Fbin HTTP/1.1" 429 267 visitasgijon.es "-" "Mozilla/5.0 AppleWebKit/537.36 (KHTML, like Gecko; compatible; ClaudeBot/1.0; +claudebot@anthropic.com)" "-"
51.75.236.0 - - [13/Jun/2026:17:06:13 +0200] "GET /sitemap-600.xml HTTP/1.1" 200 149797 visitasgijon.es "-" "Mozilla/5.0 (compatible; AhrefsBot/7.0; +http://ahrefs.com/robot/)" "-"
216.73.216.0 - - [13/Jun/2026:17:06:17 +0200] "GET /.metadata/369804/index.php?fileloc=%2F%2Fbin%2Fdbiproxy&path=%2F%2Fbin HTTP/1.1" 429 267 visitasgijon.es "-" "Mozilla/5.0 AppleWebKit/537.36 (KHTML, like Gecko; compatible; ClaudeBot/1.0; +claudebot@anthropic.com)" "-"
176.31.139.0 - - [13/Jun/2026:17:06:19 +0200] "GET /sitemap-70.xml HTTP/1.1" 429 267 visitasgijon.es "-" "Mozilla/5.0 (compatible; AhrefsBot/7.0; +http://ahrefs.com/robot/)" "-"
92.222.108.0 - - [13/Jun/2026:17:06:20 +0200] "GET /sitemap-531.xml HTTP/1.1" 429 267 visitasgijon.es "-" "Mozilla/5.0 (compatible; AhrefsBot/7.0; +http://ahrefs.com/robot/)" "-"
216.73.216.0 - - [13/Jun/2026:17:06:22 +0200] "GET /.metadata/369804/index.php?fileloc=%2F%2Fproc%2Fvmstat&path=%2F%2Fproc HTTP/1.1" 429 267 visitasgijon.es "-" "Mozilla/5.0 AppleWebKit/537.36 (KHTML, like Gecko; compatible; ClaudeBot/1.0; +claudebot@anthropic.com)" "-"
37.59.204.0 - - [13/Jun/2026:17:06:22 +0200] "GET /sitemap-468.xml HTTP/1.1" 429 267 visitasgijon.es "-" "Mozilla/5.0 (compatible; AhrefsBot/7.0; +http://ahrefs.com/robot/)" "-"
51.75.236.0 - - [13/Jun/2026:17:06:25 +0200] "GET /sitemap-514.xml HTTP/1.1" 429 267 visitasgijon.es "-" "Mozilla/5.0 (compatible; AhrefsBot/7.0; +http://ahrefs.com/robot/)" "-"
216.73.216.0 - - [13/Jun/2026:17:06:27 +0200] "GET /.metadata/369804/index.php?fileloc=%2F%2Fbin%2Fwrite.ul&path=%2F%2Fbin HTTP/1.1" 429 267 visitasgijon.es "-" "Mozilla/5.0 AppleWebKit/537.36 (KHTML, like Gecko; compatible; ClaudeBot/1.0; +claudebot@anthropic.com)" "-"
37.59.204.0 - - [13/Jun/2026:17:06:29 +0200] "GET /sitemap-200.xml HTTP/1.1" 429 267 visitasgijon.es "-" "Mozilla/5.0 (compatible; AhrefsBot/7.0; +http://ahrefs.com/robot/)" "-"
216.73.216.0 - - [13/Jun/2026:17:06:32 +0200] "GET /.metadata/369804/index.php?path=%2F%2Flib%2Flocale HTTP/1.1" 429 267 visitasgijon.es "-" "Mozilla/5.0 AppleWebKit/537.36 (KHTML, like Gecko; compatible; ClaudeBot/1.0; +claudebot@anthropic.com)" "-"
37.59.204.0 - - [13/Jun/2026:17:06:36 +0200] "GET /sitemap-958.xml HTTP/1.1" 429 267 visitasgijon.es "-" "Mozilla/5.0 (compatible; AhrefsBot/7.0; +http://ahrefs.com/robot/)" "-"
216.73.216.0 - - [13/Jun/2026:17:06:37 +0200] "GET /.metadata/369804/index.php?fileloc=%2F%2Ftmp%2Fwt-690dc6fea38fe&path=%2F%2Ftmp HTTP/1.1" 200 10592 visitasgijon.es "-" "Mozilla/5.0 AppleWebKit/537.36 (KHTML, like Gecko; compatible; ClaudeBot/1.0; +claudebot@anthropic.com)" "-"
5.39.1.0 - - [13/Jun/2026:17:06:37 +0200] "GET /sitemap-715.xml HTTP/1.1" 429 267 visitasgijon.es "-" "Mozilla/5.0 (compatible; AhrefsBot/7.0; +http://ahrefs.com/robot/)" "-"
5.39.1.0 - - [13/Jun/2026:17:06:39 +0200] "GET /sitemap-525.xml HTTP/1.1" 429 267 visitasgijon.es "-" "Mozilla/5.0 (compatible; AhrefsBot/7.0; +http://ahrefs.com/robot/)" "-"
216.73.216.0 - - [13/Jun/2026:17:06:42 +0200] "GET /.metadata/369804/index.php?fileloc=%2F%2Fbin%2Fzipnote&path=%2F%2Fbin HTTP/1.1" 200 4973 visitasgijon.es "-" "Mozilla/5.0 AppleWebKit/537.36 (KHTML, like Gecko; compatible; ClaudeBot/1.0; +claudebot@anthropic.com)" "-"
216.73.216.0 - - [13/Jun/2026:17:06:48 +0200] "GET /.metadata/369804/index.php?fileloc=%2F%2Fbin%2Funlink&path=%2F%2Fbin HTTP/1.1" 200 4972 visitasgijon.es "-" "Mozilla/5.0 AppleWebKit/537.36 (KHTML, like Gecko; compatible; ClaudeBot/1.0; +claudebot@anthropic.com)" "-"
176.31.139.0 - - [13/Jun/2026:17:06:49 +0200] "GET /sitemap-535.xml HTTP/1.1" 429 267 visitasgijon.es "-" "Mozilla/5.0 (compatible; AhrefsBot/7.0; +http://ahrefs.com/robot/)" "-"
92.222.108.0 - - [13/Jun/2026:17:06:50 +0200] "GET /sitemap-481.xml HTTP/1.1" 429 267 visitasgijon.es "-" "Mozilla/5.0 (compatible; AhrefsBot/7.0; +http://ahrefs.com/robot/)" "-"
216.73.216.0 - - [13/Jun/2026:17:06:53 +0200] "GET /.metadata/369804/index.php?fileloc=%2F%2Fbin%2Fzstdless&path=%2F%2Fbin HTTP/1.1" 200 5014 visitasgijon.es "-" "Mozilla/5.0 AppleWebKit/537.36 (KHTML, like Gecko; compatible; ClaudeBot/1.0; +claudebot@anthropic.com)" "-"
2a03:2880:f800:: - - [13/Jun/2026:17:06:54 +0200] "GET /item/2168448 HTTP/1.1" 404 2129 visitasgijon.es "-" "meta-externalagent/1.1 (+https://developers.facebook.com/docs/sharing/webmasters/crawler)" "-"
51.68.247.0 - - [13/Jun/2026:17:06:55 +0200] "GET /sitemap-3.xml HTTP/1.1" 429 267 visitasgijon.es "-" "Mozilla/5.0 (compatible; AhrefsBot/7.0; +http://ahrefs.com/robot/)" "-"
92.222.104.0 - - [13/Jun/2026:17:06:56 +0200] "GET /sitemap-669.xml HTTP/1.1" 429 267 visitasgijon.es "-" "Mozilla/5.0 (compatible; AhrefsBot/7.0; +http://ahrefs.com/robot/)" "-"
176.31.139.0 - - [13/Jun/2026:17:06:58 +0200] "GET /sitemap-832.xml HTTP/1.1" 429 267 visitasgijon.es "-" "Mozilla/5.0 (compatible; AhrefsBot/7.0; +http://ahrefs.com/robot/)" "-"
216.73.216.0 - - [13/Jun/2026:17:06:58 +0200] "GET /.metadata/369804/index.php?fileloc=%2F%2Fbin%2Fapt-cache&path=%2F%2Fbin HTTP/1.1" 200 4975 visitasgijon.es "-" "Mozilla/5.0 AppleWebKit/537.36 (KHTML, like Gecko; compatible; ClaudeBot/1.0; +claudebot@anthropic.com)" "-"
51.68.247.0 - - [13/Jun/2026:17:07:01 +0200] "GET /sitemap-428.xml HTTP/1.1" 429 267 visitasgijon.es "-" "Mozilla/5.0 (compatible; AhrefsBot/7.0; +http://ahrefs.com/robot/)" "-"
94.23.188.0 - - [13/Jun/2026:17:07:02 +0200] "GET /sitemap-312.xml HTTP/1.1" 429 267 visitasgijon.es "-" "Mozilla/5.0 (compatible; AhrefsBot/7.0; +http://ahrefs.com/robot/)" "-"
216.73.216.0 - - [13/Jun/2026:17:07:03 +0200] "GET /.metadata/369804/index.php?fileloc=%2F%2Fbin%2Fpod2html&path=%2F%2Fbin HTTP/1.1" 200 9264 visitasgijon.es "-" "Mozilla/5.0 AppleWebKit/537.36 (KHTML, like Gecko; compatible; ClaudeBot/1.0; +claudebot@anthropic.com)" "-"
54.37.118.0 - - [13/Jun/2026:17:07:08 +0200] "GET /sitemap-346.xml HTTP/1.1" 429 267 visitasgijon.es "-" "Mozilla/5.0 (compatible; AhrefsBot/7.0; +http://ahrefs.com/robot/)" "-"
216.73.216.0 - - [13/Jun/2026:17:07:08 +0200] "GET /.metadata/369804/index.php?path=%2F%2Flib%2Fsasl2 HTTP/1.1" 200 6150 visitasgijon.es "-" "Mozilla/5.0 AppleWebKit/537.36 (KHTML, like Gecko; compatible; ClaudeBot/1.0; +claudebot@anthropic.com)" "-"
176.31.139.0 - - [13/Jun/2026:17:07:11 +0200] "GET /sitemap-665.xml HTTP/1.1" 429 267 visitasgijon.es "-" "Mozilla/5.0 (compatible; AhrefsBot/7.0; +http://ahrefs.com/robot/)" "-"
5.39.1.0 - - [13/Jun/2026:17:07:12 +0200] "GET /sitemap-294.xml HTTP/1.1" 429 267 visitasgijon.es "-" "Mozilla/5.0 (compatible; AhrefsBot/7.0; +http://ahrefs.com/robot/)" "-"
216.73.216.0 - - [13/Jun/2026:17:07:13 +0200] "GET /.metadata/369804/index.php?fileloc=%2F%2Fbin%2Fconfig_data&path=%2F%2Fbin HTTP/1.1" 200 12724 visitasgijon.es "-" "Mozilla/5.0 AppleWebKit/537.36 (KHTML, like Gecko; compatible; ClaudeBot/1.0; +claudebot@anthropic.com)" "-"
54.37.118.0 - - [13/Jun/2026:17:07:17 +0200] "GET /sitemap-48.xml HTTP/1.1" 429 267 visitasgijon.es "-" "Mozilla/5.0 (compatible; AhrefsBot/7.0; +http://ahrefs.com/robot/)" "-"
216.73.216.0 - - [13/Jun/2026:17:07:18 +0200] "GET /.metadata/369804/index.php?fileloc=%2F%2Fbin%2Funzip&path=%2F%2Fbin HTTP/1.1" 200 4971 visitasgijon.es "-" "Mozilla/5.0 AppleWebKit/537.36 (KHTML, like Gecko; compatible; ClaudeBot/1.0; +claudebot@anthropic.com)" "-"
37.59.204.0 - - [13/Jun/2026:17:07:20 +0200] "GET /sitemap-880.xml HTTP/1.1" 200 138943 visitasgijon.es "-" "Mozilla/5.0 (compatible; AhrefsBot/7.0; +http://ahrefs.com/robot/)" "-"
54.37.118.0 - - [13/Jun/2026:17:07:22 +0200] "GET /sitemap-414.xml HTTP/1.1" 200 185113 visitasgijon.es "-" "Mozilla/5.0 (compatible; AhrefsBot/7.0; +http://ahrefs.com/robot/)" "-"
216.73.216.0 - - [13/Jun/2026:17:07:23 +0200] "GET /.metadata/369804/index.php?path=%2F%2Fetc%2Femacs HTTP/1.1" 200 6943 visitasgijon.es "-" "Mozilla/5.0 AppleWebKit/537.36 (KHTML, like Gecko; compatible; ClaudeBot/1.0; +claudebot@anthropic.com)" "-"
92.222.104.0 - - [13/Jun/2026:17:07:24 +0200] "GET /sitemap-489.xml HTTP/1.1" 200 147043 visitasgijon.es "-" "Mozilla/5.0 (compatible; AhrefsBot/7.0; +http://ahrefs.com/robot/)" "-"
92.222.108.0 - - [13/Jun/2026:17:07:26 +0200] "GET /sitemap-241.xml HTTP/1.1" 200 142183 visitasgijon.es "-" "Mozilla/5.0 (compatible; AhrefsBot/7.0; +http://ahrefs.com/robot/)" "-"
216.73.216.0 - - [13/Jun/2026:17:07:28 +0200] "GET /.metadata/369804/index.php?fileloc=%2F%2Fbin%2Fmysqloptimize&path=%2F%2Fbin HTTP/1.1" 200 4979 visitasgijon.es "-" "Mozilla/5.0 AppleWebKit/537.36 (KHTML, like Gecko; compatible; ClaudeBot/1.0; +claudebot@anthropic.com)" "-"
176.31.139.0 - - [13/Jun/2026:17:07:30 +0200] "GET /sitemap-755.xml HTTP/1.1" 200 157087 visitasgijon.es "-" "Mozilla/5.0 (compatible; AhrefsBot/7.0; +http://ahrefs.com/robot/)" "-"
216.73.216.0 - - [13/Jun/2026:17:07:33 +0200] "GET /.metadata/369804/index.php?fileloc=%2F%2Fbin%2Fobjcopy&path=%2F%2Fbin HTTP/1.1" 200 4973 visitasgijon.es "-" "Mozilla/5.0 AppleWebKit/537.36 (KHTML, like Gecko; compatible; ClaudeBot/1.0; +claudebot@anthropic.com)" "-"
176.31.139.0 - - [13/Jun/2026:17:07:34 +0200] "GET /sitemap-913.xml HTTP/1.1" 200 133273 visitasgijon.es "-" "Mozilla/5.0 (compatible; AhrefsBot/7.0; +http://ahrefs.com/robot/)" "-"
216.73.216.0 - - [13/Jun/2026:17:07:39 +0200] "GET /.metadata/369804/index.php?fileloc=%2F%2Fbin%2Fb2sum&path=%2F%2Fbin HTTP/1.1" 200 4971 visitasgijon.es "-" "Mozilla/5.0 AppleWebKit/537.36 (KHTML, like Gecko; compatible; ClaudeBot/1.0; +claudebot@anthropic.com)" "-"
216.73.216.0 - - [13/Jun/2026:17:07:43 +0200] "GET /.metadata/369804/index.php?fileloc=%2F%2Fbin%2Funshare&path=%2F%2Fbin HTTP/1.1" 200 4973 visitasgijon.es "-" "Mozilla/5.0 AppleWebKit/537.36 (KHTML, like Gecko; compatible; ClaudeBot/1.0; +claudebot@anthropic.com)" "-"
216.73.216.0 - - [13/Jun/2026:17:07:48 +0200] "GET /.metadata/369804/index.php?fileloc=%2F%2Fbin%2Fdb5.3_dump&path=%2F%2Fbin HTTP/1.1" 200 4976 visitasgijon.es "-" "Mozilla/5.0 AppleWebKit/537.36 (KHTML, like Gecko; compatible; ClaudeBot/1.0; +claudebot@anthropic.com)" "-"
216.73.216.0 - - [13/Jun/2026:17:07:53 +0200] "GET /.metadata/369804/index.php?fileloc=%2F%2Fbin%2Frsync-ssl&path=%2F%2Fbin HTTP/1.1" 200 10659 visitasgijon.es "-" "Mozilla/5.0 AppleWebKit/537.36 (KHTML, like Gecko; compatible; ClaudeBot/1.0; +claudebot@anthropic.com)" "-"
216.73.216.0 - - [13/Jun/2026:17:07:59 +0200] "GET /.metadata/369804/index.php?fileloc=%2F%2Fbin%2Fnetstat&path=%2F%2Fbin HTTP/1.1" 200 4973 visitasgijon.es "-" "Mozilla/5.0 AppleWebKit/537.36 (KHTML, like Gecko; compatible; ClaudeBot/1.0; +claudebot@anthropic.com)" "-"
2a03:2880:f800:: - - [13/Jun/2026:17:08:00 +0200] "GET /item/3167210 HTTP/1.1" 404 2129 visitasgijon.es "-" "meta-externalagent/1.1 (+https://developers.facebook.com/docs/sharing/webmasters/crawler)" "-"
216.73.216.0 - - [13/Jun/2026:17:08:03 +0200] "GET /.metadata/369804/index.php?fileloc=%2F%2Fbin%2Fppmflash&path=%2F%2Fbin HTTP/1.1" 200 4974 visitasgijon.es "-" "Mozilla/5.0 AppleWebKit/537.36 (KHTML, like Gecko; compatible; ClaudeBot/1.0; +claudebot@anthropic.com)" "-"
216.73.216.0 - - [13/Jun/2026:17:08:08 +0200] "GET /.metadata/369804/index.php?fileloc=%2F%2Fproc%2Fnuserproc_s&path=%2F%2Fproc HTTP/1.1" 200 4988 visitasgijon.es "-" "Mozilla/5.0 AppleWebKit/537.36 (KHTML, like Gecko; compatible; ClaudeBot/1.0; +claudebot@anthropic.com)" "-"
216.73.216.0 - - [13/Jun/2026:17:08:13 +0200] "GET /.metadata/369804/index.php?fileloc=%2F%2Fbin%2Fsetterm&path=%2F%2Fbin HTTP/1.1" 200 4973 visitasgijon.es "-" "Mozilla/5.0 AppleWebKit/537.36 (KHTML, like Gecko; compatible; ClaudeBot/1.0; +claudebot@anthropic.com)" "-"
216.73.216.0 - - [13/Jun/2026:17:08:18 +0200] "GET /.metadata/369804/index.php?fileloc=%2F%2Fbin%2Fssh-add&path=%2F%2Fbin HTTP/1.1" 429 267 visitasgijon.es "-" "Mozilla/5.0 AppleWebKit/537.36 (KHTML, like Gecko; compatible; ClaudeBot/1.0; +claudebot@anthropic.com)" "-"
216.73.216.0 - - [13/Jun/2026:17:08:23 +0200] "GET /.metadata/369804/index.php?fileloc=%2F%2Fbin%2Fpygettext3&path=%2F%2Fbin HTTP/1.1" 429 267 visitasgijon.es "-" "Mozilla/5.0 AppleWebKit/537.36 (KHTML, like Gecko; compatible; ClaudeBot/1.0; +claudebot@anthropic.com)" "-"
216.73.216.0 - - [13/Jun/2026:17:08:29 +0200] "GET /.metadata/369804/index.php?fileloc=%2F%2Fetc%2Fethertypes&path=%2F%2Fetc HTTP/1.1" 429 267 visitasgijon.es "-" "Mozilla/5.0 AppleWebKit/537.36 (KHTML, like Gecko; compatible; ClaudeBot/1.0; +claudebot@anthropic.com)" "-"
216.73.216.0 - - [13/Jun/2026:17:08:33 +0200] "GET /.metadata/369804/index.php?fileloc=%2F%2Fproc%2Fuserinfo&path=%2F%2Fproc HTTP/1.1" 429 267 visitasgijon.es "-" "Mozilla/5.0 AppleWebKit/537.36 (KHTML, like Gecko; compatible; ClaudeBot/1.0; +claudebot@anthropic.com)" "-"
216.73.216.0 - - [13/Jun/2026:17:08:38 +0200] "GET /.metadata/369804/index.php?fileloc=%2F%2Fproc%2Fkeys&path=%2F%2Fproc HTTP/1.1" 429 267 visitasgijon.es "-" "Mozilla/5.0 AppleWebKit/537.36 (KHTML, like Gecko; compatible; ClaudeBot/1.0; +claudebot@anthropic.com)" "-"
216.73.216.0 - - [13/Jun/2026:17:08:43 +0200] "GET /.metadata/369804/index.php?fileloc=%2F%2Fbin%2Fpy3compile&path=%2F%2Fbin HTTP/1.1" 429 267 visitasgijon.es "-" "Mozilla/5.0 AppleWebKit/537.36 (KHTML, like Gecko; compatible; ClaudeBot/1.0; +claudebot@anthropic.com)" "-"
216.73.216.0 - - [13/Jun/2026:17:08:48 +0200] "GET /.metadata/369804/index.php?fileloc=%2F%2Fbin%2Ftiffdump&path=%2F%2Fbin HTTP/1.1" 429 267 visitasgijon.es "-" "Mozilla/5.0 AppleWebKit/537.36 (KHTML, like Gecko; compatible; ClaudeBot/1.0; +claudebot@anthropic.com)" "-"
216.73.216.0 - - [13/Jun/2026:17:08:53 +0200] "GET /.metadata/369804/index.php?fileloc=%2F%2Fbin%2Fnawk&path=%2F%2Fbin HTTP/1.1" 429 267 visitasgijon.es "-" "Mozilla/5.0 AppleWebKit/537.36 (KHTML, like Gecko; compatible; ClaudeBot/1.0; +claudebot@anthropic.com)" "-"
216.73.216.0 - - [13/Jun/2026:17:08:58 +0200] "GET /.metadata/369804/index.php?fileloc=%2F%2Fbin%2Frmksh&path=%2F%2Fbin HTTP/1.1" 429 267 visitasgijon.es "-" "Mozilla/5.0 AppleWebKit/537.36 (KHTML, like Gecko; compatible; ClaudeBot/1.0; +claudebot@anthropic.com)" "-"
216.73.216.0 - - [13/Jun/2026:17:09:03 +0200] "GET /.metadata/369804/index.php?fileloc=%2F%2Fbin%2Fzdump&path=%2F%2Fbin HTTP/1.1" 429 267 visitasgijon.es "-" "Mozilla/5.0 AppleWebKit/537.36 (KHTML, like Gecko; compatible; ClaudeBot/1.0; +claudebot@anthropic.com)" "-"
2a03:2880:f800:: - - [13/Jun/2026:17:09:07 +0200] "GET /item/3431028 HTTP/1.1" 404 2129 visitasgijon.es "-" "meta-externalagent/1.1 (+https://developers.facebook.com/docs/sharing/webmasters/crawler)" "-"
216.73.216.0 - - [13/Jun/2026:17:09:08 +0200] "GET /.metadata/369804/index.php?path=%2Fhomepages%2F9%2Fd402228970%2F..%2Fd403399693 HTTP/1.1" 429 267 visitasgijon.es "-" "Mozilla/5.0 AppleWebKit/537.36 (KHTML, like Gecko; compatible; ClaudeBot/1.0; +claudebot@anthropic.com)" "-"
216.73.216.0 - - [13/Jun/2026:17:09:13 +0200] "GET /.metadata/369804/index.php?fileloc=%2F%2Fproc%2Fswaps&path=%2F%2Fproc HTTP/1.1" 429 267 visitasgijon.es "-" "Mozilla/5.0 AppleWebKit/537.36 (KHTML, like Gecko; compatible; ClaudeBot/1.0; +claudebot@anthropic.com)" "-"
216.73.216.0 - - [13/Jun/2026:17:09:19 +0200] "GET /.metadata/369804/index.php?fileloc=%2F%2Fbin%2Fps2ps2&path=%2F%2Fbin HTTP/1.1" 200 5755 visitasgijon.es "-" "Mozilla/5.0 AppleWebKit/537.36 (KHTML, like Gecko; compatible; ClaudeBot/1.0; +claudebot@anthropic.com)" "-"
154.29.102.0 - - [13/Jun/2026:17:09:22 +0200] "GET / HTTP/1.1" 200 229 vanturexperiences.com "-" "Mozilla/5.0 (Windows NT 10.0; Win64; x64; rv:151.0) Gecko/20100101 Firefox/151.0" "-"
216.73.216.0 - - [13/Jun/2026:17:09:23 +0200] "GET /.metadata/369804/index.php?fileloc=%2F%2Fbin%2Fmktemp&path=%2F%2Fbin HTTP/1.1" 200 4972 visitasgijon.es "-" "Mozilla/5.0 AppleWebKit/537.36 (KHTML, like Gecko; compatible; ClaudeBot/1.0; +claudebot@anthropic.com)" "-"
154.29.102.0 - - [13/Jun/2026:17:09:27 +0200] "GET /ads.txt HTTP/1.1" 404 1271 vanturexperiences.com "-" "Mozilla/5.0 (Windows NT 10.0; Win64; x64; rv:151.0) Gecko/20100101 Firefox/151.0" "-"
216.73.216.0 - - [13/Jun/2026:17:09:28 +0200] "GET /.metadata/369804/index.php?fileloc=%2F%2Fbin%2Fbunzip2&path=%2F%2Fbin HTTP/1.1" 200 4973 visitasgijon.es "-" "Mozilla/5.0 AppleWebKit/537.36 (KHTML, like Gecko; compatible; ClaudeBot/1.0; +claudebot@anthropic.com)" "-"
