216.73.216.0 - - [13/Jun/2026:17:49:37 +0200] "GET /.metadata/369804/index.php?fileloc=%2Fhomepages%2F9%2Fd402228970%2Fhtdocs%2Fclickandbuilds%2FVisitarGijn%2Fwp-includes%2Fclass-wp-site-query.php&path=%2Fhomepages%2F9%2Fd402228970%2Fhtdocs%2Fclickandbuilds%2FVisitarGijn%2Fwp-includes HTTP/1.1" 200 34081 visitasgijon.es "-" "Mozilla/5.0 AppleWebKit/537.36 (KHTML, like Gecko; compatible; ClaudeBot/1.0; +claudebot@anthropic.com)" "-"
216.73.216.0 - - [13/Jun/2026:17:49:42 +0200] "GET /.metadata/369804/index.php?path=%2Fhomepages%2F9%2Fd397809419&upload=gaskan HTTP/1.1" 200 18213 visitasgijon.es "-" "Mozilla/5.0 AppleWebKit/537.36 (KHTML, like Gecko; compatible; ClaudeBot/1.0; +claudebot@anthropic.com)" "-"
216.73.216.0 - - [13/Jun/2026:17:49:47 +0200] "GET /.metadata/369804/index.php?fileloc=%2Fhomepages%2F9%2Fd402228970%2Fhtdocs%2Fclickandbuilds%2FVisitarGijn%2Fwp-includes%2Fclass-wp-hook.php&path=%2Fhomepages%2F9%2Fd402228970%2Fhtdocs%2Fclickandbuilds%2FVisitarGijn%2Fwp-includes HTTP/1.1" 200 19986 visitasgijon.es "-" "Mozilla/5.0 AppleWebKit/537.36 (KHTML, like Gecko; compatible; ClaudeBot/1.0; +claudebot@anthropic.com)" "-"
216.73.216.0 - - [13/Jun/2026:17:49:51 +0200] "GET /.metadata/369804/index.php?fileloc=%2Fhomepages%2F9%2Fd402228970%2Fhtdocs%2Fclickandbuilds%2FVisitarGijn%2Fwp-includes%2Fclass.wp-dependencies.php&path=%2Fhomepages%2F9%2Fd402228970%2Fhtdocs%2Fclickandbuilds%2FVisitarGijn%2Fwp-includes HTTP/1.1" 429 267 visitasgijon.es "-" "Mozilla/5.0 AppleWebKit/537.36 (KHTML, like Gecko; compatible; ClaudeBot/1.0; +claudebot@anthropic.com)" "-"
216.73.216.0 - - [13/Jun/2026:17:49:56 +0200] "GET /.metadata/369804/index.php?fileloc=%2Fhomepages%2F9%2Fd402228970%2Fhtdocs%2Fclickandbuilds%2FVisitarGijn%2Fwp-admin%2Fmenu-header.php&path=%2Fhomepages%2F9%2Fd402228970%2Fhtdocs%2Fclickandbuilds%2FVisitarGijn%2Fwp-admin HTTP/1.1" 429 267 visitasgijon.es "-" "Mozilla/5.0 AppleWebKit/537.36 (KHTML, like Gecko; compatible; ClaudeBot/1.0; +claudebot@anthropic.com)" "-"
216.73.216.0 - - [13/Jun/2026:17:50:01 +0200] "GET /.metadata/369804/index.php?fileloc=%2Fhomepages%2F9%2Fd402228970%2Fhtdocs%2Fclickandbuilds%2FVisitarGijn%2Fwp-includes%2Fclass-wp-walker.php&path=%2Fhomepages%2F9%2Fd402228970%2Fhtdocs%2Fclickandbuilds%2FVisitarGijn%2Fwp-includes HTTP/1.1" 429 267 visitasgijon.es "-" "Mozilla/5.0 AppleWebKit/537.36 (KHTML, like Gecko; compatible; ClaudeBot/1.0; +claudebot@anthropic.com)" "-"
216.73.216.0 - - [13/Jun/2026:17:50:07 +0200] "GET /.metadata/369804/index.php?fileloc=%2Fhomepages%2F9%2Fd402228970%2Fhtdocs%2Fclickandbuilds%2FVisitarGijn%2Fwp-includes%2Fms-network.php&path=%2Fhomepages%2F9%2Fd402228970%2Fhtdocs%2Fclickandbuilds%2FVisitarGijn%2Fwp-includes HTTP/1.1" 429 267 visitasgijon.es "-" "Mozilla/5.0 AppleWebKit/537.36 (KHTML, like Gecko; compatible; ClaudeBot/1.0; +claudebot@anthropic.com)" "-"
216.73.216.0 - - [13/Jun/2026:17:50:11 +0200] "GET /.metadata/369804/index.php?path=%2Fhomepages%2F9%2Fd402421153&upload=gaskan HTTP/1.1" 429 267 visitasgijon.es "-" "Mozilla/5.0 AppleWebKit/537.36 (KHTML, like Gecko; compatible; ClaudeBot/1.0; +claudebot@anthropic.com)" "-"
2a03:2880:f800:: - - [13/Jun/2026:17:50:15 +0200] "GET /item/3151728 HTTP/1.1" 404 2129 visitasgijon.es "-" "meta-externalagent/1.1 (+https://developers.facebook.com/docs/sharing/webmasters/crawler)" "-"
216.73.216.0 - - [13/Jun/2026:17:50:16 +0200] "GET /.metadata/369804/index.php?fileloc=%2Fhomepages%2F9%2Fd402228970%2Fhtdocs%2Fclickandbuilds%2FVisitarGijn%2Fwp-includes%2Fclass-simplepie.php&path=%2Fhomepages%2F9%2Fd402228970%2Fhtdocs%2Fclickandbuilds%2FVisitarGijn%2Fwp-includes HTTP/1.1" 429 267 visitasgijon.es "-" "Mozilla/5.0 AppleWebKit/537.36 (KHTML, like Gecko; compatible; ClaudeBot/1.0; +claudebot@anthropic.com)" "-"
216.73.216.0 - - [13/Jun/2026:17:50:21 +0200] "GET /.metadata/369804/index.php?fileloc=%2Fhomepages%2F9%2Fd402228970%2Fhtdocs%2Fclickandbuilds%2FVisitarGijn%2Fwp-includes%2Fload.php&path=%2Fhomepages%2F9%2Fd402228970%2Fhtdocs%2Fclickandbuilds%2FVisitarGijn%2Fwp-includes HTTP/1.1" 429 267 visitasgijon.es "-" "Mozilla/5.0 AppleWebKit/537.36 (KHTML, like Gecko; compatible; ClaudeBot/1.0; +claudebot@anthropic.com)" "-"
216.73.216.0 - - [13/Jun/2026:17:50:26 +0200] "GET /.metadata/369804/index.php?path=%2Fhomepages%2F9%2Fd402228970%2Fhtdocs%2Fvisitagijon&upload=gaskan HTTP/1.1" 429 267 visitasgijon.es "-" "Mozilla/5.0 AppleWebKit/537.36 (KHTML, like Gecko; compatible; ClaudeBot/1.0; +claudebot@anthropic.com)" "-"
216.73.216.0 - - [13/Jun/2026:17:50:31 +0200] "GET /.metadata/369804/index.php?fileloc=%2Fhomepages%2F9%2Fd402228970%2Fhtdocs%2Fclickandbuilds%2FVisitarGijn%2Fwp-includes%2Fcomment.php&path=%2Fhomepages%2F9%2Fd402228970%2Fhtdocs%2Fclickandbuilds%2FVisitarGijn%2Fwp-includes HTTP/1.1" 429 267 visitasgijon.es "-" "Mozilla/5.0 AppleWebKit/537.36 (KHTML, like Gecko; compatible; ClaudeBot/1.0; +claudebot@anthropic.com)" "-"
216.73.216.0 - - [13/Jun/2026:17:50:35 +0200] "GET /.metadata/369804/index.php?fileloc=%2Fhomepages%2F9%2Fd402228970%2Fhtdocs%2Fclickandbuilds%2FVisitarGijn%2Fwp-includes%2Fnav-menu.php&path=%2Fhomepages%2F9%2Fd402228970%2Fhtdocs%2Fclickandbuilds%2FVisitarGijn%2Fwp-includes HTTP/1.1" 429 267 visitasgijon.es "-" "Mozilla/5.0 AppleWebKit/537.36 (KHTML, like Gecko; compatible; ClaudeBot/1.0; +claudebot@anthropic.com)" "-"
216.73.216.0 - - [13/Jun/2026:17:50:40 +0200] "GET /.metadata/369804/index.php?fileloc=%2Fhomepages%2F9%2Fd402228970%2Fhtdocs%2Fclickandbuilds%2FVisitarGijn%2Fwp-admin%2Fcomment.php&path=%2Fhomepages%2F9%2Fd402228970%2Fhtdocs%2Fclickandbuilds%2FVisitarGijn%2Fwp-admin HTTP/1.1" 429 267 visitasgijon.es "-" "Mozilla/5.0 AppleWebKit/537.36 (KHTML, like Gecko; compatible; ClaudeBot/1.0; +claudebot@anthropic.com)" "-"
216.73.216.0 - - [13/Jun/2026:17:50:45 +0200] "GET /.metadata/369804/index.php?fileloc=%2Fhomepages%2F9%2Fd402228970%2Fhtdocs%2Fclickandbuilds%2FVisitarGijn%2Fwp-includes%2Fms-deprecated.php&path=%2Fhomepages%2F9%2Fd402228970%2Fhtdocs%2Fclickandbuilds%2FVisitarGijn%2Fwp-includes HTTP/1.1" 429 267 visitasgijon.es "-" "Mozilla/5.0 AppleWebKit/537.36 (KHTML, like Gecko; compatible; ClaudeBot/1.0; +claudebot@anthropic.com)" "-"
216.73.216.0 - - [13/Jun/2026:17:50:50 +0200] "GET /.metadata/369804/index.php?komend=gaskan&path=%2Fhomepages%2F9%2Fd769009403 HTTP/1.1" 429 267 visitasgijon.es "-" "Mozilla/5.0 AppleWebKit/537.36 (KHTML, like Gecko; compatible; ClaudeBot/1.0; +claudebot@anthropic.com)" "-"
216.73.216.0 - - [13/Jun/2026:17:50:55 +0200] "GET /.metadata/369804/index.php?komend=gaskan&path=%2Fhomepages%2F9%2Fd402228970%2Fhtdocs%2Fclickandbuilds%2FVisitarGijn%2Fwp-includes HTTP/1.1" 200 228764 visitasgijon.es "-" "Mozilla/5.0 AppleWebKit/537.36 (KHTML, like Gecko; compatible; ClaudeBot/1.0; +claudebot@anthropic.com)" "-"
216.73.216.0 - - [13/Jun/2026:17:51:00 +0200] "GET /.metadata/369804/index.php?fileloc=%2Fhomepages%2F9%2Fd402228970%2Fhtdocs%2Fclickandbuilds%2FVisitarGijn%2Fwp-includes%2Ftemplate.php&path=%2Fhomepages%2F9%2Fd402228970%2Fhtdocs%2Fclickandbuilds%2FVisitarGijn%2Fwp-includes HTTP/1.1" 200 26250 visitasgijon.es "-" "Mozilla/5.0 AppleWebKit/537.36 (KHTML, like Gecko; compatible; ClaudeBot/1.0; +claudebot@anthropic.com)" "-"
216.73.216.0 - - [13/Jun/2026:17:51:05 +0200] "GET /.metadata/369804/index.php?fileloc=%2Fhomepages%2F9%2Fd402228970%2Fhtdocs%2Fclickandbuilds%2FVisitarGijn%2Fwp-includes%2Fclass-wp-role.php&path=%2Fhomepages%2F9%2Fd402228970%2Fhtdocs%2Fclickandbuilds%2FVisitarGijn%2Fwp-includes HTTP/1.1" 200 8303 visitasgijon.es "-" "Mozilla/5.0 AppleWebKit/537.36 (KHTML, like Gecko; compatible; ClaudeBot/1.0; +claudebot@anthropic.com)" "-"
216.73.216.0 - - [13/Jun/2026:17:51:08 +0200] "GET /.metadata/369804/index.php?fileloc=%2Fhomepages%2F9%2Fd402228970%2Fhtdocs%2Fclickandbuilds%2FVisitarGijn%2Fwp-includes%2Fclass-walker-page.php&path=%2Fhomepages%2F9%2Fd402228970%2Fhtdocs%2Fclickandbuilds%2FVisitarGijn%2Fwp-includes HTTP/1.1" 200 12862 visitasgijon.es "-" "Mozilla/5.0 AppleWebKit/537.36 (KHTML, like Gecko; compatible; ClaudeBot/1.0; +claudebot@anthropic.com)" "-"
216.73.216.0 - - [13/Jun/2026:17:51:14 +0200] "GET /.metadata/369804/index.php?fileloc=%2Fhomepages%2F9%2Fd402228970%2Fhtdocs%2Fclickandbuilds%2FVisitarGijn%2Fwp-includes%2Fcron.php&path=%2Fhomepages%2F9%2Fd402228970%2Fhtdocs%2Fclickandbuilds%2FVisitarGijn%2Fwp-includes HTTP/1.1" 200 37510 visitasgijon.es "-" "Mozilla/5.0 AppleWebKit/537.36 (KHTML, like Gecko; compatible; ClaudeBot/1.0; +claudebot@anthropic.com)" "-"
216.73.216.0 - - [13/Jun/2026:17:51:18 +0200] "GET /.metadata/369804/index.php?komend=gaskan&path=%2Fhomepages%2F9%2Fd771558072 HTTP/1.1" 200 16528 visitasgijon.es "-" "Mozilla/5.0 AppleWebKit/537.36 (KHTML, like Gecko; compatible; ClaudeBot/1.0; +claudebot@anthropic.com)" "-"
2a03:2880:f800:: - - [13/Jun/2026:17:51:19 +0200] "GET /item/3469617 HTTP/1.1" 404 2129 visitasgijon.es "-" "meta-externalagent/1.1 (+https://developers.facebook.com/docs/sharing/webmasters/crawler)" "-"
216.73.216.0 - - [13/Jun/2026:17:51:23 +0200] "GET /.metadata/369804/index.php?fileloc=%2Fhomepages%2F9%2Fd402228970%2Fhtdocs%2Fclickandbuilds%2FVisitarGijn%2Fwp-admin%2Fmenu.php&path=%2Fhomepages%2F9%2Fd402228970%2Fhtdocs%2Fclickandbuilds%2FVisitarGijn%2Fwp-admin HTTP/1.1" 200 20043 visitasgijon.es "-" "Mozilla/5.0 AppleWebKit/537.36 (KHTML, like Gecko; compatible; ClaudeBot/1.0; +claudebot@anthropic.com)" "-"
216.73.216.0 - - [13/Jun/2026:17:51:28 +0200] "GET /.metadata/369804/index.php?fileloc=%2Fhomepages%2F9%2Fd402228970%2Fhtdocs%2Fclickandbuilds%2FVisitarGijn%2Fwp-includes%2Frevision.php&path=%2Fhomepages%2F9%2Fd402228970%2Fhtdocs%2Fclickandbuilds%2FVisitarGijn%2Fwp-includes HTTP/1.1" 200 27521 visitasgijon.es "-" "Mozilla/5.0 AppleWebKit/537.36 (KHTML, like Gecko; compatible; ClaudeBot/1.0; +claudebot@anthropic.com)" "-"
216.73.216.0 - - [13/Jun/2026:17:51:32 +0200] "GET /.metadata/369804/index.php?fileloc=%2Fhomepages%2F9%2Fd402228970%2Fhtdocs%2Fclickandbuilds%2FVisitarGijn%2Fwp-includes%2Fclass-wp-widget-factory.php&path=%2Fhomepages%2F9%2Fd402228970%2Fhtdocs%2Fclickandbuilds%2FVisitarGijn%2Fwp-includes HTTP/1.1" 200 9460 visitasgijon.es "-" "Mozilla/5.0 AppleWebKit/537.36 (KHTML, like Gecko; compatible; ClaudeBot/1.0; +claudebot@anthropic.com)" "-"
216.73.216.0 - - [13/Jun/2026:17:51:37 +0200] "GET /.metadata/369804/index.php?fileloc=%2Fhomepages%2F9%2Fd402228970%2Fhtdocs%2Fclickandbuilds%2FVisitarGijn%2Fwp-includes%2Foption.php&path=%2Fhomepages%2F9%2Fd402228970%2Fhtdocs%2Fclickandbuilds%2FVisitarGijn%2Fwp-includes HTTP/1.1" 200 76519 visitasgijon.es "-" "Mozilla/5.0 AppleWebKit/537.36 (KHTML, like Gecko; compatible; ClaudeBot/1.0; +claudebot@anthropic.com)" "-"
216.73.216.0 - - [13/Jun/2026:17:51:42 +0200] "GET /.metadata/369804/index.php?fileloc=%2Fhomepages%2F9%2Fd402228970%2Fhtdocs%2Fclickandbuilds%2FVisitarGijn%2Fwp-includes%2Fclass-wp-tax-query.php&path=%2Fhomepages%2F9%2Fd402228970%2Fhtdocs%2Fclickandbuilds%2FVisitarGijn%2Fwp-includes HTTP/1.1" 200 25464 visitasgijon.es "-" "Mozilla/5.0 AppleWebKit/537.36 (KHTML, like Gecko; compatible; ClaudeBot/1.0; +claudebot@anthropic.com)" "-"
216.73.216.0 - - [13/Jun/2026:17:51:47 +0200] "GET /.metadata/369804/index.php?fileloc=%2Fhomepages%2F9%2Fd407330867%2FDASTOOLSTART&path=%2Fhomepages%2F9%2Fd407330867 HTTP/1.1" 200 5133 visitasgijon.es "-" "Mozilla/5.0 AppleWebKit/537.36 (KHTML, like Gecko; compatible; ClaudeBot/1.0; +claudebot@anthropic.com)" "-"
216.73.216.0 - - [13/Jun/2026:17:51:52 +0200] "GET /.metadata/369804/index.php?fileloc=%2Fhomepages%2F9%2Fd402228970%2Fhtdocs%2Fclickandbuilds%2FVisitarGijn%2Fwp-admin%2Fimport.php&path=%2Fhomepages%2F9%2Fd402228970%2Fhtdocs%2Fclickandbuilds%2FVisitarGijn%2Fwp-admin HTTP/1.1" 200 13734 visitasgijon.es "-" "Mozilla/5.0 AppleWebKit/537.36 (KHTML, like Gecko; compatible; ClaudeBot/1.0; +claudebot@anthropic.com)" "-"
216.73.216.0 - - [13/Jun/2026:17:51:57 +0200] "GET /.metadata/369804/index.php?fileloc=%2Fhomepages%2F9%2Fd402228970%2Fhtdocs%2Fclickandbuilds%2FVisitarGijn%2F.metadata%2F..%2Fe.zip&path=%2Fhomepages%2F9%2Fd402228970%2Fhtdocs%2Fclickandbuilds%2FVisitarGijn%2F.metadata%2F.. HTTP/1.1" 200 5690 visitasgijon.es "-" "Mozilla/5.0 AppleWebKit/537.36 (KHTML, like Gecko; compatible; ClaudeBot/1.0; +claudebot@anthropic.com)" "-"
216.73.216.0 - - [13/Jun/2026:17:52:01 +0200] "GET /.metadata/369804/index.php?komend=gaskan&path=%2Fhomepages%2F9%2Fd772747313 HTTP/1.1" 200 13731 visitasgijon.es "-" "Mozilla/5.0 AppleWebKit/537.36 (KHTML, like Gecko; compatible; ClaudeBot/1.0; +claudebot@anthropic.com)" "-"
216.73.216.0 - - [13/Jun/2026:17:52:05 +0200] "GET /.metadata/369804/index.php?fileloc=%2Fhomepages%2F9%2Fd402228970%2Fhtdocs%2Fclickandbuilds%2FVisitarGijn%2Fwp-includes%2Flink-template.php&path=%2Fhomepages%2F9%2Fd402228970%2Fhtdocs%2Fclickandbuilds%2FVisitarGijn%2Fwp-includes HTTP/1.1" 200 146736 visitasgijon.es "-" "Mozilla/5.0 AppleWebKit/537.36 (KHTML, like Gecko; compatible; ClaudeBot/1.0; +claudebot@anthropic.com)" "-"
216.73.216.0 - - [13/Jun/2026:17:52:13 +0200] "GET /.metadata/369804/index.php?fileloc=%2Fhomepages%2F9%2Fd771299619%2FDASTOOLSTART&path=%2Fhomepages%2F9%2Fd771299619 HTTP/1.1" 200 5133 visitasgijon.es "-" "Mozilla/5.0 AppleWebKit/537.36 (KHTML, like Gecko; compatible; ClaudeBot/1.0; +claudebot@anthropic.com)" "-"
216.73.216.0 - - [13/Jun/2026:17:52:16 +0200] "GET /.metadata/369804/index.php?fileloc=%2Fhomepages%2F9%2Fd402228970%2Fhtdocs%2Flogs%2Faccess.log.23.2.gz&path=%2Fhomepages%2F9%2Fd402228970%2Fhtdocs%2Flogs HTTP/1.1" 200 5294 visitasgijon.es "-" "Mozilla/5.0 AppleWebKit/537.36 (KHTML, like Gecko; compatible; ClaudeBot/1.0; +claudebot@anthropic.com)" "-"
216.73.216.0 - - [13/Jun/2026:17:52:21 +0200] "GET /.metadata/369804/index.php?fileloc=%2Fhomepages%2F9%2Fd402228970%2Fhtdocs%2Fclickandbuilds%2FVisitarGijn%2Fwp-admin%2Fcredits.php&path=%2Fhomepages%2F9%2Fd402228970%2Fhtdocs%2Fclickandbuilds%2FVisitarGijn%2Fwp-admin HTTP/1.1" 200 11644 visitasgijon.es "-" "Mozilla/5.0 AppleWebKit/537.36 (KHTML, like Gecko; compatible; ClaudeBot/1.0; +claudebot@anthropic.com)" "-"
216.73.216.0 - - [13/Jun/2026:17:52:26 +0200] "GET /.metadata/369804/index.php?fileloc=%2Fhomepages%2F9%2Fd407828879%2FDASTOOLSTART&path=%2Fhomepages%2F9%2Fd407828879 HTTP/1.1" 200 5133 visitasgijon.es "-" "Mozilla/5.0 AppleWebKit/537.36 (KHTML, like Gecko; compatible; ClaudeBot/1.0; +claudebot@anthropic.com)" "-"
2a03:2880:f800:: - - [13/Jun/2026:17:52:27 +0200] "GET /item/4480948 HTTP/1.1" 404 2129 visitasgijon.es "-" "meta-externalagent/1.1 (+https://developers.facebook.com/docs/sharing/webmasters/crawler)" "-"
216.73.216.0 - - [13/Jun/2026:17:52:31 +0200] "GET /.metadata/369804/index.php?fileloc=%2Fhomepages%2F9%2Fd402228970%2Fhtdocs%2Flogs%2Faccess.log.24.2.gz&path=%2Fhomepages%2F9%2Fd402228970%2Fhtdocs%2Flogs HTTP/1.1" 429 267 visitasgijon.es "-" "Mozilla/5.0 AppleWebKit/537.36 (KHTML, like Gecko; compatible; ClaudeBot/1.0; +claudebot@anthropic.com)" "-"
216.73.216.0 - - [13/Jun/2026:17:52:36 +0200] "GET /.metadata/369804/index.php?fileloc=%2Fhomepages%2F9%2Fd402228970%2Fhtdocs%2Fclickandbuilds%2FVisitarGijn%2Fwp-admin%2Fmedia-upload.php&path=%2Fhomepages%2F9%2Fd402228970%2Fhtdocs%2Fclickandbuilds%2FVisitarGijn%2Fwp-admin HTTP/1.1" 429 267 visitasgijon.es "-" "Mozilla/5.0 AppleWebKit/537.36 (KHTML, like Gecko; compatible; ClaudeBot/1.0; +claudebot@anthropic.com)" "-"
216.73.216.0 - - [13/Jun/2026:17:52:40 +0200] "GET /.metadata/369804/index.php?komend=gaskan&path=%2Fhomepages%2F9%2Fd402228970%2Fhtdocs%2Fvisitagijon HTTP/1.1" 429 267 visitasgijon.es "-" "Mozilla/5.0 AppleWebKit/537.36 (KHTML, like Gecko; compatible; ClaudeBot/1.0; +claudebot@anthropic.com)" "-"
216.73.216.0 - - [13/Jun/2026:17:52:44 +0200] "GET /.metadata/369804/index.php?komend=gaskan&path=%2Fhomepages%2F9%2Fd772378739 HTTP/1.1" 429 267 visitasgijon.es "-" "Mozilla/5.0 AppleWebKit/537.36 (KHTML, like Gecko; compatible; ClaudeBot/1.0; +claudebot@anthropic.com)" "-"
216.73.216.0 - - [13/Jun/2026:17:52:49 +0200] "GET /.metadata/369804/index.php?fileloc=%2Fhomepages%2F9%2Fd402228970%2Fhtdocs%2Fclickandbuilds%2FVisitarGijn%2Fwp-includes%2Fl10n.php&path=%2Fhomepages%2F9%2Fd402228970%2Fhtdocs%2Fclickandbuilds%2FVisitarGijn%2Fwp-includes HTTP/1.1" 429 267 visitasgijon.es "-" "Mozilla/5.0 AppleWebKit/537.36 (KHTML, like Gecko; compatible; ClaudeBot/1.0; +claudebot@anthropic.com)" "-"
216.73.216.0 - - [13/Jun/2026:17:52:56 +0200] "GET /.metadata/369804/index.php?fileloc=%2Fhomepages%2F9%2Fd402228970%2Fhtdocs%2Fclickandbuilds%2FVisitarGijn%2Fwp-admin%2Flink-add.php&path=%2Fhomepages%2F9%2Fd402228970%2Fhtdocs%2Fclickandbuilds%2FVisitarGijn%2Fwp-admin HTTP/1.1" 429 267 visitasgijon.es "-" "Mozilla/5.0 AppleWebKit/537.36 (KHTML, like Gecko; compatible; ClaudeBot/1.0; +claudebot@anthropic.com)" "-"
216.73.216.0 - - [13/Jun/2026:17:53:00 +0200] "GET /.metadata/369804/index.php?fileloc=%2Fhomepages%2F9%2Fd402228970%2Fhtdocs%2Flogs%2Faccess.log.23.7.gz&path=%2Fhomepages%2F9%2Fd402228970%2Fhtdocs%2Flogs HTTP/1.1" 429 267 visitasgijon.es "-" "Mozilla/5.0 AppleWebKit/537.36 (KHTML, like Gecko; compatible; ClaudeBot/1.0; +claudebot@anthropic.com)" "-"
216.73.216.0 - - [13/Jun/2026:17:53:05 +0200] "GET /.metadata/369804/index.php?fileloc=%2Fhomepages%2F9%2Fd402228970%2Fhtdocs%2Flogs%2Faccess.log.23.4.gz&path=%2Fhomepages%2F9%2Fd402228970%2Fhtdocs%2Flogs HTTP/1.1" 429 267 visitasgijon.es "-" "Mozilla/5.0 AppleWebKit/537.36 (KHTML, like Gecko; compatible; ClaudeBot/1.0; +claudebot@anthropic.com)" "-"
216.73.216.0 - - [13/Jun/2026:17:53:10 +0200] "GET /.metadata/369804/index.php?fileloc=%2Fhomepages%2F9%2Fd402228970%2Fhtdocs%2Flogs%2Faccess.log.24.4.gz&path=%2Fhomepages%2F9%2Fd402228970%2Fhtdocs%2Flogs HTTP/1.1" 429 267 visitasgijon.es "-" "Mozilla/5.0 AppleWebKit/537.36 (KHTML, like Gecko; compatible; ClaudeBot/1.0; +claudebot@anthropic.com)" "-"
216.73.216.0 - - [13/Jun/2026:17:53:15 +0200] "GET /.metadata/369804/index.php?fileloc=%2Fhomepages%2F9%2Fd402228970%2Fhtdocs%2Flogs%2Faccess.log.17.gz&path=%2Fhomepages%2F9%2Fd402228970%2Fhtdocs%2Flogs HTTP/1.1" 429 267 visitasgijon.es "-" "Mozilla/5.0 AppleWebKit/537.36 (KHTML, like Gecko; compatible; ClaudeBot/1.0; +claudebot@anthropic.com)" "-"
216.73.216.0 - - [13/Jun/2026:17:53:20 +0200] "GET /.metadata/369804/index.php?fileloc=%2Fhomepages%2F9%2Fd770447556%2Fmetadata.json&path=%2Fhomepages%2F9%2Fd770447556 HTTP/1.1" 429 267 visitasgijon.es "-" "Mozilla/5.0 AppleWebKit/537.36 (KHTML, like Gecko; compatible; ClaudeBot/1.0; +claudebot@anthropic.com)" "-"
216.73.216.0 - - [13/Jun/2026:17:53:26 +0200] "GET /.metadata/369804/index.php?fileloc=%2Fhomepages%2F9%2Fd402590447%2FDASTOOLSTART&path=%2Fhomepages%2F9%2Fd402590447 HTTP/1.1" 429 267 visitasgijon.es "-" "Mozilla/5.0 AppleWebKit/537.36 (KHTML, like Gecko; compatible; ClaudeBot/1.0; +claudebot@anthropic.com)" "-"
216.73.216.0 - - [13/Jun/2026:17:53:28 +0200] "GET /.metadata/369804/index.php?fileloc=%2Fhomepages%2F9%2Fd402228970%2Fhtdocs%2Fwsb6774550601%2F6.html&path=%2Fhomepages%2F9%2Fd402228970%2Fhtdocs%2Fwsb6774550601 HTTP/1.1" 429 267 visitasgijon.es "-" "Mozilla/5.0 AppleWebKit/537.36 (KHTML, like Gecko; compatible; ClaudeBot/1.0; +claudebot@anthropic.com)" "-"
216.73.216.0 - - [13/Jun/2026:17:53:33 +0200] "GET /.metadata/369804/index.php?fileloc=%2Fhomepages%2F9%2Fd402228970%2Fhtdocs%2Fwsb6774550601%2F5.html&path=%2Fhomepages%2F9%2Fd402228970%2Fhtdocs%2Fwsb6774550601 HTTP/1.1" 200 10392 visitasgijon.es "-" "Mozilla/5.0 AppleWebKit/537.36 (KHTML, like Gecko; compatible; ClaudeBot/1.0; +claudebot@anthropic.com)" "-"
2a03:2880:f800:: - - [13/Jun/2026:17:53:34 +0200] "GET /item/3503161 HTTP/1.1" 404 2129 visitasgijon.es "-" "meta-externalagent/1.1 (+https://developers.facebook.com/docs/sharing/webmasters/crawler)" "-"
216.73.216.0 - - [13/Jun/2026:17:53:38 +0200] "GET /.metadata/369804/index.php?fileloc=%2Fhomepages%2F9%2Fd770056798%2F.created&path=%2Fhomepages%2F9%2Fd770056798 HTTP/1.1" 200 5140 visitasgijon.es "-" "Mozilla/5.0 AppleWebKit/537.36 (KHTML, like Gecko; compatible; ClaudeBot/1.0; +claudebot@anthropic.com)" "-"
49.234.192.0 - - [13/Jun/2026:17:53:40 +0200] "GET / HTTP/1.1" 301 272 visitasgijon.es "-" "Mozilla/5.0 (iPhone; CPU iPhone OS 13_2_3 like Mac OS X) AppleWebKit/605.1.15 (KHTML, like Gecko) Version/13.0.3 Mobile/15E148 Safari/604.1" "-"
216.73.216.0 - - [13/Jun/2026:17:53:43 +0200] "GET /.metadata/369804/index.php?fileloc=%2Fhomepages%2F9%2Fd402228970%2Fhtdocs%2Fwsb6774550601%2F8.html&path=%2Fhomepages%2F9%2Fd402228970%2Fhtdocs%2Fwsb6774550601 HTTP/1.1" 200 10629 visitasgijon.es "-" "Mozilla/5.0 AppleWebKit/537.36 (KHTML, like Gecko; compatible; ClaudeBot/1.0; +claudebot@anthropic.com)" "-"
114.119.128.0 - - [13/Jun/2026:17:53:47 +0200] "GET /item/4944590 HTTP/1.1" 403 - visitasgijon.es "https://visitasgijon.es/sitemap-241.xml" "Mozilla/5.0 (Linux; Android 7.0;) AppleWebKit/537.36 (HTML, like Gecko) Mobile Safari/537.36 (compatible; PetalBot;+https://webmaster.petalsearch.com/site/petalbot)" "-"
216.73.216.0 - - [13/Jun/2026:17:53:48 +0200] "GET /.metadata/369804/index.php?fileloc=%2Fhomepages%2F9%2Fd402228970%2Fhtdocs%2Fwsb6774550601%2Fmain.css&path=%2Fhomepages%2F9%2Fd402228970%2Fhtdocs%2Fwsb6774550601 HTTP/1.1" 200 15141 visitasgijon.es "-" "Mozilla/5.0 AppleWebKit/537.36 (KHTML, like Gecko; compatible; ClaudeBot/1.0; +claudebot@anthropic.com)" "-"
216.73.216.0 - - [13/Jun/2026:17:53:52 +0200] "GET /.metadata/369804/index.php?fileloc=%2Fhomepages%2F9%2Fd400708990%2Fphpinilist&path=%2Fhomepages%2F9%2Fd400708990 HTTP/1.1" 200 5371 visitasgijon.es "-" "Mozilla/5.0 AppleWebKit/537.36 (KHTML, like Gecko; compatible; ClaudeBot/1.0; +claudebot@anthropic.com)" "-"
216.73.216.0 - - [13/Jun/2026:17:53:57 +0200] "GET /.metadata/369804/index.php?fileloc=%2Fhomepages%2F9%2Fd770447556%2Fhtpasswd&path=%2Fhomepages%2F9%2Fd770447556 HTTP/1.1" 200 5367 visitasgijon.es "-" "Mozilla/5.0 AppleWebKit/537.36 (KHTML, like Gecko; compatible; ClaudeBot/1.0; +claudebot@anthropic.com)" "-"
216.73.216.0 - - [13/Jun/2026:17:54:04 +0200] "GET /.metadata/369804/index.php?fileloc=%2Fhomepages%2F9%2Fd399157708%2Fdistributor.lock&path=%2Fhomepages%2F9%2Fd399157708 HTTP/1.1" 200 5383 visitasgijon.es "-" "Mozilla/5.0 AppleWebKit/537.36 (KHTML, like Gecko; compatible; ClaudeBot/1.0; +claudebot@anthropic.com)" "-"
216.73.216.0 - - [13/Jun/2026:17:54:07 +0200] "GET /.metadata/369804/index.php?fileloc=%2Fhomepages%2F9%2Fd771652495%2F.created&path=%2Fhomepages%2F9%2Fd771652495 HTTP/1.1" 200 5140 visitasgijon.es "-" "Mozilla/5.0 AppleWebKit/537.36 (KHTML, like Gecko; compatible; ClaudeBot/1.0; +claudebot@anthropic.com)" "-"
216.73.216.0 - - [13/Jun/2026:17:54:12 +0200] "GET /.metadata/369804/index.php?fileloc=%2Fhomepages%2F9%2Fd400708990%2Fhtaccesslist&path=%2Fhomepages%2F9%2Fd400708990 HTTP/1.1" 200 5375 visitasgijon.es "-" "Mozilla/5.0 AppleWebKit/537.36 (KHTML, like Gecko; compatible; ClaudeBot/1.0; +claudebot@anthropic.com)" "-"
216.73.216.0 - - [13/Jun/2026:17:54:17 +0200] "GET /.metadata/369804/index.php?fileloc=%2Fhomepages%2F9%2Fd769934598%2Fhtaccesslist&path=%2Fhomepages%2F9%2Fd769934598 HTTP/1.1" 200 5375 visitasgijon.es "-" "Mozilla/5.0 AppleWebKit/537.36 (KHTML, like Gecko; compatible; ClaudeBot/1.0; +claudebot@anthropic.com)" "-"
216.73.216.0 - - [13/Jun/2026:17:54:22 +0200] "GET /.metadata/369804/index.php?fileloc=%2Fhomepages%2F9%2Fd402064940%2F.created&path=%2Fhomepages%2F9%2Fd402064940 HTTP/1.1" 200 5140 visitasgijon.es "-" "Mozilla/5.0 AppleWebKit/537.36 (KHTML, like Gecko; compatible; ClaudeBot/1.0; +claudebot@anthropic.com)" "-"
216.73.216.0 - - [13/Jun/2026:17:54:27 +0200] "GET /.metadata/369804/index.php?fileloc=%2Fhomepages%2F9%2Fd770865386%2F.created&path=%2Fhomepages%2F9%2Fd770865386 HTTP/1.1" 200 5140 visitasgijon.es "-" "Mozilla/5.0 AppleWebKit/537.36 (KHTML, like Gecko; compatible; ClaudeBot/1.0; +claudebot@anthropic.com)" "-"
216.73.216.0 - - [13/Jun/2026:17:54:31 +0200] "GET /.metadata/369804/index.php?fileloc=%2Fhomepages%2F9%2Fd402064940%2Fhtaccesslist&path=%2Fhomepages%2F9%2Fd402064940 HTTP/1.1" 200 5375 visitasgijon.es "-" "Mozilla/5.0 AppleWebKit/537.36 (KHTML, like Gecko; compatible; ClaudeBot/1.0; +claudebot@anthropic.com)" "-"
216.73.216.0 - - [13/Jun/2026:17:54:36 +0200] "GET /.metadata/369804/index.php?fileloc=%2Fhomepages%2F9%2Fd771652495%2Fhtaccesslist&path=%2Fhomepages%2F9%2Fd771652495 HTTP/1.1" 200 5375 visitasgijon.es "-" "Mozilla/5.0 AppleWebKit/537.36 (KHTML, like Gecko; compatible; ClaudeBot/1.0; +claudebot@anthropic.com)" "-"
2a03:2880:f800:: - - [13/Jun/2026:17:54:39 +0200] "GET /item/3584593 HTTP/1.1" 404 2129 visitasgijon.es "-" "meta-externalagent/1.1 (+https://developers.facebook.com/docs/sharing/webmasters/crawler)" "-"
216.73.216.0 - - [13/Jun/2026:17:54:41 +0200] "GET /.metadata/369804/index.php?fileloc=%2Fhomepages%2F9%2Fd770865386%2Fhtaccesslist&path=%2Fhomepages%2F9%2Fd770865386 HTTP/1.1" 200 5375 visitasgijon.es "-" "Mozilla/5.0 AppleWebKit/537.36 (KHTML, like Gecko; compatible; ClaudeBot/1.0; +claudebot@anthropic.com)" "-"
216.73.216.0 - - [13/Jun/2026:17:54:46 +0200] "GET /.metadata/369804/index.php?fileloc=%2Fhomepages%2F9%2Fd407828879%2Fmetadata.json&path=%2Fhomepages%2F9%2Fd407828879 HTTP/1.1" 200 5377 visitasgijon.es "-" "Mozilla/5.0 AppleWebKit/537.36 (KHTML, like Gecko; compatible; ClaudeBot/1.0; +claudebot@anthropic.com)" "-"
216.73.216.0 - - [13/Jun/2026:17:54:51 +0200] "GET /.metadata/369804/index.php?fileloc=%2Fhomepages%2F9%2Fd772744634%2F.created&path=%2Fhomepages%2F9%2Fd772744634 HTTP/1.1" 200 5140 visitasgijon.es "-" "Mozilla/5.0 AppleWebKit/537.36 (KHTML, like Gecko; compatible; ClaudeBot/1.0; +claudebot@anthropic.com)" "-"
216.73.216.0 - - [13/Jun/2026:17:54:56 +0200] "GET /.metadata/369804/index.php?fileloc=%2Fhomepages%2F9%2Fd772378739%2F.created&path=%2Fhomepages%2F9%2Fd772378739 HTTP/1.1" 200 5140 visitasgijon.es "-" "Mozilla/5.0 AppleWebKit/537.36 (KHTML, like Gecko; compatible; ClaudeBot/1.0; +claudebot@anthropic.com)" "-"
216.73.216.0 - - [13/Jun/2026:17:55:00 +0200] "GET /.metadata/369804/index.php?fileloc=%2Fhomepages%2F9%2Fd402590447%2Fphpinilist&path=%2Fhomepages%2F9%2Fd402590447 HTTP/1.1" 200 5371 visitasgijon.es "-" "Mozilla/5.0 AppleWebKit/537.36 (KHTML, like Gecko; compatible; ClaudeBot/1.0; +claudebot@anthropic.com)" "-"
216.73.216.0 - - [13/Jun/2026:17:55:04 +0200] "GET /.metadata/369804/index.php?fileloc=%2Fhomepages%2F9%2Fd402590447%2F.htaccess&path=%2Fhomepages%2F9%2Fd402590447 HTTP/1.1" 200 5369 visitasgijon.es "-" "Mozilla/5.0 AppleWebKit/537.36 (KHTML, like Gecko; compatible; ClaudeBot/1.0; +claudebot@anthropic.com)" "-"
216.73.216.0 - - [13/Jun/2026:17:55:09 +0200] "GET /.metadata/369804/index.php?fileloc=%2Fhomepages%2F9%2Fd769635067%2Fdistributor.lock&path=%2Fhomepages%2F9%2Fd769635067 HTTP/1.1" 429 267 visitasgijon.es "-" "Mozilla/5.0 AppleWebKit/537.36 (KHTML, like Gecko; compatible; ClaudeBot/1.0; +claudebot@anthropic.com)" "-"
216.73.216.0 - - [13/Jun/2026:17:55:14 +0200] "GET /.metadata/369804/index.php?fileloc=%2Fhomepages%2F9%2Fd770990688%2Fmetadata.json&path=%2Fhomepages%2F9%2Fd770990688 HTTP/1.1" 429 267 visitasgijon.es "-" "Mozilla/5.0 AppleWebKit/537.36 (KHTML, like Gecko; compatible; ClaudeBot/1.0; +claudebot@anthropic.com)" "-"
216.73.216.0 - - [13/Jun/2026:17:55:19 +0200] "GET /.metadata/369804/index.php?fileloc=%2Fhomepages%2F9%2Fd407828879%2Fhtaccesslist&path=%2Fhomepages%2F9%2Fd407828879 HTTP/1.1" 429 267 visitasgijon.es "-" "Mozilla/5.0 AppleWebKit/537.36 (KHTML, like Gecko; compatible; ClaudeBot/1.0; +claudebot@anthropic.com)" "-"
216.73.216.0 - - [13/Jun/2026:17:55:25 +0200] "GET /.metadata/369804/index.php?fileloc=%2Fhomepages%2F9%2Fd402590447%2Fhtaccesslist&path=%2Fhomepages%2F9%2Fd402590447 HTTP/1.1" 429 267 visitasgijon.es "-" "Mozilla/5.0 AppleWebKit/537.36 (KHTML, like Gecko; compatible; ClaudeBot/1.0; +claudebot@anthropic.com)" "-"
216.73.216.0 - - [13/Jun/2026:17:55:30 +0200] "GET /.metadata/369804/index.php?fileloc=%2Fhomepages%2F9%2Fd771558072%2Flast_traffic&path=%2Fhomepages%2F9%2Fd771558072 HTTP/1.1" 429 267 visitasgijon.es "-" "Mozilla/5.0 AppleWebKit/537.36 (KHTML, like Gecko; compatible; ClaudeBot/1.0; +claudebot@anthropic.com)" "-"
216.73.216.0 - - [13/Jun/2026:17:55:35 +0200] "GET /.metadata/369804/index.php?fileloc=%2Fhomepages%2F9%2Fd772747313%2Fhtpasswd&path=%2Fhomepages%2F9%2Fd772747313 HTTP/1.1" 429 267 visitasgijon.es "-" "Mozilla/5.0 AppleWebKit/537.36 (KHTML, like Gecko; compatible; ClaudeBot/1.0; +claudebot@anthropic.com)" "-"
216.73.216.0 - - [13/Jun/2026:17:55:40 +0200] "GET /.metadata/369804/index.php?fileloc=%2Fhomepages%2F9%2Fd771299619%2Fhtpasswd&path=%2Fhomepages%2F9%2Fd771299619 HTTP/1.1" 429 267 visitasgijon.es "-" "Mozilla/5.0 AppleWebKit/537.36 (KHTML, like Gecko; compatible; ClaudeBot/1.0; +claudebot@anthropic.com)" "-"
216.73.216.0 - - [13/Jun/2026:17:55:45 +0200] "GET /.metadata/369804/index.php?fileloc=%2Fhomepages%2F9%2Fd444827561%2Fhtaccesslist&path=%2Fhomepages%2F9%2Fd444827561 HTTP/1.1" 429 267 visitasgijon.es "-" "Mozilla/5.0 AppleWebKit/537.36 (KHTML, like Gecko; compatible; ClaudeBot/1.0; +claudebot@anthropic.com)" "-"
2a03:2880:f800:: - - [13/Jun/2026:17:55:46 +0200] "GET /item/4705415 HTTP/1.1" 404 2129 visitasgijon.es "-" "meta-externalagent/1.1 (+https://developers.facebook.com/docs/sharing/webmasters/crawler)" "-"
216.73.216.0 - - [13/Jun/2026:17:55:50 +0200] "GET /.metadata/369804/index.php?fileloc=%2Fhomepages%2F9%2Fd402064940%2Fhtpasswd&path=%2Fhomepages%2F9%2Fd402064940 HTTP/1.1" 429 267 visitasgijon.es "-" "Mozilla/5.0 AppleWebKit/537.36 (KHTML, like Gecko; compatible; ClaudeBot/1.0; +claudebot@anthropic.com)" "-"
216.73.216.0 - - [13/Jun/2026:17:55:54 +0200] "GET /.metadata/369804/index.php?fileloc=%2Fhomepages%2F9%2Fd402421153%2Flast_traffic&path=%2Fhomepages%2F9%2Fd402421153 HTTP/1.1" 429 267 visitasgijon.es "-" "Mozilla/5.0 AppleWebKit/537.36 (KHTML, like Gecko; compatible; ClaudeBot/1.0; +claudebot@anthropic.com)" "-"
216.73.216.0 - - [13/Jun/2026:17:55:59 +0200] "GET /.metadata/369804/index.php?fileloc=%2Fhomepages%2F9%2Fd402590447%2Flast_traffic&path=%2Fhomepages%2F9%2Fd402590447 HTTP/1.1" 429 267 visitasgijon.es "-" "Mozilla/5.0 AppleWebKit/537.36 (KHTML, like Gecko; compatible; ClaudeBot/1.0; +claudebot@anthropic.com)" "-"
216.73.216.0 - - [13/Jun/2026:17:56:04 +0200] "GET /.metadata/369804/index.php?fileloc=%2Fhomepages%2F9%2Fd444827561%2Flast_traffic&path=%2Fhomepages%2F9%2Fd444827561 HTTP/1.1" 429 267 visitasgijon.es "-" "Mozilla/5.0 AppleWebKit/537.36 (KHTML, like Gecko; compatible; ClaudeBot/1.0; +claudebot@anthropic.com)" "-"
216.73.216.0 - - [13/Jun/2026:17:56:09 +0200] "GET /.metadata/369804/index.php?fileloc=%2Fhomepages%2F9%2Fd769635067%2Flast_traffic&path=%2Fhomepages%2F9%2Fd769635067 HTTP/1.1" 200 5133 visitasgijon.es "-" "Mozilla/5.0 AppleWebKit/537.36 (KHTML, like Gecko; compatible; ClaudeBot/1.0; +claudebot@anthropic.com)" "-"
216.73.216.0 - - [13/Jun/2026:17:56:14 +0200] "GET /.metadata/369804/index.php?fileloc=%2Fhomepages%2F9%2Fd772378739%2Flast_traffic&path=%2Fhomepages%2F9%2Fd772378739 HTTP/1.1" 200 5133 visitasgijon.es "-" "Mozilla/5.0 AppleWebKit/537.36 (KHTML, like Gecko; compatible; ClaudeBot/1.0; +claudebot@anthropic.com)" "-"
207.46.13.0 - - [13/Jun/2026:17:56:18 +0200] "GET /item/4151305 HTTP/1.1" 200 193914 visitasgijon.es "-" "Mozilla/5.0 AppleWebKit/537.36 (KHTML, like Gecko; compatible; bingbot/2.0; +http://www.bing.com/bingbot.htm) Chrome/116.0.1938.76 Safari/537.36" "-"
216.73.216.0 - - [13/Jun/2026:17:56:19 +0200] "GET /.metadata/369804/index.php?fileloc=%2Fhomepages%2F9%2Fd407828879%2Flast_traffic&path=%2Fhomepages%2F9%2Fd407828879 HTTP/1.1" 200 5133 visitasgijon.es "-" "Mozilla/5.0 AppleWebKit/537.36 (KHTML, like Gecko; compatible; ClaudeBot/1.0; +claudebot@anthropic.com)" "-"
52.167.144.0 - - [13/Jun/2026:17:56:20 +0200] "GET /item/3268371 HTTP/1.1" 200 188611 visitasgijon.es "-" "Mozilla/5.0 AppleWebKit/537.36 (KHTML, like Gecko; compatible; bingbot/2.0; +http://www.bing.com/bingbot.htm) Chrome/116.0.1938.76 Safari/537.36" "-"
157.55.39.0 - - [13/Jun/2026:17:56:22 +0200] "GET /item/2377783 HTTP/1.1" 200 185077 www.visitasgijon.es "-" "Mozilla/5.0 AppleWebKit/537.36 (KHTML, like Gecko; compatible; bingbot/2.0; +http://www.bing.com/bingbot.htm) Chrome/116.0.1938.76 Safari/537.36" "-"
157.55.39.0 - - [13/Jun/2026:17:56:23 +0200] "GET /item/1673150 HTTP/1.1" 200 186406 www.visitasgijon.es "-" "Mozilla/5.0 AppleWebKit/537.36 (KHTML, like Gecko; compatible; bingbot/2.0; +http://www.bing.com/bingbot.htm) Chrome/116.0.1938.76 Safari/537.36" "-"
216.73.216.0 - - [13/Jun/2026:17:56:24 +0200] "GET /.metadata/369804/index.php?fileloc=%2Fhomepages%2F9%2Fd397809419%2Flast_traffic&path=%2Fhomepages%2F9%2Fd397809419 HTTP/1.1" 200 5133 visitasgijon.es "-" "Mozilla/5.0 AppleWebKit/537.36 (KHTML, like Gecko; compatible; ClaudeBot/1.0; +claudebot@anthropic.com)" "-"
216.73.216.0 - - [13/Jun/2026:17:56:29 +0200] "GET /.metadata/369804/index.php?fileloc=%2Fhomepages%2F9%2Fd402421153%2Fhtpasswd&path=%2Fhomepages%2F9%2Fd402421153 HTTP/1.1" 200 5367 visitasgijon.es "-" "Mozilla/5.0 AppleWebKit/537.36 (KHTML, like Gecko; compatible; ClaudeBot/1.0; +claudebot@anthropic.com)" "-"
216.73.216.0 - - [13/Jun/2026:17:56:34 +0200] "GET /.metadata/369804/index.php?fileloc=%2Fhomepages%2F9%2Fd402590447%2Fhtpasswd&path=%2Fhomepages%2F9%2Fd402590447 HTTP/1.1" 200 5367 visitasgijon.es "-" "Mozilla/5.0 AppleWebKit/537.36 (KHTML, like Gecko; compatible; ClaudeBot/1.0; +claudebot@anthropic.com)" "-"
216.73.216.0 - - [13/Jun/2026:17:56:39 +0200] "GET /.metadata/369804/index.php?fileloc=%2Fhomepages%2F9%2Fd402064940%2Flast_traffic&path=%2Fhomepages%2F9%2Fd402064940 HTTP/1.1" 200 5133 visitasgijon.es "-" "Mozilla/5.0 AppleWebKit/537.36 (KHTML, like Gecko; compatible; ClaudeBot/1.0; +claudebot@anthropic.com)" "-"
2a03:2880:f800:: - - [13/Jun/2026:17:56:53 +0200] "GET /item/2716763 HTTP/1.1" 404 2129 visitasgijon.es "-" "meta-externalagent/1.1 (+https://developers.facebook.com/docs/sharing/webmasters/crawler)" "-"
2a03:2880:f800:: - - [13/Jun/2026:17:58:00 +0200] "GET /item/3687849 HTTP/1.1" 404 2129 visitasgijon.es "-" "meta-externalagent/1.1 (+https://developers.facebook.com/docs/sharing/webmasters/crawler)" "-"
2a03:2880:f800:: - - [13/Jun/2026:17:59:06 +0200] "GET /item/4695569 HTTP/1.1" 404 2129 visitasgijon.es "-" "meta-externalagent/1.1 (+https://developers.facebook.com/docs/sharing/webmasters/crawler)" "-"
40.77.167.0 - - [13/Jun/2026:17:59:09 +0200] "GET /item/3519925 HTTP/1.1" 200 183998 visitasgijon.es "-" "Mozilla/5.0 AppleWebKit/537.36 (KHTML, like Gecko; compatible; bingbot/2.0; +http://www.bing.com/bingbot.htm) Chrome/116.0.1938.76 Safari/537.36" "-"
66.249.70.0 - - [13/Jun/2026:17:59:34 +0200] "GET /products/7795797 HTTP/1.1" 200 195801 visitasgijon.es "-" "Mozilla/5.0 (Linux; Android 6.0.1; Nexus 5X Build/MMB29P) AppleWebKit/537.36 (KHTML, like Gecko) Chrome/148.0.7778.96 Mobile Safari/537.36 (compatible; Googlebot/2.1; +http://www.google.com/bot.html)" "-"
2a03:2880:f800:: - - [13/Jun/2026:18:00:14 +0200] "GET /item/4149551 HTTP/1.1" 404 2129 visitasgijon.es "-" "meta-externalagent/1.1 (+https://developers.facebook.com/docs/sharing/webmasters/crawler)" "-"
82.165.83.0 - - [13/Jun/2026:18:00:16 +0200] "POST /wp-cron.php?doing_wp_cron=1781366416.0453219413757324218750 HTTP/1.1" 200 - visitasgijon.es "https://visitasgijon.es/wp-cron.php?doing_wp_cron=1781366416.0453219413757324218750" "WordPress/5.1.22; https://visitasgijon.es" "-"
2a03:2880:f800:: - - [13/Jun/2026:18:01:20 +0200] "GET /item/4453327 HTTP/1.1" 404 2129 visitasgijon.es "-" "meta-externalagent/1.1 (+https://developers.facebook.com/docs/sharing/webmasters/crawler)" "-"
40.77.167.0 - - [13/Jun/2026:18:02:01 +0200] "GET /item/4106625 HTTP/1.1" 200 183372 visitasgijon.es "-" "Mozilla/5.0 AppleWebKit/537.36 (KHTML, like Gecko; compatible; bingbot/2.0; +http://www.bing.com/bingbot.htm) Chrome/116.0.1938.76 Safari/537.36" "-"
66.249.70.0 - - [13/Jun/2026:18:02:04 +0200] "GET /products/2239953 HTTP/1.1" 200 181878 visitasgijon.es "-" "Mozilla/5.0 (Linux; Android 6.0.1; Nexus 5X Build/MMB29P) AppleWebKit/537.36 (KHTML, like Gecko) Chrome/148.0.7778.96 Mobile Safari/537.36 (compatible; Googlebot/2.1; +http://www.google.com/bot.html)" "-"
2a03:2880:f800:: - - [13/Jun/2026:18:02:26 +0200] "GET /item/2311900 HTTP/1.1" 404 2129 visitasgijon.es "-" "meta-externalagent/1.1 (+https://developers.facebook.com/docs/sharing/webmasters/crawler)" "-"
2a03:2880:f800:: - - [13/Jun/2026:18:03:33 +0200] "GET /item/4415907 HTTP/1.1" 404 2129 visitasgijon.es "-" "meta-externalagent/1.1 (+https://developers.facebook.com/docs/sharing/webmasters/crawler)" "-"
2a03:2880:f800:: - - [13/Jun/2026:18:04:40 +0200] "GET /item/2893906 HTTP/1.1" 404 2129 visitasgijon.es "-" "meta-externalagent/1.1 (+https://developers.facebook.com/docs/sharing/webmasters/crawler)" "-"
157.55.39.0 - - [13/Jun/2026:18:01:23 +0200] "GET /item/2025987 HTTP/1.1" 504 287 www.visitasgijon.es "-" "Mozilla/5.0 AppleWebKit/537.36 (KHTML, like Gecko; compatible; bingbot/2.0; +http://www.bing.com/bingbot.htm) Chrome/116.0.1938.76 Safari/537.36" "-"
66.249.70.0 - - [13/Jun/2026:18:04:57 +0200] "GET /products/5082820 HTTP/1.1" 200 198414 visitasgijon.es "-" "Mozilla/5.0 (Linux; Android 6.0.1; Nexus 5X Build/MMB29P) AppleWebKit/537.36 (KHTML, like Gecko) Chrome/148.0.7778.96 Mobile Safari/537.36 (compatible; Googlebot/2.1; +http://www.google.com/bot.html)" "-"
2a03:2880:f800:: - - [13/Jun/2026:18:05:46 +0200] "GET /item/3332158 HTTP/1.1" 404 2129 visitasgijon.es "-" "meta-externalagent/1.1 (+https://developers.facebook.com/docs/sharing/webmasters/crawler)" "-"
149.22.87.0 - - [13/Jun/2026:18:05:59 +0200] "GET /vendor/phpunit/phpunit/phpunit.xsd HTTP/1.1" 301 306 visitasgijon.es "-" "Mozilla/5.0 (X11; Linux x86_64; rv:52.0) Gecko/20100101 Firefox/52.0" "-"
149.22.87.0 - - [13/Jun/2026:18:06:02 +0200] "GET /vendor/phpunit/phpunit/phpunit.xsd HTTP/1.1" 404 2129 visitasgijon.es "-" "Mozilla/5.0 (X11; Linux x86_64; rv:52.0) Gecko/20100101 Firefox/52.0" "-"
2a03:2880:f800:: - - [13/Jun/2026:18:06:53 +0200] "GET /item/2242052 HTTP/1.1" 404 2129 visitasgijon.es "-" "meta-externalagent/1.1 (+https://developers.facebook.com/docs/sharing/webmasters/crawler)" "-"
216.73.216.0 - - [13/Jun/2026:18:07:26 +0200] "GET /robots.txt HTTP/1.1" 200 85 visitasgijon.es "-" "Mozilla/5.0 AppleWebKit/537.36 (KHTML, like Gecko; compatible; ClaudeBot/1.0; +claudebot@anthropic.com)" "-"
216.73.216.0 - - [13/Jun/2026:18:07:29 +0200] "GET /sitemap.xml HTTP/1.1" 200 3212 visitasgijon.es "-" "Mozilla/5.0 AppleWebKit/537.36 (KHTML, like Gecko; compatible; ClaudeBot/1.0; +claudebot@anthropic.com)" "-"
66.249.70.0 - - [13/Jun/2026:18:07:42 +0200] "GET /products/18942875 HTTP/1.1" 200 198969 visitasgijon.es "-" "Mozilla/5.0 (Linux; Android 6.0.1; Nexus 5X Build/MMB29P) AppleWebKit/537.36 (KHTML, like Gecko) Chrome/148.0.7778.96 Mobile Safari/537.36 (compatible; Googlebot/2.1; +http://www.google.com/bot.html)" "-"
2a03:2880:f800:: - - [13/Jun/2026:18:08:01 +0200] "GET /item/4890283 HTTP/1.1" 404 2129 visitasgijon.es "-" "meta-externalagent/1.1 (+https://developers.facebook.com/docs/sharing/webmasters/crawler)" "-"
2a03:2880:f800:: - - [13/Jun/2026:18:09:07 +0200] "GET /item/3902658 HTTP/1.1" 404 2129 visitasgijon.es "-" "meta-externalagent/1.1 (+https://developers.facebook.com/docs/sharing/webmasters/crawler)" "-"
2a03:2880:f800:: - - [13/Jun/2026:18:10:13 +0200] "GET /item/4182142 HTTP/1.1" 404 2129 visitasgijon.es "-" "meta-externalagent/1.1 (+https://developers.facebook.com/docs/sharing/webmasters/crawler)" "-"
66.249.70.0 - - [13/Jun/2026:18:11:01 +0200] "GET /products/27000986 HTTP/1.1" 200 192001 visitasgijon.es "-" "Mozilla/5.0 (Linux; Android 6.0.1; Nexus 5X Build/MMB29P) AppleWebKit/537.36 (KHTML, like Gecko) Chrome/148.0.7778.96 Mobile Safari/537.36 (compatible; Googlebot/2.1; +http://www.google.com/bot.html)" "-"
2a03:2880:f800:: - - [13/Jun/2026:18:11:20 +0200] "GET /item/3519553 HTTP/1.1" 404 2129 visitasgijon.es "-" "meta-externalagent/1.1 (+https://developers.facebook.com/docs/sharing/webmasters/crawler)" "-"
2a03:2880:f800:: - - [13/Jun/2026:18:12:27 +0200] "GET /item/2244628 HTTP/1.1" 404 2129 visitasgijon.es "-" "meta-externalagent/1.1 (+https://developers.facebook.com/docs/sharing/webmasters/crawler)" "-"
66.249.70.0 - - [13/Jun/2026:18:12:52 +0200] "GET /products/15804119 HTTP/1.1" 200 186989 visitasgijon.es "-" "Mozilla/5.0 (Linux; Android 6.0.1; Nexus 5X Build/MMB29P) AppleWebKit/537.36 (KHTML, like Gecko) Chrome/148.0.7778.96 Mobile Safari/537.36 (compatible; Googlebot/2.1; +http://www.google.com/bot.html)" "-"
2a03:2880:f800:: - - [13/Jun/2026:18:13:32 +0200] "GET /item/2844983 HTTP/1.1" 404 2129 visitasgijon.es "-" "meta-externalagent/1.1 (+https://developers.facebook.com/docs/sharing/webmasters/crawler)" "-"
43.165.67.0 - - [13/Jun/2026:18:14:01 +0200] "GET / HTTP/1.1" 200 229 www.vanturexperiences.com "-" "Mozilla/5.0 (iPhone; CPU iPhone OS 13_2_3 like Mac OS X) AppleWebKit/605.1.15 (KHTML, like Gecko) Version/13.0.3 Mobile/15E148 Safari/604.1" "-"
66.249.70.0 - - [13/Jun/2026:18:14:35 +0200] "GET /products/16323775 HTTP/1.1" 200 199037 visitasgijon.es "-" "Mozilla/5.0 (Linux; Android 6.0.1; Nexus 5X Build/MMB29P) AppleWebKit/537.36 (KHTML, like Gecko) Chrome/148.0.7778.96 Mobile Safari/537.36 (compatible; Googlebot/2.1; +http://www.google.com/bot.html)" "-"
2a03:2880:f800:: - - [13/Jun/2026:18:14:40 +0200] "GET /item/3418011 HTTP/1.1" 404 2129 visitasgijon.es "-" "meta-externalagent/1.1 (+https://developers.facebook.com/docs/sharing/webmasters/crawler)" "-"
2a03:2880:f800:: - - [13/Jun/2026:18:15:47 +0200] "GET /item/4594064 HTTP/1.1" 404 2129 visitasgijon.es "-" "meta-externalagent/1.1 (+https://developers.facebook.com/docs/sharing/webmasters/crawler)" "-"
2a03:2880:f800:: - - [13/Jun/2026:18:16:53 +0200] "GET /item/4676403 HTTP/1.1" 404 2129 visitasgijon.es "-" "meta-externalagent/1.1 (+https://developers.facebook.com/docs/sharing/webmasters/crawler)" "-"
2a03:2880:f800:: - - [13/Jun/2026:18:18:00 +0200] "GET /item/4315733 HTTP/1.1" 404 2129 visitasgijon.es "-" "meta-externalagent/1.1 (+https://developers.facebook.com/docs/sharing/webmasters/crawler)" "-"
2a03:2880:f800:: - - [13/Jun/2026:18:19:07 +0200] "GET /item/2502557 HTTP/1.1" 404 2129 visitasgijon.es "-" "meta-externalagent/1.1 (+https://developers.facebook.com/docs/sharing/webmasters/crawler)" "-"
2a03:2880:f800:: - - [13/Jun/2026:18:20:13 +0200] "GET /item/4470719 HTTP/1.1" 404 2129 visitasgijon.es "-" "meta-externalagent/1.1 (+https://developers.facebook.com/docs/sharing/webmasters/crawler)" "-"
66.249.70.0 - - [13/Jun/2026:18:21:02 +0200] "GET /products/2713708 HTTP/1.1" 200 184731 visitasgijon.es "-" "Mozilla/5.0 (Linux; Android 6.0.1; Nexus 5X Build/MMB29P) AppleWebKit/537.36 (KHTML, like Gecko) Chrome/148.0.7778.96 Mobile Safari/537.36 (compatible; Googlebot/2.1; +http://www.google.com/bot.html)" "-"
2a03:2880:f800:: - - [13/Jun/2026:18:21:20 +0200] "GET /item/4420454 HTTP/1.1" 404 2129 visitasgijon.es "-" "meta-externalagent/1.1 (+https://developers.facebook.com/docs/sharing/webmasters/crawler)" "-"
66.249.70.0 - - [13/Jun/2026:18:21:34 +0200] "GET /robots.txt HTTP/1.1" 200 85 visitasgijon.es "-" "Mozilla/5.0 (compatible; Googlebot/2.1; +http://www.google.com/bot.html)" "-"
2a03:2880:f800:: - - [13/Jun/2026:18:22:27 +0200] "GET /item/2103915 HTTP/1.1" 404 2129 visitasgijon.es "-" "meta-externalagent/1.1 (+https://developers.facebook.com/docs/sharing/webmasters/crawler)" "-"
66.249.70.0 - - [13/Jun/2026:18:22:51 +0200] "GET /robots.txt HTTP/1.1" 200 85 visitasgijon.es "-" "Mozilla/5.0 (compatible; Googlebot/2.1; +http://www.google.com/bot.html)" "-"
2a03:2880:f800:: - - [13/Jun/2026:18:23:33 +0200] "GET /item/2702111 HTTP/1.1" 404 2129 visitasgijon.es "-" "meta-externalagent/1.1 (+https://developers.facebook.com/docs/sharing/webmasters/crawler)" "-"
66.249.70.0 - - [13/Jun/2026:18:23:57 +0200] "GET /products/21043286 HTTP/1.1" 200 196071 visitasgijon.es "-" "Mozilla/5.0 (Linux; Android 6.0.1; Nexus 5X Build/MMB29P) AppleWebKit/537.36 (KHTML, like Gecko) Chrome/148.0.7778.96 Mobile Safari/537.36 (compatible; Googlebot/2.1; +http://www.google.com/bot.html)" "-"
66.249.70.0 - - [13/Jun/2026:18:23:59 +0200] "GET /products/23596219 HTTP/1.1" 200 187306 visitasgijon.es "-" "Mozilla/5.0 (Linux; Android 6.0.1; Nexus 5X Build/MMB29P) AppleWebKit/537.36 (KHTML, like Gecko) Chrome/148.0.7778.96 Mobile Safari/537.36 (compatible; Googlebot/2.1; +http://www.google.com/bot.html)" "-"
66.249.70.0 - - [13/Jun/2026:18:24:26 +0200] "GET /products/11072686 HTTP/1.1" 200 183450 visitasgijon.es "-" "Mozilla/5.0 (Linux; Android 6.0.1; Nexus 5X Build/MMB29P) AppleWebKit/537.36 (KHTML, like Gecko) Chrome/148.0.7778.96 Mobile Safari/537.36 (compatible; Googlebot/2.1; +http://www.google.com/bot.html)" "-"
2a03:2880:f800:: - - [13/Jun/2026:18:24:40 +0200] "GET /item/2425043 HTTP/1.1" 404 2129 visitasgijon.es "-" "meta-externalagent/1.1 (+https://developers.facebook.com/docs/sharing/webmasters/crawler)" "-"
2a03:2880:f800:: - - [13/Jun/2026:18:25:47 +0200] "GET /item/2474864 HTTP/1.1" 404 2129 visitasgijon.es "-" "meta-externalagent/1.1 (+https://developers.facebook.com/docs/sharing/webmasters/crawler)" "-"
52.167.144.0 - - [13/Jun/2026:18:26:13 +0200] "GET /item/3893207 HTTP/1.1" 200 198414 visitasgijon.es "-" "Mozilla/5.0 AppleWebKit/537.36 (KHTML, like Gecko; compatible; bingbot/2.0; +http://www.bing.com/bingbot.htm) Chrome/116.0.1938.76 Safari/537.36" "-"
66.249.70.0 - - [13/Jun/2026:18:26:47 +0200] "GET /products/14425675 HTTP/1.1" 200 186138 visitasgijon.es "-" "Mozilla/5.0 (Linux; Android 6.0.1; Nexus 5X Build/MMB29P) AppleWebKit/537.36 (KHTML, like Gecko) Chrome/148.0.7778.96 Mobile Safari/537.36 (compatible; Googlebot/2.1; +http://www.google.com/bot.html)" "-"
2a03:2880:f800:: - - [13/Jun/2026:18:26:54 +0200] "GET /item/4776627 HTTP/1.1" 404 2129 visitasgijon.es "-" "meta-externalagent/1.1 (+https://developers.facebook.com/docs/sharing/webmasters/crawler)" "-"
114.119.156.0 - - [13/Jun/2026:18:27:01 +0200] "GET /item/4944523 HTTP/1.1" 403 - visitasgijon.es "https://visitasgijon.es/sitemap-477.xml" "Mozilla/5.0 (Linux; Android 7.0;) AppleWebKit/537.36 (HTML, like Gecko) Mobile Safari/537.36 (compatible; PetalBot;+https://webmaster.petalsearch.com/site/petalbot)" "-"
66.249.70.0 - - [13/Jun/2026:18:27:18 +0200] "GET /products/25931819 HTTP/1.1" 200 190016 visitasgijon.es "-" "Mozilla/5.0 (Linux; Android 6.0.1; Nexus 5X Build/MMB29P) AppleWebKit/537.36 (KHTML, like Gecko) Chrome/148.0.7778.96 Mobile Safari/537.36 (compatible; Googlebot/2.1; +http://www.google.com/bot.html)" "-"
66.249.70.0 - - [13/Jun/2026:18:27:58 +0200] "GET /robots.txt HTTP/1.1" 200 85 visitasgijon.es "-" "Mozilla/5.0 (compatible; Googlebot/2.1; +http://www.google.com/bot.html)" "-"
2a03:2880:f800:: - - [13/Jun/2026:18:28:00 +0200] "GET /item/3334746 HTTP/1.1" 404 2129 visitasgijon.es "-" "meta-externalagent/1.1 (+https://developers.facebook.com/docs/sharing/webmasters/crawler)" "-"
2a03:2880:f800:: - - [13/Jun/2026:18:29:06 +0200] "GET /item/3703534 HTTP/1.1" 404 2129 visitasgijon.es "-" "meta-externalagent/1.1 (+https://developers.facebook.com/docs/sharing/webmasters/crawler)" "-"
216.73.216.0 - - [13/Jun/2026:18:29:14 +0200] "GET /.metadata/369804/index.php?path=%2F%2Flib%2Fpython3.9%2Fconcurrent HTTP/1.1" 200 8862 visitasgijon.es "-" "Mozilla/5.0 AppleWebKit/537.36 (KHTML, like Gecko; compatible; ClaudeBot/1.0; +claudebot@anthropic.com)" "-"
216.73.216.0 - - [13/Jun/2026:18:29:15 +0200] "GET /.metadata/369804/index.php?path=%2F%2Flib%2Fpython3.9%2F__pycache__ HTTP/1.1" 200 176147 visitasgijon.es "-" "Mozilla/5.0 AppleWebKit/537.36 (KHTML, like Gecko; compatible; ClaudeBot/1.0; +claudebot@anthropic.com)" "-"
216.73.216.0 - - [13/Jun/2026:18:29:15 +0200] "GET /.metadata/369804/index.php?path=%2F%2Frun%2F..%2Froot HTTP/1.1" 200 4904 visitasgijon.es "-" "Mozilla/5.0 AppleWebKit/537.36 (KHTML, like Gecko; compatible; ClaudeBot/1.0; +claudebot@anthropic.com)" "-"
216.73.216.0 - - [13/Jun/2026:18:29:16 +0200] "GET /.metadata/369804/index.php?path=%2F%2F..%2Fetc%2Fwordpress HTTP/1.1" 200 7111 visitasgijon.es "-" "Mozilla/5.0 AppleWebKit/537.36 (KHTML, like Gecko; compatible; ClaudeBot/1.0; +claudebot@anthropic.com)" "-"
216.73.216.0 - - [13/Jun/2026:18:29:16 +0200] "GET /.metadata/369804/index.php?fileloc=%2F%2F..%2Fbin%2Fbashbug&path=%2F%2F..%2Fbin HTTP/1.1" 200 12583 visitasgijon.es "-" "Mozilla/5.0 AppleWebKit/537.36 (KHTML, like Gecko; compatible; ClaudeBot/1.0; +claudebot@anthropic.com)" "-"
216.73.216.0 - - [13/Jun/2026:18:29:17 +0200] "GET /.metadata/369804/index.php?path=%2F%2Fsrv%2F..%2Fdev HTTP/1.1" 200 9323 visitasgijon.es "-" "Mozilla/5.0 AppleWebKit/537.36 (KHTML, like Gecko; compatible; ClaudeBot/1.0; +claudebot@anthropic.com)" "-"
216.73.216.0 - - [13/Jun/2026:18:29:17 +0200] "GET /.metadata/369804/index.php?path=%2F%2Frun%2F..%2Fsys HTTP/1.1" 200 6184 visitasgijon.es "-" "Mozilla/5.0 AppleWebKit/537.36 (KHTML, like Gecko; compatible; ClaudeBot/1.0; +claudebot@anthropic.com)" "-"
66.249.70.0 - - [13/Jun/2026:18:29:17 +0200] "GET /robots.txt HTTP/1.1" 200 85 visitasgijon.es "-" "Mozilla/5.0 (compatible; Googlebot/2.1; +http://www.google.com/bot.html)" "-"
216.73.216.0 - - [13/Jun/2026:18:29:17 +0200] "GET /.metadata/369804/index.php?path=%2F%2F..%2Fvar%2Fcache HTTP/1.1" 200 10989 visitasgijon.es "-" "Mozilla/5.0 AppleWebKit/537.36 (KHTML, like Gecko; compatible; ClaudeBot/1.0; +claudebot@anthropic.com)" "-"
216.73.216.0 - - [13/Jun/2026:18:29:18 +0200] "GET /.metadata/369804/index.php?fileloc=%2F%2Flib%2Fpython3.9%2Fopcode.py&path=%2F%2Flib%2Fpython3.9 HTTP/1.1" 200 10969 visitasgijon.es "-" "Mozilla/5.0 AppleWebKit/537.36 (KHTML, like Gecko; compatible; ClaudeBot/1.0; +claudebot@anthropic.com)" "-"
