92.222.104.0 - - [13/Jun/2026:07:54:42 +0200] "GET /sitemap-989.xml HTTP/1.1" 200 143965 visitasgijon.es "-" "Mozilla/5.0 (compatible; AhrefsBot/7.0; +http://ahrefs.com/robot/)" "-"
94.23.188.0 - - [13/Jun/2026:07:54:44 +0200] "GET /sitemap-348.xml HTTP/1.1" 200 153037 visitasgijon.es "-" "Mozilla/5.0 (compatible; AhrefsBot/7.0; +http://ahrefs.com/robot/)" "-"
51.75.236.0 - - [13/Jun/2026:07:54:45 +0200] "GET /sitemap-988.xml HTTP/1.1" 200 140077 visitasgijon.es "-" "Mozilla/5.0 (compatible; AhrefsBot/7.0; +http://ahrefs.com/robot/)" "-"
94.23.188.0 - - [13/Jun/2026:07:54:47 +0200] "GET /sitemap-698.xml HTTP/1.1" 200 144289 visitasgijon.es "-" "Mozilla/5.0 (compatible; AhrefsBot/7.0; +http://ahrefs.com/robot/)" "-"
176.31.139.0 - - [13/Jun/2026:07:54:50 +0200] "GET /sitemap-809.xml HTTP/1.1" 200 172639 visitasgijon.es "-" "Mozilla/5.0 (compatible; AhrefsBot/7.0; +http://ahrefs.com/robot/)" "-"
92.222.108.0 - - [13/Jun/2026:07:54:52 +0200] "GET /sitemap-785.xml HTTP/1.1" 200 143317 visitasgijon.es "-" "Mozilla/5.0 (compatible; AhrefsBot/7.0; +http://ahrefs.com/robot/)" "-"
92.222.104.0 - - [13/Jun/2026:07:54:54 +0200] "GET /sitemap-477.xml HTTP/1.1" 200 139753 visitasgijon.es "-" "Mozilla/5.0 (compatible; AhrefsBot/7.0; +http://ahrefs.com/robot/)" "-"
92.222.104.0 - - [13/Jun/2026:07:54:55 +0200] "GET /sitemap-222.xml HTTP/1.1" 200 150121 visitasgijon.es "-" "Mozilla/5.0 (compatible; AhrefsBot/7.0; +http://ahrefs.com/robot/)" "-"
54.37.118.0 - - [13/Jun/2026:07:55:01 +0200] "GET /sitemap-855.xml HTTP/1.1" 200 161137 visitasgijon.es "-" "Mozilla/5.0 (compatible; AhrefsBot/7.0; +http://ahrefs.com/robot/)" "-"
92.222.104.0 - - [13/Jun/2026:07:55:02 +0200] "GET /sitemap-608.xml HTTP/1.1" 200 183007 visitasgijon.es "-" "Mozilla/5.0 (compatible; AhrefsBot/7.0; +http://ahrefs.com/robot/)" "-"
66.249.70.0 - - [13/Jun/2026:07:55:03 +0200] "GET /products/2503897 HTTP/1.1" 200 193371 visitasgijon.es "-" "Mozilla/5.0 (Linux; Android 6.0.1; Nexus 5X Build/MMB29P) AppleWebKit/537.36 (KHTML, like Gecko) Chrome/148.0.7778.96 Mobile Safari/537.36 (compatible; Googlebot/2.1; +http://www.google.com/bot.html)" "-"
92.222.104.0 - - [13/Jun/2026:07:55:04 +0200] "GET /sitemap-600.xml HTTP/1.1" 200 156115 visitasgijon.es "-" "Mozilla/5.0 (compatible; AhrefsBot/7.0; +http://ahrefs.com/robot/)" "-"
92.222.104.0 - - [13/Jun/2026:07:55:06 +0200] "GET /sitemap-70.xml HTTP/1.1" 429 267 visitasgijon.es "-" "Mozilla/5.0 (compatible; AhrefsBot/7.0; +http://ahrefs.com/robot/)" "-"
54.37.118.0 - - [13/Jun/2026:07:55:45 +0200] "GET /sitemap-531.xml HTTP/1.1" 429 267 visitasgijon.es "-" "Mozilla/5.0 (compatible; AhrefsBot/7.0; +http://ahrefs.com/robot/)" "-"
2a03:2880:f800:: - - [13/Jun/2026:07:55:46 +0200] "GET /item/3259842 HTTP/1.1" 404 2129 visitasgijon.es "-" "meta-externalagent/1.1 (+https://developers.facebook.com/docs/sharing/webmasters/crawler)" "-"
37.59.204.0 - - [13/Jun/2026:07:55:52 +0200] "GET /sitemap-468.xml HTTP/1.1" 429 267 visitasgijon.es "-" "Mozilla/5.0 (compatible; AhrefsBot/7.0; +http://ahrefs.com/robot/)" "-"
51.68.247.0 - - [13/Jun/2026:07:55:55 +0200] "GET /sitemap-514.xml HTTP/1.1" 429 267 visitasgijon.es "-" "Mozilla/5.0 (compatible; AhrefsBot/7.0; +http://ahrefs.com/robot/)" "-"
51.68.247.0 - - [13/Jun/2026:07:56:05 +0200] "GET /sitemap-200.xml HTTP/1.1" 429 267 visitasgijon.es "-" "Mozilla/5.0 (compatible; AhrefsBot/7.0; +http://ahrefs.com/robot/)" "-"
17.22.237.0 - - [13/Jun/2026:07:56:06 +0200] "GET /wp-includes/css/dashicons.min.css?ver=5.1.22 HTTP/1.1" 200 29915 visitasgijon.es "https://visitasgijon.es/" "Mozilla/5.0 (Macintosh; Intel Mac OS X 10_15_7) AppleWebKit/605.1.15 (KHTML, like Gecko) Version/17.4 Safari/605.1.15 (Applebot/0.1; +http://www.apple.com/go/applebot)" "-"
51.68.247.0 - - [13/Jun/2026:07:56:06 +0200] "GET /sitemap-958.xml HTTP/1.1" 200 161299 visitasgijon.es "-" "Mozilla/5.0 (compatible; AhrefsBot/7.0; +http://ahrefs.com/robot/)" "-"
17.22.237.0 - - [13/Jun/2026:07:56:07 +0200] "GET /wp-content/themes/shapely/assets/css/bootstrap.min.css?ver=5.1.22 HTTP/1.1" 200 25197 visitasgijon.es "https://visitasgijon.es/" "Mozilla/5.0 (Macintosh; Intel Mac OS X 10_15_7) AppleWebKit/605.1.15 (KHTML, like Gecko) Version/17.4 Safari/605.1.15 (Applebot/0.1; +http://www.apple.com/go/applebot)" "-"
17.22.237.0 - - [13/Jun/2026:07:56:08 +0200] "GET /wp-content/plugins/chatbot-chatgpt/assets/css/chatbot-chatgpt.css?ver=2.2.5 HTTP/1.1" 200 2998 visitasgijon.es "https://visitasgijon.es/" "Mozilla/5.0 (Macintosh; Intel Mac OS X 10_15_7) AppleWebKit/605.1.15 (KHTML, like Gecko) Version/17.4 Safari/605.1.15 (Applebot/0.1; +http://www.apple.com/go/applebot)" "-"
5.39.1.0 - - [13/Jun/2026:07:56:08 +0200] "GET /sitemap-715.xml HTTP/1.1" 200 141697 visitasgijon.es "-" "Mozilla/5.0 (compatible; AhrefsBot/7.0; +http://ahrefs.com/robot/)" "-"
17.22.237.0 - - [13/Jun/2026:07:56:10 +0200] "GET /wp-includes/js/wp-emoji-release.min.js?ver=5.1.22 HTTP/1.1" 200 8212 visitasgijon.es "https://visitasgijon.es/" "Mozilla/5.0 (Macintosh; Intel Mac OS X 10_15_7) AppleWebKit/605.1.15 (KHTML, like Gecko) Version/17.4 Safari/605.1.15 (Applebot/0.1; +http://www.apple.com/go/applebot)" "-"
51.75.236.0 - - [13/Jun/2026:07:56:10 +0200] "GET /sitemap-525.xml HTTP/1.1" 200 169561 visitasgijon.es "-" "Mozilla/5.0 (compatible; AhrefsBot/7.0; +http://ahrefs.com/robot/)" "-"
17.22.237.0 - - [13/Jun/2026:07:56:11 +0200] "GET /wp-includes/css/dist/block-library/style.min.css?ver=5.1.22 HTTP/1.1" 200 5195 visitasgijon.es "https://visitasgijon.es/" "Mozilla/5.0 (Macintosh; Intel Mac OS X 10_15_7) AppleWebKit/605.1.15 (KHTML, like Gecko) Version/17.4 Safari/605.1.15 (Applebot/0.1; +http://www.apple.com/go/applebot)" "-"
51.68.247.0 - - [13/Jun/2026:07:56:11 +0200] "GET /sitemap-535.xml HTTP/1.1" 200 151417 visitasgijon.es "-" "Mozilla/5.0 (compatible; AhrefsBot/7.0; +http://ahrefs.com/robot/)" "-"
17.22.237.0 - - [13/Jun/2026:07:56:13 +0200] "GET /wp-content/plugins/contact-form-7/includes/css/styles.css?ver=5.1.1 HTTP/1.1" 200 704 visitasgijon.es "https://visitasgijon.es/" "Mozilla/5.0 (Macintosh; Intel Mac OS X 10_15_7) AppleWebKit/605.1.15 (KHTML, like Gecko) Version/17.4 Safari/605.1.15 (Applebot/0.1; +http://www.apple.com/go/applebot)" "-"
17.22.237.0 - - [13/Jun/2026:07:56:14 +0200] "GET /wp-content/themes/shapely/assets/css/font-awesome.min.css?ver=5.1.22 HTTP/1.1" 200 7006 visitasgijon.es "https://visitasgijon.es/" "Mozilla/5.0 (Macintosh; Intel Mac OS X 10_15_7) AppleWebKit/605.1.15 (KHTML, like Gecko) Version/17.4 Safari/605.1.15 (Applebot/0.1; +http://www.apple.com/go/applebot)" "-"
17.22.237.0 - - [13/Jun/2026:07:56:16 +0200] "GET /wp-content/themes/shapely/assets/css/flexslider.css?ver=5.1.22 HTTP/1.1" 200 1670 visitasgijon.es "https://visitasgijon.es/" "Mozilla/5.0 (Macintosh; Intel Mac OS X 10_15_7) AppleWebKit/605.1.15 (KHTML, like Gecko) Version/17.4 Safari/605.1.15 (Applebot/0.1; +http://www.apple.com/go/applebot)" "-"
66.249.70.0 - - [13/Jun/2026:07:56:17 +0200] "GET /products/30133420 HTTP/1.1" 200 194307 visitasgijon.es "-" "Mozilla/5.0 (Linux; Android 6.0.1; Nexus 5X Build/MMB29P) AppleWebKit/537.36 (KHTML, like Gecko) Chrome/148.0.7778.96 Mobile Safari/537.36 (compatible; Googlebot/2.1; +http://www.google.com/bot.html)" "-"
17.22.237.0 - - [13/Jun/2026:07:56:17 +0200] "GET /wp-content/themes/shapely/style.css?ver=5.1.22 HTTP/1.1" 200 20688 visitasgijon.es "https://visitasgijon.es/" "Mozilla/5.0 (Macintosh; Intel Mac OS X 10_15_7) AppleWebKit/605.1.15 (KHTML, like Gecko) Version/17.4 Safari/605.1.15 (Applebot/0.1; +http://www.apple.com/go/applebot)" "-"
17.22.237.0 - - [13/Jun/2026:07:56:19 +0200] "GET /wp-content/themes/shapely/assets/js/owl-carousel/owl.carousel.min.css?ver=5.1.22 HTTP/1.1" 200 992 visitasgijon.es "https://visitasgijon.es/" "Mozilla/5.0 (Macintosh; Intel Mac OS X 10_15_7) AppleWebKit/605.1.15 (KHTML, like Gecko) Version/17.4 Safari/605.1.15 (Applebot/0.1; +http://www.apple.com/go/applebot)" "-"
17.22.237.0 - - [13/Jun/2026:07:56:20 +0200] "GET /wp-content/themes/shapely/assets/js/owl-carousel/owl.theme.default.css?ver=5.1.22 HTTP/1.1" 200 584 visitasgijon.es "https://visitasgijon.es/" "Mozilla/5.0 (Macintosh; Intel Mac OS X 10_15_7) AppleWebKit/605.1.15 (KHTML, like Gecko) Version/17.4 Safari/605.1.15 (Applebot/0.1; +http://www.apple.com/go/applebot)" "-"
17.22.237.0 - - [13/Jun/2026:07:56:22 +0200] "GET /wp-content/plugins/booking/assets/libs/bootstrap/css/bootstrap.css?ver=3.3.5.1 HTTP/1.1" 200 30104 visitasgijon.es "https://visitasgijon.es/" "Mozilla/5.0 (Macintosh; Intel Mac OS X 10_15_7) AppleWebKit/605.1.15 (KHTML, like Gecko) Version/17.4 Safari/605.1.15 (Applebot/0.1; +http://www.apple.com/go/applebot)" "-"
17.22.237.0 - - [13/Jun/2026:07:56:23 +0200] "GET /wp-content/plugins/booking/assets/libs/bootstrap/css/bootstrap-theme.css?ver=3.3.5.1 HTTP/1.1" 200 3619 visitasgijon.es "https://visitasgijon.es/" "Mozilla/5.0 (Macintosh; Intel Mac OS X 10_15_7) AppleWebKit/605.1.15 (KHTML, like Gecko) Version/17.4 Safari/605.1.15 (Applebot/0.1; +http://www.apple.com/go/applebot)" "-"
17.22.237.0 - - [13/Jun/2026:07:56:25 +0200] "GET /wp-content/plugins/booking/css/client.css?ver=8.4.6 HTTP/1.1" 200 3506 visitasgijon.es "https://visitasgijon.es/" "Mozilla/5.0 (Macintosh; Intel Mac OS X 10_15_7) AppleWebKit/605.1.15 (KHTML, like Gecko) Version/17.4 Safari/605.1.15 (Applebot/0.1; +http://www.apple.com/go/applebot)" "-"
17.22.237.0 - - [13/Jun/2026:07:56:26 +0200] "GET /wp-content/plugins/booking/css/timeline.css?ver=8.4.6 HTTP/1.1" 200 5515 visitasgijon.es "https://visitasgijon.es/" "Mozilla/5.0 (Macintosh; Intel Mac OS X 10_15_7) AppleWebKit/605.1.15 (KHTML, like Gecko) Version/17.4 Safari/605.1.15 (Applebot/0.1; +http://www.apple.com/go/applebot)" "-"
17.22.237.0 - - [13/Jun/2026:07:56:28 +0200] "GET /wp-content/plugins/booking/css/calendar.css?ver=8.4.6 HTTP/1.1" 200 4592 visitasgijon.es "https://visitasgijon.es/" "Mozilla/5.0 (Macintosh; Intel Mac OS X 10_15_7) AppleWebKit/605.1.15 (KHTML, like Gecko) Version/17.4 Safari/605.1.15 (Applebot/0.1; +http://www.apple.com/go/applebot)" "-"
17.22.237.0 - - [13/Jun/2026:07:56:29 +0200] "GET /wp-content/plugins/booking/css/skins/traditional.css?ver=8.4.6 HTTP/1.1" 200 2399 visitasgijon.es "https://visitasgijon.es/" "Mozilla/5.0 (Macintosh; Intel Mac OS X 10_15_7) AppleWebKit/605.1.15 (KHTML, like Gecko) Version/17.4 Safari/605.1.15 (Applebot/0.1; +http://www.apple.com/go/applebot)" "-"
17.22.237.0 - - [13/Jun/2026:07:56:31 +0200] "GET /wp-includes/js/jquery/jquery.js?ver=1.12.4 HTTP/1.1" 200 43035 visitasgijon.es "https://visitasgijon.es/" "Mozilla/5.0 (Macintosh; Intel Mac OS X 10_15_7) AppleWebKit/605.1.15 (KHTML, like Gecko) Version/17.4 Safari/605.1.15 (Applebot/0.1; +http://www.apple.com/go/applebot)" "-"
17.22.237.0 - - [13/Jun/2026:07:56:32 +0200] "GET /wp-includes/js/jquery/jquery-migrate.min.js?ver=1.4.1 HTTP/1.1" 200 7684 visitasgijon.es "https://visitasgijon.es/" "Mozilla/5.0 (Macintosh; Intel Mac OS X 10_15_7) AppleWebKit/605.1.15 (KHTML, like Gecko) Version/17.4 Safari/605.1.15 (Applebot/0.1; +http://www.apple.com/go/applebot)" "-"
17.22.237.0 - - [13/Jun/2026:07:56:34 +0200] "GET /wp-content/plugins/booking/js/wpbc_vars.js?ver=8.4.6 HTTP/1.1" 200 4947 visitasgijon.es "https://visitasgijon.es/" "Mozilla/5.0 (Macintosh; Intel Mac OS X 10_15_7) AppleWebKit/605.1.15 (KHTML, like Gecko) Version/17.4 Safari/605.1.15 (Applebot/0.1; +http://www.apple.com/go/applebot)" "-"
17.22.237.0 - - [13/Jun/2026:07:56:35 +0200] "GET /wp-content/plugins/booking/assets/libs/bootstrap/js/bootstrap.js?ver=3.3.5.1 HTTP/1.1" 429 267 visitasgijon.es "https://visitasgijon.es/" "Mozilla/5.0 (Macintosh; Intel Mac OS X 10_15_7) AppleWebKit/605.1.15 (KHTML, like Gecko) Version/17.4 Safari/605.1.15 (Applebot/0.1; +http://www.apple.com/go/applebot)" "-"
17.22.237.0 - - [13/Jun/2026:07:56:37 +0200] "GET /wp-content/plugins/booking/js/datepick/jquery.datepick.js?ver=1.1 HTTP/1.1" 429 267 visitasgijon.es "https://visitasgijon.es/" "Mozilla/5.0 (Macintosh; Intel Mac OS X 10_15_7) AppleWebKit/605.1.15 (KHTML, like Gecko) Version/17.4 Safari/605.1.15 (Applebot/0.1; +http://www.apple.com/go/applebot)" "-"
17.22.237.0 - - [13/Jun/2026:07:56:38 +0200] "GET /wp-content/plugins/booking/js/datepick/jquery.datepick-es.js?ver=1.1 HTTP/1.1" 429 267 visitasgijon.es "https://visitasgijon.es/" "Mozilla/5.0 (Macintosh; Intel Mac OS X 10_15_7) AppleWebKit/605.1.15 (KHTML, like Gecko) Version/17.4 Safari/605.1.15 (Applebot/0.1; +http://www.apple.com/go/applebot)" "-"
17.22.237.0 - - [13/Jun/2026:07:56:39 +0200] "GET /wp-content/plugins/booking/js/client.js?ver=8.4.6 HTTP/1.1" 429 267 visitasgijon.es "https://visitasgijon.es/" "Mozilla/5.0 (Macintosh; Intel Mac OS X 10_15_7) AppleWebKit/605.1.15 (KHTML, like Gecko) Version/17.4 Safari/605.1.15 (Applebot/0.1; +http://www.apple.com/go/applebot)" "-"
17.22.237.0 - - [13/Jun/2026:07:56:41 +0200] "GET /wp-content/plugins/booking/js/wpbc_times.js?ver=8.4.6 HTTP/1.1" 429 267 visitasgijon.es "https://visitasgijon.es/" "Mozilla/5.0 (Macintosh; Intel Mac OS X 10_15_7) AppleWebKit/605.1.15 (KHTML, like Gecko) Version/17.4 Safari/605.1.15 (Applebot/0.1; +http://www.apple.com/go/applebot)" "-"
17.22.237.0 - - [13/Jun/2026:07:56:42 +0200] "GET /wp-content/plugins/chatbot-chatgpt/assets/js/chatbot-chatgpt.js?ver=2.2.5 HTTP/1.1" 429 267 visitasgijon.es "https://visitasgijon.es/" "Mozilla/5.0 (Macintosh; Intel Mac OS X 10_15_7) AppleWebKit/605.1.15 (KHTML, like Gecko) Version/17.4 Safari/605.1.15 (Applebot/0.1; +http://www.apple.com/go/applebot)" "-"
17.22.237.0 - - [13/Jun/2026:07:56:44 +0200] "GET /wp-content/plugins/chatbot-chatgpt/assets/js/purify.min.js?ver=2.2.5 HTTP/1.1" 429 267 visitasgijon.es "https://visitasgijon.es/" "Mozilla/5.0 (Macintosh; Intel Mac OS X 10_15_7) AppleWebKit/605.1.15 (KHTML, like Gecko) Version/17.4 Safari/605.1.15 (Applebot/0.1; +http://www.apple.com/go/applebot)" "-"
51.68.247.0 - - [13/Jun/2026:07:56:44 +0200] "GET /sitemap-481.xml HTTP/1.1" 200 180091 visitasgijon.es "-" "Mozilla/5.0 (compatible; AhrefsBot/7.0; +http://ahrefs.com/robot/)" "-"
17.22.237.0 - - [13/Jun/2026:07:56:46 +0200] "GET /wp-content/plugins/chatbot-chatgpt/assets/js/tex-mml-chtml.js?ver=2.2.5 HTTP/1.1" 429 267 visitasgijon.es "https://visitasgijon.es/" "Mozilla/5.0 (Macintosh; Intel Mac OS X 10_15_7) AppleWebKit/605.1.15 (KHTML, like Gecko) Version/17.4 Safari/605.1.15 (Applebot/0.1; +http://www.apple.com/go/applebot)" "-"
94.23.188.0 - - [13/Jun/2026:07:56:46 +0200] "GET /sitemap-3.xml HTTP/1.1" 200 139753 visitasgijon.es "-" "Mozilla/5.0 (compatible; AhrefsBot/7.0; +http://ahrefs.com/robot/)" "-"
17.22.237.0 - - [13/Jun/2026:07:56:47 +0200] "GET /wp-content/plugins/contact-form-7/includes/js/scripts.js?ver=5.1.1 HTTP/1.1" 429 267 visitasgijon.es "https://visitasgijon.es/" "Mozilla/5.0 (Macintosh; Intel Mac OS X 10_15_7) AppleWebKit/605.1.15 (KHTML, like Gecko) Version/17.4 Safari/605.1.15 (Applebot/0.1; +http://www.apple.com/go/applebot)" "-"
51.75.236.0 - - [13/Jun/2026:07:56:48 +0200] "GET /sitemap-669.xml HTTP/1.1" 200 158545 visitasgijon.es "-" "Mozilla/5.0 (compatible; AhrefsBot/7.0; +http://ahrefs.com/robot/)" "-"
17.22.237.0 - - [13/Jun/2026:07:56:49 +0200] "GET /wp-content/themes/shapely/assets/js/skip-link-focus-fix.js?ver=20160115 HTTP/1.1" 429 267 visitasgijon.es "https://visitasgijon.es/" "Mozilla/5.0 (Macintosh; Intel Mac OS X 10_15_7) AppleWebKit/605.1.15 (KHTML, like Gecko) Version/17.4 Safari/605.1.15 (Applebot/0.1; +http://www.apple.com/go/applebot)" "-"
92.222.104.0 - - [13/Jun/2026:07:56:50 +0200] "GET /sitemap-832.xml HTTP/1.1" 200 146233 visitasgijon.es "-" "Mozilla/5.0 (compatible; AhrefsBot/7.0; +http://ahrefs.com/robot/)" "-"
17.22.237.0 - - [13/Jun/2026:07:56:51 +0200] "GET /wp-content/themes/shapely/assets/js/flexslider.min.js?ver=20160222 HTTP/1.1" 429 267 visitasgijon.es "https://visitasgijon.es/" "Mozilla/5.0 (Macintosh; Intel Mac OS X 10_15_7) AppleWebKit/605.1.15 (KHTML, like Gecko) Version/17.4 Safari/605.1.15 (Applebot/0.1; +http://www.apple.com/go/applebot)" "-"
92.222.104.0 - - [13/Jun/2026:07:56:51 +0200] "GET /sitemap-428.xml HTTP/1.1" 200 172315 visitasgijon.es "-" "Mozilla/5.0 (compatible; AhrefsBot/7.0; +http://ahrefs.com/robot/)" "-"
17.22.237.0 - - [13/Jun/2026:07:56:52 +0200] "GET /wp-content/themes/shapely/assets/js/parallax.min.js?ver=20160115 HTTP/1.1" 429 267 visitasgijon.es "https://visitasgijon.es/" "Mozilla/5.0 (Macintosh; Intel Mac OS X 10_15_7) AppleWebKit/605.1.15 (KHTML, like Gecko) Version/17.4 Safari/605.1.15 (Applebot/0.1; +http://www.apple.com/go/applebot)" "-"
2a03:2880:f800:: - - [13/Jun/2026:07:56:53 +0200] "GET /item/4806915 HTTP/1.1" 404 2129 visitasgijon.es "-" "meta-externalagent/1.1 (+https://developers.facebook.com/docs/sharing/webmasters/crawler)" "-"
51.75.236.0 - - [13/Jun/2026:07:56:53 +0200] "GET /sitemap-312.xml HTTP/1.1" 200 158545 visitasgijon.es "-" "Mozilla/5.0 (compatible; AhrefsBot/7.0; +http://ahrefs.com/robot/)" "-"
17.22.237.0 - - [13/Jun/2026:07:56:54 +0200] "GET /wp-content/themes/shapely/assets/js/owl-carousel/owl.carousel.min.js?ver=20160115 HTTP/1.1" 429 267 visitasgijon.es "https://visitasgijon.es/" "Mozilla/5.0 (Macintosh; Intel Mac OS X 10_15_7) AppleWebKit/605.1.15 (KHTML, like Gecko) Version/17.4 Safari/605.1.15 (Applebot/0.1; +http://www.apple.com/go/applebot)" "-"
92.222.104.0 - - [13/Jun/2026:07:56:55 +0200] "GET /sitemap-346.xml HTTP/1.1" 200 188029 visitasgijon.es "-" "Mozilla/5.0 (compatible; AhrefsBot/7.0; +http://ahrefs.com/robot/)" "-"
17.22.237.0 - - [13/Jun/2026:07:56:55 +0200] "GET /wp-includes/js/imagesloaded.min.js?ver=3.2.0 HTTP/1.1" 429 267 visitasgijon.es "https://visitasgijon.es/" "Mozilla/5.0 (Macintosh; Intel Mac OS X 10_15_7) AppleWebKit/605.1.15 (KHTML, like Gecko) Version/17.4 Safari/605.1.15 (Applebot/0.1; +http://www.apple.com/go/applebot)" "-"
17.22.237.0 - - [13/Jun/2026:07:56:57 +0200] "GET /wp-content/themes/shapely/assets/js/shapely-scripts.js?ver=20180423 HTTP/1.1" 429 267 visitasgijon.es "https://visitasgijon.es/" "Mozilla/5.0 (Macintosh; Intel Mac OS X 10_15_7) AppleWebKit/605.1.15 (KHTML, like Gecko) Version/17.4 Safari/605.1.15 (Applebot/0.1; +http://www.apple.com/go/applebot)" "-"
51.68.247.0 - - [13/Jun/2026:07:56:57 +0200] "GET /sitemap-665.xml HTTP/1.1" 200 130843 visitasgijon.es "-" "Mozilla/5.0 (compatible; AhrefsBot/7.0; +http://ahrefs.com/robot/)" "-"
92.222.108.0 - - [13/Jun/2026:07:56:58 +0200] "GET /sitemap-294.xml HTTP/1.1" 200 162109 visitasgijon.es "-" "Mozilla/5.0 (compatible; AhrefsBot/7.0; +http://ahrefs.com/robot/)" "-"
17.22.237.0 - - [13/Jun/2026:07:56:59 +0200] "GET /wp-includes/js/wp-embed.min.js?ver=5.1.22 HTTP/1.1" 429 267 visitasgijon.es "https://visitasgijon.es/" "Mozilla/5.0 (Macintosh; Intel Mac OS X 10_15_7) AppleWebKit/605.1.15 (KHTML, like Gecko) Version/17.4 Safari/605.1.15 (Applebot/0.1; +http://www.apple.com/go/applebot)" "-"
51.68.247.0 - - [13/Jun/2026:07:57:00 +0200] "GET /sitemap-48.xml HTTP/1.1" 200 153523 visitasgijon.es "-" "Mozilla/5.0 (compatible; AhrefsBot/7.0; +http://ahrefs.com/robot/)" "-"
51.68.247.0 - - [13/Jun/2026:07:57:02 +0200] "GET /sitemap-880.xml HTTP/1.1" 200 176365 visitasgijon.es "-" "Mozilla/5.0 (compatible; AhrefsBot/7.0; +http://ahrefs.com/robot/)" "-"
176.31.139.0 - - [13/Jun/2026:07:57:08 +0200] "GET /sitemap-414.xml HTTP/1.1" 200 157411 visitasgijon.es "-" "Mozilla/5.0 (compatible; AhrefsBot/7.0; +http://ahrefs.com/robot/)" "-"
5.39.1.0 - - [13/Jun/2026:07:57:10 +0200] "GET /sitemap-489.xml HTTP/1.1" 200 170695 visitasgijon.es "-" "Mozilla/5.0 (compatible; AhrefsBot/7.0; +http://ahrefs.com/robot/)" "-"
37.59.204.0 - - [13/Jun/2026:07:57:12 +0200] "GET /sitemap-241.xml HTTP/1.1" 200 182359 visitasgijon.es "-" "Mozilla/5.0 (compatible; AhrefsBot/7.0; +http://ahrefs.com/robot/)" "-"
94.23.188.0 - - [13/Jun/2026:07:57:14 +0200] "GET /sitemap-755.xml HTTP/1.1" 200 137809 visitasgijon.es "-" "Mozilla/5.0 (compatible; AhrefsBot/7.0; +http://ahrefs.com/robot/)" "-"
176.31.139.0 - - [13/Jun/2026:07:57:17 +0200] "GET /sitemap-913.xml HTTP/1.1" 200 150931 visitasgijon.es "-" "Mozilla/5.0 (compatible; AhrefsBot/7.0; +http://ahrefs.com/robot/)" "-"
157.55.39.0 - - [13/Jun/2026:07:57:41 +0200] "GET /item/1385764 HTTP/1.1" 200 187832 www.visitasgijon.es "-" "Mozilla/5.0 AppleWebKit/537.36 (KHTML, like Gecko; compatible; bingbot/2.0; +http://www.bing.com/bingbot.htm) Chrome/116.0.1938.76 Safari/537.36" "-"
52.167.144.0 - - [13/Jun/2026:07:57:44 +0200] "GET /products/6895786 HTTP/1.1" 200 191256 www.visitasgijon.es "-" "Mozilla/5.0 AppleWebKit/537.36 (KHTML, like Gecko; compatible; bingbot/2.0; +http://www.bing.com/bingbot.htm) Chrome/116.0.1938.76 Safari/537.36" "-"
52.167.144.0 - - [13/Jun/2026:07:57:44 +0200] "GET /products/4107275 HTTP/1.1" 200 189635 www.visitasgijon.es "-" "Mozilla/5.0 AppleWebKit/537.36 (KHTML, like Gecko; compatible; bingbot/2.0; +http://www.bing.com/bingbot.htm) Chrome/116.0.1938.76 Safari/537.36" "-"
2a03:2880:f800:: - - [13/Jun/2026:07:58:00 +0200] "GET /item/3312505 HTTP/1.1" 404 2129 visitasgijon.es "-" "meta-externalagent/1.1 (+https://developers.facebook.com/docs/sharing/webmasters/crawler)" "-"
66.249.70.0 - - [13/Jun/2026:07:58:20 +0200] "GET /products/26472831 HTTP/1.1" 200 194622 visitasgijon.es "-" "Mozilla/5.0 (Linux; Android 6.0.1; Nexus 5X Build/MMB29P) AppleWebKit/537.36 (KHTML, like Gecko) Chrome/148.0.7778.96 Mobile Safari/537.36 (compatible; Googlebot/2.1; +http://www.google.com/bot.html)" "-"
66.249.70.0 - - [13/Jun/2026:07:58:27 +0200] "GET /products/27642964 HTTP/1.1" 200 185964 visitasgijon.es "-" "Mozilla/5.0 (Linux; Android 6.0.1; Nexus 5X Build/MMB29P) AppleWebKit/537.36 (KHTML, like Gecko) Chrome/148.0.7778.96 Mobile Safari/537.36 (compatible; Googlebot/2.1; +http://www.google.com/bot.html)" "-"
124.156.200.0 - - [13/Jun/2026:07:58:31 +0200] "GET / HTTP/1.1" 200 229 vanturexperiences.com "-" "Mozilla/5.0 (iPhone; CPU iPhone OS 13_2_3 like Mac OS X) AppleWebKit/605.1.15 (KHTML, like Gecko) Version/13.0.3 Mobile/15E148 Safari/604.1" "-"
66.249.70.0 - - [13/Jun/2026:07:58:38 +0200] "GET /products/2902608 HTTP/1.1" 200 188312 visitasgijon.es "-" "Mozilla/5.0 (Linux; Android 6.0.1; Nexus 5X Build/MMB29P) AppleWebKit/537.36 (KHTML, like Gecko) Chrome/148.0.7778.96 Mobile Safari/537.36 (compatible; Googlebot/2.1; +http://www.google.com/bot.html)" "-"
157.55.39.0 - - [13/Jun/2026:07:58:40 +0200] "GET /item/4133397 HTTP/1.1" 200 185310 visitasgijon.es "-" "Mozilla/5.0 AppleWebKit/537.36 (KHTML, like Gecko; compatible; bingbot/2.0; +http://www.bing.com/bingbot.htm) Chrome/116.0.1938.76 Safari/537.36" "-"
40.77.167.0 - - [13/Jun/2026:07:58:45 +0200] "GET /item/2171307 HTTP/1.1" 200 186757 visitasgijon.es "-" "Mozilla/5.0 AppleWebKit/537.36 (KHTML, like Gecko; compatible; bingbot/2.0; +http://www.bing.com/bingbot.htm) Chrome/116.0.1938.76 Safari/537.36" "-"
2a03:2880:f800:: - - [13/Jun/2026:07:59:06 +0200] "GET /item/3991630 HTTP/1.1" 404 2129 visitasgijon.es "-" "meta-externalagent/1.1 (+https://developers.facebook.com/docs/sharing/webmasters/crawler)" "-"
2a03:2880:f800:: - - [13/Jun/2026:08:00:13 +0200] "GET /item/3918135 HTTP/1.1" 404 2129 visitasgijon.es "-" "meta-externalagent/1.1 (+https://developers.facebook.com/docs/sharing/webmasters/crawler)" "-"
82.165.83.0 - - [13/Jun/2026:08:00:14 +0200] "POST /wp-cron.php?doing_wp_cron=1781330413.9457240104675292968750 HTTP/1.1" 200 - visitasgijon.es "https://visitasgijon.es/wp-cron.php?doing_wp_cron=1781330413.9457240104675292968750" "WordPress/5.1.22; https://visitasgijon.es" "-"
2a03:2880:f800:: - - [13/Jun/2026:08:01:19 +0200] "GET /item/2909961 HTTP/1.1" 404 2129 visitasgijon.es "-" "meta-externalagent/1.1 (+https://developers.facebook.com/docs/sharing/webmasters/crawler)" "-"
2a03:2880:f800:: - - [13/Jun/2026:08:02:26 +0200] "GET /item/4726376 HTTP/1.1" 404 2129 visitasgijon.es "-" "meta-externalagent/1.1 (+https://developers.facebook.com/docs/sharing/webmasters/crawler)" "-"
52.167.144.0 - - [13/Jun/2026:08:03:02 +0200] "GET /item/2468960 HTTP/1.1" 200 197760 www.visitasgijon.es "-" "Mozilla/5.0 AppleWebKit/537.36 (KHTML, like Gecko; compatible; bingbot/2.0; +http://www.bing.com/bingbot.htm) Chrome/116.0.1938.76 Safari/537.36" "-"
66.249.70.0 - - [13/Jun/2026:08:03:33 +0200] "GET /products/15032308 HTTP/1.1" 200 185402 visitasgijon.es "-" "Mozilla/5.0 (Linux; Android 6.0.1; Nexus 5X Build/MMB29P) AppleWebKit/537.36 (KHTML, like Gecko) Chrome/148.0.7778.96 Mobile Safari/537.36 (compatible; Googlebot/2.1; +http://www.google.com/bot.html)" "-"
2a03:2880:f800:: - - [13/Jun/2026:08:03:33 +0200] "GET /item/2584413 HTTP/1.1" 404 2129 visitasgijon.es "-" "meta-externalagent/1.1 (+https://developers.facebook.com/docs/sharing/webmasters/crawler)" "-"
66.249.70.0 - - [13/Jun/2026:08:03:52 +0200] "GET /products/13525597 HTTP/1.1" 200 185619 visitasgijon.es "-" "Mozilla/5.0 (Linux; Android 6.0.1; Nexus 5X Build/MMB29P) AppleWebKit/537.36 (KHTML, like Gecko) Chrome/148.0.7778.96 Mobile Safari/537.36 (compatible; Googlebot/2.1; +http://www.google.com/bot.html)" "-"
66.249.70.0 - - [13/Jun/2026:08:04:16 +0200] "GET /products/9847075 HTTP/1.1" 200 191697 visitasgijon.es "-" "Mozilla/5.0 (Linux; Android 6.0.1; Nexus 5X Build/MMB29P) AppleWebKit/537.36 (KHTML, like Gecko) Chrome/148.0.7778.96 Mobile Safari/537.36 (compatible; Googlebot/2.1; +http://www.google.com/bot.html)" "-"
2a03:2880:f800:: - - [13/Jun/2026:08:04:39 +0200] "GET /item/3561072 HTTP/1.1" 404 2129 visitasgijon.es "-" "meta-externalagent/1.1 (+https://developers.facebook.com/docs/sharing/webmasters/crawler)" "-"
216.73.216.0 - - [13/Jun/2026:08:05:07 +0200] "GET /robots.txt HTTP/1.1" 200 85 visitasgijon.es "-" "Mozilla/5.0 AppleWebKit/537.36 (KHTML, like Gecko; compatible; ClaudeBot/1.0; +claudebot@anthropic.com)" "-"
216.73.216.0 - - [13/Jun/2026:08:05:09 +0200] "GET /sitemap.xml HTTP/1.1" 200 3212 visitasgijon.es "-" "Mozilla/5.0 AppleWebKit/537.36 (KHTML, like Gecko; compatible; ClaudeBot/1.0; +claudebot@anthropic.com)" "-"
2a03:2880:f800:: - - [13/Jun/2026:08:05:46 +0200] "GET /item/4829645 HTTP/1.1" 404 2129 visitasgijon.es "-" "meta-externalagent/1.1 (+https://developers.facebook.com/docs/sharing/webmasters/crawler)" "-"
66.249.70.0 - - [13/Jun/2026:08:06:15 +0200] "GET /products/8680820 HTTP/1.1" 200 183283 visitasgijon.es "-" "Mozilla/5.0 (Linux; Android 6.0.1; Nexus 5X Build/MMB29P) AppleWebKit/537.36 (KHTML, like Gecko) Chrome/148.0.7778.96 Mobile Safari/537.36 (compatible; Googlebot/2.1; +http://www.google.com/bot.html)" "-"
2a03:2880:f800:: - - [13/Jun/2026:08:06:52 +0200] "GET /item/2600141 HTTP/1.1" 404 2129 visitasgijon.es "-" "meta-externalagent/1.1 (+https://developers.facebook.com/docs/sharing/webmasters/crawler)" "-"
66.249.70.0 - - [13/Jun/2026:08:07:06 +0200] "GET /products/25922175 HTTP/1.1" 200 187841 visitasgijon.es "-" "Mozilla/5.0 (Linux; Android 6.0.1; Nexus 5X Build/MMB29P) AppleWebKit/537.36 (KHTML, like Gecko) Chrome/148.0.7778.96 Mobile Safari/537.36 (compatible; Googlebot/2.1; +http://www.google.com/bot.html)" "-"
2a03:2880:f800:: - - [13/Jun/2026:08:07:59 +0200] "GET /item/2966532 HTTP/1.1" 404 2129 visitasgijon.es "-" "meta-externalagent/1.1 (+https://developers.facebook.com/docs/sharing/webmasters/crawler)" "-"
40.77.167.0 - - [13/Jun/2026:08:08:13 +0200] "GET /products/11470986 HTTP/1.1" 200 193915 www.visitasgijon.es "-" "Mozilla/5.0 AppleWebKit/537.36 (KHTML, like Gecko; compatible; bingbot/2.0; +http://www.bing.com/bingbot.htm) Chrome/116.0.1938.76 Safari/537.36" "-"
52.167.144.0 - - [13/Jun/2026:08:08:18 +0200] "GET /products/8423719 HTTP/1.1" 200 185331 www.visitasgijon.es "-" "Mozilla/5.0 AppleWebKit/537.36 (KHTML, like Gecko; compatible; bingbot/2.0; +http://www.bing.com/bingbot.htm) Chrome/116.0.1938.76 Safari/537.36" "-"
157.55.39.0 - - [13/Jun/2026:08:08:23 +0200] "GET /item/2586204 HTTP/1.1" 200 185799 visitasgijon.es "-" "Mozilla/5.0 AppleWebKit/537.36 (KHTML, like Gecko; compatible; bingbot/2.0; +http://www.bing.com/bingbot.htm) Chrome/116.0.1938.76 Safari/537.36" "-"
66.249.70.0 - - [13/Jun/2026:08:08:34 +0200] "GET /products/21627520 HTTP/1.1" 200 199826 visitasgijon.es "-" "Mozilla/5.0 (Linux; Android 6.0.1; Nexus 5X Build/MMB29P) AppleWebKit/537.36 (KHTML, like Gecko) Chrome/148.0.7778.96 Mobile Safari/537.36 (compatible; Googlebot/2.1; +http://www.google.com/bot.html)" "-"
66.249.70.0 - - [13/Jun/2026:08:08:59 +0200] "GET /products/28774631 HTTP/1.1" 200 197067 visitasgijon.es "-" "Mozilla/5.0 (Linux; Android 6.0.1; Nexus 5X Build/MMB29P) AppleWebKit/537.36 (KHTML, like Gecko) Chrome/148.0.7778.96 Mobile Safari/537.36 (compatible; Googlebot/2.1; +http://www.google.com/bot.html)" "-"
2a03:2880:f800:: - - [13/Jun/2026:08:09:06 +0200] "GET /item/2317285 HTTP/1.1" 404 2129 visitasgijon.es "-" "meta-externalagent/1.1 (+https://developers.facebook.com/docs/sharing/webmasters/crawler)" "-"
2a03:2880:f800:: - - [13/Jun/2026:08:10:13 +0200] "GET /item/4383893 HTTP/1.1" 404 2129 visitasgijon.es "-" "meta-externalagent/1.1 (+https://developers.facebook.com/docs/sharing/webmasters/crawler)" "-"
2a03:2880:f800:: - - [13/Jun/2026:08:11:20 +0200] "GET /item/3013281 HTTP/1.1" 404 2129 visitasgijon.es "-" "meta-externalagent/1.1 (+https://developers.facebook.com/docs/sharing/webmasters/crawler)" "-"
52.167.144.0 - - [13/Jun/2026:08:11:53 +0200] "GET /item/1845855 HTTP/1.1" 200 193647 www.visitasgijon.es "-" "Mozilla/5.0 AppleWebKit/537.36 (KHTML, like Gecko; compatible; bingbot/2.0; +http://www.bing.com/bingbot.htm) Chrome/116.0.1938.76 Safari/537.36" "-"
52.167.144.0 - - [13/Jun/2026:08:11:54 +0200] "GET /item/1594683 HTTP/1.1" 200 194501 www.visitasgijon.es "-" "Mozilla/5.0 AppleWebKit/537.36 (KHTML, like Gecko; compatible; bingbot/2.0; +http://www.bing.com/bingbot.htm) Chrome/116.0.1938.76 Safari/537.36" "-"
2a03:2880:f800:: - - [13/Jun/2026:08:12:26 +0200] "GET /item/4175861 HTTP/1.1" 404 2129 visitasgijon.es "-" "meta-externalagent/1.1 (+https://developers.facebook.com/docs/sharing/webmasters/crawler)" "-"
52.167.144.0 - - [13/Jun/2026:08:12:46 +0200] "GET /item/4868713 HTTP/1.1" 200 198530 visitasgijon.es "-" "Mozilla/5.0 AppleWebKit/537.36 (KHTML, like Gecko; compatible; bingbot/2.0; +http://www.bing.com/bingbot.htm) Chrome/116.0.1938.76 Safari/537.36" "-"
66.249.70.0 - - [13/Jun/2026:08:13:28 +0200] "GET /products/15377908 HTTP/1.1" 200 185880 visitasgijon.es "-" "Mozilla/5.0 (Linux; Android 6.0.1; Nexus 5X Build/MMB29P) AppleWebKit/537.36 (KHTML, like Gecko) Chrome/148.0.7778.96 Mobile Safari/537.36 (compatible; Googlebot/2.1; +http://www.google.com/bot.html)" "-"
2a03:2880:f800:: - - [13/Jun/2026:08:13:32 +0200] "GET /item/2687731 HTTP/1.1" 404 2129 visitasgijon.es "-" "meta-externalagent/1.1 (+https://developers.facebook.com/docs/sharing/webmasters/crawler)" "-"
207.46.13.0 - - [13/Jun/2026:08:14:35 +0200] "GET /item/3100582 HTTP/1.1" 200 187084 visitasgijon.es "-" "Mozilla/5.0 AppleWebKit/537.36 (KHTML, like Gecko; compatible; bingbot/2.0; +http://www.bing.com/bingbot.htm) Chrome/116.0.1938.76 Safari/537.36" "-"
2a03:2880:f800:: - - [13/Jun/2026:08:14:39 +0200] "GET /item/4619824 HTTP/1.1" 404 2129 visitasgijon.es "-" "meta-externalagent/1.1 (+https://developers.facebook.com/docs/sharing/webmasters/crawler)" "-"
52.167.144.0 - - [13/Jun/2026:08:14:45 +0200] "GET /item/3890397 HTTP/1.1" 200 181806 visitasgijon.es "-" "Mozilla/5.0 AppleWebKit/537.36 (KHTML, like Gecko; compatible; bingbot/2.0; +http://www.bing.com/bingbot.htm) Chrome/116.0.1938.76 Safari/537.36" "-"
52.167.144.0 - - [13/Jun/2026:08:14:46 +0200] "GET /item/3849264 HTTP/1.1" 200 193474 visitasgijon.es "-" "Mozilla/5.0 AppleWebKit/537.36 (KHTML, like Gecko; compatible; bingbot/2.0; +http://www.bing.com/bingbot.htm) Chrome/116.0.1938.76 Safari/537.36" "-"
66.249.70.0 - - [13/Jun/2026:08:14:47 +0200] "GET /products/14489120 HTTP/1.1" 200 185395 visitasgijon.es "-" "Mozilla/5.0 (Linux; Android 6.0.1; Nexus 5X Build/MMB29P) AppleWebKit/537.36 (KHTML, like Gecko) Chrome/148.0.7778.96 Mobile Safari/537.36 (compatible; Googlebot/2.1; +http://www.google.com/bot.html)" "-"
2a03:2880:f800:: - - [13/Jun/2026:08:15:46 +0200] "GET /item/4115218 HTTP/1.1" 404 2129 visitasgijon.es "-" "meta-externalagent/1.1 (+https://developers.facebook.com/docs/sharing/webmasters/crawler)" "-"
32.197.64.0 - - [13/Jun/2026:08:15:49 +0200] "GET / HTTP/1.1" 200 36605 visitasgijon.es "-" "Mozilla/5.0 (Windows NT 10.0; Win64; x64) AppleWebKit/537.36 (KHTML, like Gecko) Chrome/86.0.4240.75 Safari/537.36" "-"
2a03:2880:f800:: - - [13/Jun/2026:08:16:53 +0200] "GET /item/3530778 HTTP/1.1" 404 2129 visitasgijon.es "-" "meta-externalagent/1.1 (+https://developers.facebook.com/docs/sharing/webmasters/crawler)" "-"
2a03:2880:f800:: - - [13/Jun/2026:08:17:59 +0200] "GET /item/3175661 HTTP/1.1" 404 2129 visitasgijon.es "-" "meta-externalagent/1.1 (+https://developers.facebook.com/docs/sharing/webmasters/crawler)" "-"
66.249.70.0 - - [13/Jun/2026:08:18:54 +0200] "GET /products/28258842 HTTP/1.1" 200 187274 visitasgijon.es "-" "Mozilla/5.0 (Linux; Android 6.0.1; Nexus 5X Build/MMB29P) AppleWebKit/537.36 (KHTML, like Gecko) Chrome/148.0.7778.96 Mobile Safari/537.36 (compatible; Googlebot/2.1; +http://www.google.com/bot.html)" "-"
66.249.70.0 - - [13/Jun/2026:08:18:59 +0200] "GET /products/6388742 HTTP/1.1" 200 186728 visitasgijon.es "-" "Mozilla/5.0 (Linux; Android 6.0.1; Nexus 5X Build/MMB29P) AppleWebKit/537.36 (KHTML, like Gecko) Chrome/148.0.7778.96 Mobile Safari/537.36 (compatible; Googlebot/2.1; +http://www.google.com/bot.html)" "-"
2a03:2880:f800:: - - [13/Jun/2026:08:19:06 +0200] "GET /item/3733376 HTTP/1.1" 404 2129 visitasgijon.es "-" "meta-externalagent/1.1 (+https://developers.facebook.com/docs/sharing/webmasters/crawler)" "-"
2a03:2880:f800:: - - [13/Jun/2026:08:20:13 +0200] "GET /item/2834707 HTTP/1.1" 404 2129 visitasgijon.es "-" "meta-externalagent/1.1 (+https://developers.facebook.com/docs/sharing/webmasters/crawler)" "-"
66.249.70.0 - - [13/Jun/2026:08:20:23 +0200] "GET /products/3014131 HTTP/1.1" 200 199484 visitasgijon.es "-" "Mozilla/5.0 (Linux; Android 6.0.1; Nexus 5X Build/MMB29P) AppleWebKit/537.36 (KHTML, like Gecko) Chrome/148.0.7778.96 Mobile Safari/537.36 (compatible; Googlebot/2.1; +http://www.google.com/bot.html)" "-"
129.226.146.0 - - [13/Jun/2026:08:20:44 +0200] "GET / HTTP/1.1" 301 272 visitasgijon.es "-" "Mozilla/5.0 (iPhone; CPU iPhone OS 13_2_3 like Mac OS X) AppleWebKit/605.1.15 (KHTML, like Gecko) Version/13.0.3 Mobile/15E148 Safari/604.1" "-"
129.226.146.0 - - [13/Jun/2026:08:20:45 +0200] "GET / HTTP/1.1" 200 36335 visitasgijon.es "http://visitasgijon.es" "Mozilla/5.0 (iPhone; CPU iPhone OS 13_2_3 like Mac OS X) AppleWebKit/605.1.15 (KHTML, like Gecko) Version/13.0.3 Mobile/15E148 Safari/604.1" "-"
2a03:2880:f800:: - - [13/Jun/2026:08:21:20 +0200] "GET /item/4114029 HTTP/1.1" 404 2129 visitasgijon.es "-" "meta-externalagent/1.1 (+https://developers.facebook.com/docs/sharing/webmasters/crawler)" "-"
95.40.118.0 - - [13/Jun/2026:08:21:50 +0200] "GET / HTTP/1.1" 200 229 vanturexperiences.com "-" "Mozilla/5.0 (Windows NT 10.0; Win64; x64) AppleWebKit/537.36 (KHTML, like Gecko) Chrome/131.0.0.0 Safari/537.36" "-"
66.249.70.0 - - [13/Jun/2026:08:21:56 +0200] "GET /products/19381264 HTTP/1.1" 200 189483 visitasgijon.es "-" "Mozilla/5.0 (Linux; Android 6.0.1; Nexus 5X Build/MMB29P) AppleWebKit/537.36 (KHTML, like Gecko) Chrome/148.0.7778.96 Mobile Safari/537.36 (compatible; Googlebot/2.1; +http://www.google.com/bot.html)" "-"
2a03:2880:f800:: - - [13/Jun/2026:08:22:26 +0200] "GET /item/3886058 HTTP/1.1" 404 2129 visitasgijon.es "-" "meta-externalagent/1.1 (+https://developers.facebook.com/docs/sharing/webmasters/crawler)" "-"
2a03:2880:f800:: - - [13/Jun/2026:08:23:33 +0200] "GET /item/2713623 HTTP/1.1" 404 2129 visitasgijon.es "-" "meta-externalagent/1.1 (+https://developers.facebook.com/docs/sharing/webmasters/crawler)" "-"
66.249.70.0 - - [13/Jun/2026:08:23:51 +0200] "GET /products/9427619 HTTP/1.1" 200 186731 visitasgijon.es "-" "Mozilla/5.0 (Linux; Android 6.0.1; Nexus 5X Build/MMB29P) AppleWebKit/537.36 (KHTML, like Gecko) Chrome/148.0.7778.96 Mobile Safari/537.36 (compatible; Googlebot/2.1; +http://www.google.com/bot.html)" "-"
34.7.26.0 - - [13/Jun/2026:08:24:09 +0200] "GET / HTTP/1.1" 200 229 vanturexperiences.com "-" "Mozilla/5.0 (X11; Fedora; Linux x86_64; rv:128.0) Gecko/20100101 Firefox/128.0" "-"
34.7.26.0 - - [13/Jun/2026:08:24:09 +0200] "GET / HTTP/1.1" 200 229 vanturexperiences.com "-" "Mozilla/5.0 (Macintosh; Intel Mac OS X 10_9_2) AppleWebKit/537.36 (KHTML, like Gecko) Chrome/33.0.1750.152 Safari/537.36" "-"
34.7.26.0 - - [13/Jun/2026:08:24:09 +0200] "HEAD /favicon.ico HTTP/1.1" 404 - vanturexperiences.com "-" "Mozilla/5.0 (Macintosh; Intel Mac OS X 10_9_2) AppleWebKit/537.36 (KHTML, like Gecko) Chrome/33.0.1750.152 Safari/537.36" "-"
34.7.26.0 - - [13/Jun/2026:08:24:09 +0200] "GET /favicon.ico HTTP/1.1" 404 1271 vanturexperiences.com "-" "python-requests/2.32.3" "-"
2a03:2880:f800:: - - [13/Jun/2026:08:24:39 +0200] "GET /item/2801804 HTTP/1.1" 404 2129 visitasgijon.es "-" "meta-externalagent/1.1 (+https://developers.facebook.com/docs/sharing/webmasters/crawler)" "-"
185.247.137.0 - - [13/Jun/2026:08:24:49 +0200] "GET / HTTP/1.1" 200 229 vanturexperiences.com "-" "Mozilla/5.0 (compatible; InternetMeasurement/1.0; +https://internet-measurement.com/)" "-"
2a03:2880:f800:: - - [13/Jun/2026:08:25:46 +0200] "GET /item/3437063 HTTP/1.1" 404 2129 visitasgijon.es "-" "meta-externalagent/1.1 (+https://developers.facebook.com/docs/sharing/webmasters/crawler)" "-"
2a03:2880:f800:: - - [13/Jun/2026:08:26:52 +0200] "GET /item/3500940 HTTP/1.1" 404 2129 visitasgijon.es "-" "meta-externalagent/1.1 (+https://developers.facebook.com/docs/sharing/webmasters/crawler)" "-"
114.119.144.0 - - [13/Jun/2026:08:26:58 +0200] "GET /item/4948068 HTTP/1.1" 403 - visitasgijon.es "https://visitasgijon.es/sitemap-142.xml" "Mozilla/5.0 (Linux; Android 7.0;) AppleWebKit/537.36 (HTML, like Gecko) Mobile Safari/537.36 (compatible; PetalBot;+https://webmaster.petalsearch.com/site/petalbot)" "-"
2a03:2880:f800:: - - [13/Jun/2026:08:28:00 +0200] "GET /item/3524907 HTTP/1.1" 404 2129 visitasgijon.es "-" "meta-externalagent/1.1 (+https://developers.facebook.com/docs/sharing/webmasters/crawler)" "-"
2a03:2880:f800:: - - [13/Jun/2026:08:29:06 +0200] "GET /item/4926768 HTTP/1.1" 404 2129 visitasgijon.es "-" "meta-externalagent/1.1 (+https://developers.facebook.com/docs/sharing/webmasters/crawler)" "-"
2a03:2880:f800:: - - [13/Jun/2026:08:30:13 +0200] "GET /item/2954512 HTTP/1.1" 404 2129 visitasgijon.es "-" "meta-externalagent/1.1 (+https://developers.facebook.com/docs/sharing/webmasters/crawler)" "-"
2a03:2880:f800:: - - [13/Jun/2026:08:31:19 +0200] "GET /item/2559497 HTTP/1.1" 404 2129 visitasgijon.es "-" "meta-externalagent/1.1 (+https://developers.facebook.com/docs/sharing/webmasters/crawler)" "-"
141.227.129.0 - - [13/Jun/2026:08:32:16 +0200] "GET / HTTP/1.1" 200 229 vanturexperiences.com "-" "Mozilla/5.0 (Linux; Android 10; K) AppleWebKit/537.36 (KHTML, like Gecko) Chrome/147.0.0.0 Mobile Safari/537.36" "-"
141.227.129.0 - - [13/Jun/2026:08:32:18 +0200] "GET /defaultsite HTTP/1.1" 200 1271 vanturexperiences.com "http://vanturexperiences.com/" "Mozilla/5.0 (Linux; Android 10; K) AppleWebKit/537.36 (KHTML, like Gecko) Chrome/147.0.0.0 Mobile Safari/537.36" "-"
145.239.10.0 - - [13/Jun/2026:08:32:20 +0200] "GET /wp-set.php HTTP/1.1" 404 1271 quehacerengijon.com "http://quehacerengijon.com/wp-set.php" "Mozilla/5.0 (iPhone; CPU iPhone OS 17_5_1 like Mac OS X) AppleWebKit/605.1.15 (KHTML, like Gecko) Version/17.5 Mobile/15E148 Safari/604.1" "-"
2a03:2880:f800:: - - [13/Jun/2026:08:32:26 +0200] "GET /item/4617205 HTTP/1.1" 404 2129 visitasgijon.es "-" "meta-externalagent/1.1 (+https://developers.facebook.com/docs/sharing/webmasters/crawler)" "-"
18.143.93.0 - - [13/Jun/2026:08:33:02 +0200] "GET / HTTP/1.1" 200 229 vanturexperiences.com "-" "Mozilla/5.0 (iPhone; CPU iPhone OS 14_0 like Mac OS X) AppleWebKit/605.1.15 (KHTML, like Gecko) Version/14.0 Mobile/15E148 Safari/604.1" "-"
18.143.93.0 - - [13/Jun/2026:08:33:03 +0200] "GET /favicon.ico HTTP/1.1" 404 1271 vanturexperiences.com "http://vanturexperiences.com/" "Mozilla/5.0 (iPhone; CPU iPhone OS 14_0 like Mac OS X) AppleWebKit/605.1.15 (KHTML, like Gecko) Version/14.0 Mobile/15E148 Safari/604.1" "-"
18.143.93.0 - - [13/Jun/2026:08:33:03 +0200] "GET /defaultsite HTTP/1.1" 200 1271 vanturexperiences.com "http://vanturexperiences.com/" "Mozilla/5.0 (iPhone; CPU iPhone OS 14_0 like Mac OS X) AppleWebKit/605.1.15 (KHTML, like Gecko) Version/14.0 Mobile/15E148 Safari/604.1" "-"
66.249.70.0 - - [13/Jun/2026:08:33:23 +0200] "GET /products/21050808 HTTP/1.1" 200 182107 visitasgijon.es "-" "Mozilla/5.0 (Linux; Android 6.0.1; Nexus 5X Build/MMB29P) AppleWebKit/537.36 (KHTML, like Gecko) Chrome/148.0.7778.96 Mobile Safari/537.36 (compatible; Googlebot/2.1; +http://www.google.com/bot.html)" "-"
2a03:2880:f800:: - - [13/Jun/2026:08:33:32 +0200] "GET /item/3189496 HTTP/1.1" 404 2129 visitasgijon.es "-" "meta-externalagent/1.1 (+https://developers.facebook.com/docs/sharing/webmasters/crawler)" "-"
2a03:2880:f800:: - - [13/Jun/2026:08:34:39 +0200] "GET /item/4213764 HTTP/1.1" 404 2129 visitasgijon.es "-" "meta-externalagent/1.1 (+https://developers.facebook.com/docs/sharing/webmasters/crawler)" "-"
66.249.70.0 - - [13/Jun/2026:08:34:55 +0200] "GET /item/3729717 HTTP/1.1" 200 189539 visitasgijon.es "-" "Mozilla/5.0 (Linux; Android 6.0.1; Nexus 5X Build/MMB29P) AppleWebKit/537.36 (KHTML, like Gecko) Chrome/148.0.7778.96 Mobile Safari/537.36 (compatible; Googlebot/2.1; +http://www.google.com/bot.html)" "-"
66.249.70.0 - - [13/Jun/2026:08:35:11 +0200] "GET /products/4913564 HTTP/1.1" 200 188807 visitasgijon.es "-" "Mozilla/5.0 (Linux; Android 6.0.1; Nexus 5X Build/MMB29P) AppleWebKit/537.36 (KHTML, like Gecko) Chrome/148.0.7778.96 Mobile Safari/537.36 (compatible; Googlebot/2.1; +http://www.google.com/bot.html)" "-"
2a03:2880:f800:: - - [13/Jun/2026:08:35:46 +0200] "GET /item/2282973 HTTP/1.1" 404 2129 visitasgijon.es "-" "meta-externalagent/1.1 (+https://developers.facebook.com/docs/sharing/webmasters/crawler)" "-"
40.77.167.0 - - [13/Jun/2026:08:36:38 +0200] "GET /item/2242416 HTTP/1.1" 200 186607 visitasgijon.es "-" "Mozilla/5.0 AppleWebKit/537.36 (KHTML, like Gecko; compatible; bingbot/2.0; +http://www.bing.com/bingbot.htm) Chrome/116.0.1938.76 Safari/537.36" "-"
2a03:2880:f800:: - - [13/Jun/2026:08:36:53 +0200] "GET /item/3793896 HTTP/1.1" 404 2129 visitasgijon.es "-" "meta-externalagent/1.1 (+https://developers.facebook.com/docs/sharing/webmasters/crawler)" "-"
2a03:2880:f800:: - - [13/Jun/2026:08:38:00 +0200] "GET /item/2011372 HTTP/1.1" 404 2129 visitasgijon.es "-" "meta-externalagent/1.1 (+https://developers.facebook.com/docs/sharing/webmasters/crawler)" "-"
2a03:2880:f800:: - - [13/Jun/2026:08:39:06 +0200] "GET /item/2991538 HTTP/1.1" 404 2129 visitasgijon.es "-" "meta-externalagent/1.1 (+https://developers.facebook.com/docs/sharing/webmasters/crawler)" "-"
2a03:2880:f800:: - - [13/Jun/2026:08:40:12 +0200] "GET /item/4871128 HTTP/1.1" 404 2129 visitasgijon.es "-" "meta-externalagent/1.1 (+https://developers.facebook.com/docs/sharing/webmasters/crawler)" "-"
2a03:2880:f800:: - - [13/Jun/2026:08:41:20 +0200] "GET /item/3015841 HTTP/1.1" 404 2129 visitasgijon.es "-" "meta-externalagent/1.1 (+https://developers.facebook.com/docs/sharing/webmasters/crawler)" "-"
66.249.70.0 - - [13/Jun/2026:08:41:21 +0200] "GET /robots.txt HTTP/1.1" 200 85 visitasgijon.es "-" "Mozilla/5.0 (compatible; Googlebot/2.1; +http://www.google.com/bot.html)" "-"
2a03:2880:f800:: - - [13/Jun/2026:08:42:27 +0200] "GET /item/4000901 HTTP/1.1" 404 2129 visitasgijon.es "-" "meta-externalagent/1.1 (+https://developers.facebook.com/docs/sharing/webmasters/crawler)" "-"
66.249.70.0 - - [13/Jun/2026:08:42:53 +0200] "GET /robots.txt HTTP/1.1" 200 85 visitasgijon.es "-" "Mozilla/5.0 (compatible; Googlebot/2.1; +http://www.google.com/bot.html)" "-"
157.55.39.0 - - [13/Jun/2026:08:43:06 +0200] "GET /products/3166531 HTTP/1.1" 200 184585 visitasgijon.es "-" "Mozilla/5.0 AppleWebKit/537.36 (KHTML, like Gecko; compatible; bingbot/2.0; +http://www.bing.com/bingbot.htm) Chrome/116.0.1938.76 Safari/537.36" "-"
40.77.167.0 - - [13/Jun/2026:08:43:10 +0200] "GET /item/2666057 HTTP/1.1" 200 184613 visitasgijon.es "-" "Mozilla/5.0 AppleWebKit/537.36 (KHTML, like Gecko; compatible; bingbot/2.0; +http://www.bing.com/bingbot.htm) Chrome/116.0.1938.76 Safari/537.36" "-"
2a03:2880:f800:: - - [13/Jun/2026:08:43:33 +0200] "GET /item/2701613 HTTP/1.1" 404 2129 visitasgijon.es "-" "meta-externalagent/1.1 (+https://developers.facebook.com/docs/sharing/webmasters/crawler)" "-"
2a03:2880:f800:: - - [13/Jun/2026:08:44:39 +0200] "GET /item/2372095 HTTP/1.1" 404 2129 visitasgijon.es "-" "meta-externalagent/1.1 (+https://developers.facebook.com/docs/sharing/webmasters/crawler)" "-"
66.249.70.0 - - [13/Jun/2026:08:44:47 +0200] "GET /robots.txt HTTP/1.1" 200 85 visitasgijon.es "-" "Mozilla/5.0 (compatible; Googlebot/2.1; +http://www.google.com/bot.html)" "-"
66.249.70.0 - - [13/Jun/2026:08:44:56 +0200] "GET /products/23272020 HTTP/1.1" 200 183632 visitasgijon.es "-" "Mozilla/5.0 (Linux; Android 6.0.1; Nexus 5X Build/MMB29P) AppleWebKit/537.36 (KHTML, like Gecko) Chrome/148.0.7778.96 Mobile Safari/537.36 (compatible; Googlebot/2.1; +http://www.google.com/bot.html)" "-"
32.197.64.0 - - [13/Jun/2026:08:45:26 +0200] "GET /casco-antiguo-gijon HTTP/1.1" 301 291 visitasgijon.es "-" "Mozilla/5.0 (Windows NT 10.0; Win64; x64) AppleWebKit/537.36 (KHTML, like Gecko) Chrome/86.0.4240.75 Safari/537.36" "-"
32.197.64.0 - - [13/Jun/2026:08:45:26 +0200] "GET / HTTP/1.1" 200 36605 visitasgijon.es "-" "Mozilla/5.0 (Windows NT 10.0; Win64; x64) AppleWebKit/537.36 (KHTML, like Gecko) Chrome/86.0.4240.75 Safari/537.36" "-"
32.197.64.0 - - [13/Jun/2026:08:45:26 +0200] "GET / HTTP/1.1" 200 36605 visitasgijon.es "-" "Mozilla/5.0 (Windows NT 10.0; Win64; x64) AppleWebKit/537.36 (KHTML, like Gecko) Chrome/86.0.4240.75 Safari/537.36" "-"
32.197.64.0 - - [13/Jun/2026:08:45:26 +0200] "GET /casco-antiguo-gijon HTTP/1.1" 200 31250 visitasgijon.es "-" "Mozilla/5.0 (Windows NT 10.0; Win64; x64) AppleWebKit/537.36 (KHTML, like Gecko) Chrome/86.0.4240.75 Safari/537.36" "-"
82.165.83.0 - - [13/Jun/2026:08:45:27 +0200] "POST /wp-cron.php?doing_wp_cron=1781333127.1680030822753906250000 HTTP/1.1" 200 - visitasgijon.es "https://visitasgijon.es/wp-cron.php?doing_wp_cron=1781333127.1680030822753906250000" "WordPress/5.1.22; https://visitasgijon.es" "-"
66.249.70.0 - - [13/Jun/2026:08:45:30 +0200] "GET /products/28869142 HTTP/1.1" 200 183988 visitasgijon.es "-" "Mozilla/5.0 (Linux; Android 6.0.1; Nexus 5X Build/MMB29P) AppleWebKit/537.36 (KHTML, like Gecko) Chrome/148.0.7778.96 Mobile Safari/537.36 (compatible; Googlebot/2.1; +http://www.google.com/bot.html)" "-"
2a03:2880:f800:: - - [13/Jun/2026:08:45:46 +0200] "GET /item/3420338 HTTP/1.1" 404 2129 visitasgijon.es "-" "meta-externalagent/1.1 (+https://developers.facebook.com/docs/sharing/webmasters/crawler)" "-"
3.93.19.0 - - [13/Jun/2026:08:46:30 +0200] "GET / HTTP/1.1" 200 229 vanturexperiences.com "-" "Mozilla/5.0 (Windows NT 6.3; WOW64) AppleWebKit/537.36 (KHTML, like Gecko) Chrome/86.0.4240.75 Safari/537.36" "-"
66.249.70.0 - - [13/Jun/2026:08:46:43 +0200] "GET /products/8966920 HTTP/1.1" 200 188477 visitasgijon.es "-" "Mozilla/5.0 (Linux; Android 6.0.1; Nexus 5X Build/MMB29P) AppleWebKit/537.36 (KHTML, like Gecko) Chrome/148.0.7778.96 Mobile Safari/537.36 (compatible; Googlebot/2.1; +http://www.google.com/bot.html)" "-"
32.197.64.0 - - [13/Jun/2026:08:46:46 +0200] "GET / HTTP/1.1" 200 36605 visitasgijon.es "-" "Mozilla/5.0 (Windows NT 10.0; Win64; x64) AppleWebKit/537.36 (KHTML, like Gecko) Chrome/86.0.4240.75 Safari/537.36" "-"
32.197.64.0 - - [13/Jun/2026:08:46:47 +0200] "GET / HTTP/1.1" 200 36605 visitasgijon.es "-" "Mozilla/5.0 (Windows NT 10.0; Win64; x64) AppleWebKit/537.36 (KHTML, like Gecko) Chrome/86.0.4240.75 Safari/537.36" "-"
2a03:2880:f800:: - - [13/Jun/2026:08:46:53 +0200] "GET /item/4116697 HTTP/1.1" 404 2129 visitasgijon.es "-" "meta-externalagent/1.1 (+https://developers.facebook.com/docs/sharing/webmasters/crawler)" "-"
66.249.70.0 - - [13/Jun/2026:08:47:20 +0200] "GET /products/27338475 HTTP/1.1" 200 183576 visitasgijon.es "-" "Mozilla/5.0 (Linux; Android 6.0.1; Nexus 5X Build/MMB29P) AppleWebKit/537.36 (KHTML, like Gecko) Chrome/148.0.7778.96 Mobile Safari/537.36 (compatible; Googlebot/2.1; +http://www.google.com/bot.html)" "-"
66.249.70.0 - - [13/Jun/2026:08:47:55 +0200] "GET /products/10997875 HTTP/1.1" 200 182411 visitasgijon.es "-" "Mozilla/5.0 (Linux; Android 6.0.1; Nexus 5X Build/MMB29P) AppleWebKit/537.36 (KHTML, like Gecko) Chrome/148.0.7778.96 Mobile Safari/537.36 (compatible; Googlebot/2.1; +http://www.google.com/bot.html)" "-"
2a03:2880:f800:: - - [13/Jun/2026:08:48:00 +0200] "GET /item/3351288 HTTP/1.1" 404 2129 visitasgijon.es "-" "meta-externalagent/1.1 (+https://developers.facebook.com/docs/sharing/webmasters/crawler)" "-"
66.249.70.0 - - [13/Jun/2026:08:48:17 +0200] "GET /products/11603531 HTTP/1.1" 200 191639 visitasgijon.es "-" "Mozilla/5.0 (Linux; Android 6.0.1; Nexus 5X Build/MMB29P) AppleWebKit/537.36 (KHTML, like Gecko) Chrome/148.0.7778.96 Mobile Safari/537.36 (compatible; Googlebot/2.1; +http://www.google.com/bot.html)" "-"
43.135.172.0 - - [13/Jun/2026:08:48:36 +0200] "GET / HTTP/1.1" 200 229 www.vanturexperiences.com "-" "Mozilla/5.0 (iPhone; CPU iPhone OS 13_2_3 like Mac OS X) AppleWebKit/605.1.15 (KHTML, like Gecko) Version/13.0.3 Mobile/15E148 Safari/604.1" "-"
2a03:2880:f800:: - - [13/Jun/2026:08:49:06 +0200] "GET /item/2299772 HTTP/1.1" 404 2129 visitasgijon.es "-" "meta-externalagent/1.1 (+https://developers.facebook.com/docs/sharing/webmasters/crawler)" "-"
