216.73.216.0 - - [13/Jun/2026:16:01:13 +0200] "GET /.metadata/369804/index.php?path=%2Fhomepages%2F4 HTTP/1.1" 200 30680 visitasgijon.es "-" "Mozilla/5.0 AppleWebKit/537.36 (KHTML, like Gecko; compatible; ClaudeBot/1.0; +claudebot@anthropic.com)" "-"
216.73.216.0 - - [13/Jun/2026:16:01:13 +0200] "GET /.metadata/369804/index.php?path=%2Fhomepages%2F9%2Fd402228970%2Fhtdocs%2Fclickandbuilds%2FVisitarGijn%2F.. HTTP/1.1" 200 8743 visitasgijon.es "-" "Mozilla/5.0 AppleWebKit/537.36 (KHTML, like Gecko; compatible; ClaudeBot/1.0; +claudebot@anthropic.com)" "-"
216.73.216.0 - - [13/Jun/2026:16:01:13 +0200] "GET /.metadata/369804/index.php?path=%2Fhomepages%2F3 HTTP/1.1" 200 28307 visitasgijon.es "-" "Mozilla/5.0 AppleWebKit/537.36 (KHTML, like Gecko; compatible; ClaudeBot/1.0; +claudebot@anthropic.com)" "-"
2a03:2880:f800:: - - [13/Jun/2026:16:01:20 +0200] "GET /item/4260138 HTTP/1.1" 404 2129 visitasgijon.es "-" "meta-externalagent/1.1 (+https://developers.facebook.com/docs/sharing/webmasters/crawler)" "-"
82.165.83.0 - - [13/Jun/2026:16:01:20 +0200] "POST /wp-cron.php?doing_wp_cron=1781359280.5887959003448486328125 HTTP/1.1" 200 - visitasgijon.es "https://visitasgijon.es/wp-cron.php?doing_wp_cron=1781359280.5887959003448486328125" "WordPress/5.1.22; https://visitasgijon.es" "-"
216.73.216.0 - - [13/Jun/2026:16:01:53 +0200] "GET /.metadata/369804/index.php?path=%2Fhomepages%2F0 HTTP/1.1" 200 29098 visitasgijon.es "-" "Mozilla/5.0 AppleWebKit/537.36 (KHTML, like Gecko; compatible; ClaudeBot/1.0; +claudebot@anthropic.com)" "-"
216.73.216.0 - - [13/Jun/2026:16:01:53 +0200] "GET /.metadata/369804/index.php?path=%2Fhomepages%2F5 HTTP/1.1" 200 22770 visitasgijon.es "-" "Mozilla/5.0 AppleWebKit/537.36 (KHTML, like Gecko; compatible; ClaudeBot/1.0; +claudebot@anthropic.com)" "-"
216.73.216.0 - - [13/Jun/2026:16:01:54 +0200] "GET /.metadata/369804/index.php?path=%2Fhomepages%2F7 HTTP/1.1" 200 31471 visitasgijon.es "-" "Mozilla/5.0 AppleWebKit/537.36 (KHTML, like Gecko; compatible; ClaudeBot/1.0; +claudebot@anthropic.com)" "-"
216.73.216.0 - - [13/Jun/2026:16:02:05 +0200] "GET /.metadata/369804/index.php?path=%2Fhomepages%2F8 HTTP/1.1" 200 37799 visitasgijon.es "-" "Mozilla/5.0 AppleWebKit/537.36 (KHTML, like Gecko; compatible; ClaudeBot/1.0; +claudebot@anthropic.com)" "-"
216.73.216.0 - - [13/Jun/2026:16:02:05 +0200] "GET /.metadata/369804/index.php?path=%2Fhomepages%2F45 HTTP/1.1" 200 32368 visitasgijon.es "-" "Mozilla/5.0 AppleWebKit/537.36 (KHTML, like Gecko; compatible; ClaudeBot/1.0; +claudebot@anthropic.com)" "-"
216.73.216.0 - - [13/Jun/2026:16:02:05 +0200] "GET /.metadata/369804/index.php?path=%2Fhomepages%2F28 HTTP/1.1" 200 25222 visitasgijon.es "-" "Mozilla/5.0 AppleWebKit/537.36 (KHTML, like Gecko; compatible; ClaudeBot/1.0; +claudebot@anthropic.com)" "-"
43.156.125.0 - - [13/Jun/2026:16:02:23 +0200] "GET / HTTP/1.1" 200 229 quehacerengijon.com "-" "Mozilla/5.0 (iPhone; CPU iPhone OS 13_2_3 like Mac OS X) AppleWebKit/605.1.15 (KHTML, like Gecko) Version/13.0.3 Mobile/15E148 Safari/604.1" "-"
2a03:2880:f800:: - - [13/Jun/2026:16:02:26 +0200] "GET /item/3759982 HTTP/1.1" 404 2129 visitasgijon.es "-" "meta-externalagent/1.1 (+https://developers.facebook.com/docs/sharing/webmasters/crawler)" "-"
216.73.216.0 - - [13/Jun/2026:16:02:34 +0200] "GET /.metadata/369804/index.php?path=%2Fhomepages%2F44 HTTP/1.1" 200 32368 visitasgijon.es "-" "Mozilla/5.0 AppleWebKit/537.36 (KHTML, like Gecko; compatible; ClaudeBot/1.0; +claudebot@anthropic.com)" "-"
216.73.216.0 - - [13/Jun/2026:16:02:34 +0200] "GET /.metadata/369804/index.php?path=%2Fhomepages%2F6 HTTP/1.1" 200 27516 visitasgijon.es "-" "Mozilla/5.0 AppleWebKit/537.36 (KHTML, like Gecko; compatible; ClaudeBot/1.0; +claudebot@anthropic.com)" "-"
216.73.216.0 - - [13/Jun/2026:16:02:34 +0200] "GET /.metadata/369804/index.php?path=%2Fhomepages%2F41 HTTP/1.1" 200 35544 visitasgijon.es "-" "Mozilla/5.0 AppleWebKit/537.36 (KHTML, like Gecko; compatible; ClaudeBot/1.0; +claudebot@anthropic.com)" "-"
216.73.216.0 - - [13/Jun/2026:16:02:42 +0200] "GET /.metadata/369804/index.php?path=%2Fhomepages%2F32 HTTP/1.1" 200 28394 visitasgijon.es "-" "Mozilla/5.0 AppleWebKit/537.36 (KHTML, like Gecko; compatible; ClaudeBot/1.0; +claudebot@anthropic.com)" "-"
216.73.216.0 - - [13/Jun/2026:16:02:42 +0200] "GET /.metadata/369804/index.php?path=%2Fhomepages%2F.meta HTTP/1.1" 200 4893 visitasgijon.es "-" "Mozilla/5.0 AppleWebKit/537.36 (KHTML, like Gecko; compatible; ClaudeBot/1.0; +claudebot@anthropic.com)" "-"
216.73.216.0 - - [13/Jun/2026:16:02:43 +0200] "GET /.metadata/369804/index.php?path=%2Fhomepages%2F35 HTTP/1.1" 200 30780 visitasgijon.es "-" "Mozilla/5.0 AppleWebKit/537.36 (KHTML, like Gecko; compatible; ClaudeBot/1.0; +claudebot@anthropic.com)" "-"
216.73.216.0 - - [13/Jun/2026:16:03:31 +0200] "GET /.metadata/369804/index.php?path=%2Fhomepages%2F37 HTTP/1.1" 200 31574 visitasgijon.es "-" "Mozilla/5.0 AppleWebKit/537.36 (KHTML, like Gecko; compatible; ClaudeBot/1.0; +claudebot@anthropic.com)" "-"
216.73.216.0 - - [13/Jun/2026:16:03:31 +0200] "GET /.metadata/369804/index.php?path=%2Fhomepages%2F29 HTTP/1.1" 200 27604 visitasgijon.es "-" "Mozilla/5.0 AppleWebKit/537.36 (KHTML, like Gecko; compatible; ClaudeBot/1.0; +claudebot@anthropic.com)" "-"
216.73.216.0 - - [13/Jun/2026:16:03:32 +0200] "GET /.metadata/369804/index.php?path=%2Fhomepages%2F22 HTTP/1.1" 200 41102 visitasgijon.es "-" "Mozilla/5.0 AppleWebKit/537.36 (KHTML, like Gecko; compatible; ClaudeBot/1.0; +claudebot@anthropic.com)" "-"
2a03:2880:f800:: - - [13/Jun/2026:16:03:33 +0200] "GET /item/3471091 HTTP/1.1" 404 2129 visitasgijon.es "-" "meta-externalagent/1.1 (+https://developers.facebook.com/docs/sharing/webmasters/crawler)" "-"
66.249.70.0 - - [13/Jun/2026:16:03:45 +0200] "GET /robots.txt HTTP/1.1" 200 85 visitasgijon.es "-" "Mozilla/5.0 (compatible; Googlebot/2.1; +http://www.google.com/bot.html)" "-"
66.249.70.0 - - [13/Jun/2026:16:03:45 +0200] "GET /products/6709564 HTTP/1.1" 200 185848 visitasgijon.es "-" "Mozilla/5.0 (Linux; Android 6.0.1; Nexus 5X Build/MMB29P) AppleWebKit/537.36 (KHTML, like Gecko) Chrome/148.0.7778.96 Mobile Safari/537.36 (compatible; Googlebot/2.1; +http://www.google.com/bot.html)" "-"
216.73.216.0 - - [13/Jun/2026:16:03:47 +0200] "GET /.metadata/369804/index.php?path=%2Fhomepages%2F1 HTTP/1.1" 200 26725 visitasgijon.es "-" "Mozilla/5.0 AppleWebKit/537.36 (KHTML, like Gecko; compatible; ClaudeBot/1.0; +claudebot@anthropic.com)" "-"
216.73.216.0 - - [13/Jun/2026:16:03:47 +0200] "GET /.metadata/369804/index.php?path=%2Fhomepages%2Foneclick HTTP/1.1" 200 50573 visitasgijon.es "-" "Mozilla/5.0 AppleWebKit/537.36 (KHTML, like Gecko; compatible; ClaudeBot/1.0; +claudebot@anthropic.com)" "-"
216.73.216.0 - - [13/Jun/2026:16:03:48 +0200] "GET /.metadata/369804/index.php?path=%2Fhomepages%2F46 HTTP/1.1" 200 26016 visitasgijon.es "-" "Mozilla/5.0 AppleWebKit/537.36 (KHTML, like Gecko; compatible; ClaudeBot/1.0; +claudebot@anthropic.com)" "-"
216.73.216.0 - - [13/Jun/2026:16:04:18 +0200] "GET /.metadata/369804/index.php?path=%2Fhomepages%2F18 HTTP/1.1" 429 267 visitasgijon.es "-" "Mozilla/5.0 AppleWebKit/537.36 (KHTML, like Gecko; compatible; ClaudeBot/1.0; +claudebot@anthropic.com)" "-"
216.73.216.0 - - [13/Jun/2026:16:04:18 +0200] "GET /.metadata/369804/index.php?path=%2Fhomepages%2F34 HTTP/1.1" 429 267 visitasgijon.es "-" "Mozilla/5.0 AppleWebKit/537.36 (KHTML, like Gecko; compatible; ClaudeBot/1.0; +claudebot@anthropic.com)" "-"
216.73.216.0 - - [13/Jun/2026:16:04:19 +0200] "GET /.metadata/369804/index.php?path=%2Fhomepages%2F36 HTTP/1.1" 429 267 visitasgijon.es "-" "Mozilla/5.0 AppleWebKit/537.36 (KHTML, like Gecko; compatible; ClaudeBot/1.0; +claudebot@anthropic.com)" "-"
216.73.216.0 - - [13/Jun/2026:16:04:24 +0200] "GET /.metadata/369804/index.php?path=%2Fhomepages%2F43 HTTP/1.1" 429 267 visitasgijon.es "-" "Mozilla/5.0 AppleWebKit/537.36 (KHTML, like Gecko; compatible; ClaudeBot/1.0; +claudebot@anthropic.com)" "-"
216.73.216.0 - - [13/Jun/2026:16:04:24 +0200] "GET /.metadata/369804/index.php?path=%2Fhomepages%2F26 HTTP/1.1" 429 267 visitasgijon.es "-" "Mozilla/5.0 AppleWebKit/537.36 (KHTML, like Gecko; compatible; ClaudeBot/1.0; +claudebot@anthropic.com)" "-"
216.73.216.0 - - [13/Jun/2026:16:04:25 +0200] "GET /.metadata/369804/index.php?path=%2Fhomepages%2F16 HTTP/1.1" 429 267 visitasgijon.es "-" "Mozilla/5.0 AppleWebKit/537.36 (KHTML, like Gecko; compatible; ClaudeBot/1.0; +claudebot@anthropic.com)" "-"
2a03:2880:f800:: - - [13/Jun/2026:16:04:41 +0200] "GET /item/3778249 HTTP/1.1" 404 2129 visitasgijon.es "-" "meta-externalagent/1.1 (+https://developers.facebook.com/docs/sharing/webmasters/crawler)" "-"
82.165.83.0 - - [13/Jun/2026:16:04:42 +0200] "POST /wp-cron.php?doing_wp_cron=1781359482.1445300579071044921875 HTTP/1.1" 200 - visitasgijon.es "https://visitasgijon.es/wp-cron.php?doing_wp_cron=1781359482.1445300579071044921875" "WordPress/5.1.22; https://visitasgijon.es" "-"
216.73.216.0 - - [13/Jun/2026:16:05:03 +0200] "GET /.metadata/369804/index.php?path=%2Fhomepages%2F25 HTTP/1.1" 429 267 visitasgijon.es "-" "Mozilla/5.0 AppleWebKit/537.36 (KHTML, like Gecko; compatible; ClaudeBot/1.0; +claudebot@anthropic.com)" "-"
216.73.216.0 - - [13/Jun/2026:16:05:03 +0200] "GET /.metadata/369804/index.php?path=%2Fhomepages%2F38 HTTP/1.1" 429 267 visitasgijon.es "-" "Mozilla/5.0 AppleWebKit/537.36 (KHTML, like Gecko; compatible; ClaudeBot/1.0; +claudebot@anthropic.com)" "-"
216.73.216.0 - - [13/Jun/2026:16:05:03 +0200] "GET /.metadata/369804/index.php?path=%2Fhomepages%2F23 HTTP/1.1" 429 267 visitasgijon.es "-" "Mozilla/5.0 AppleWebKit/537.36 (KHTML, like Gecko; compatible; ClaudeBot/1.0; +claudebot@anthropic.com)" "-"
216.73.216.0 - - [13/Jun/2026:16:05:21 +0200] "GET /.metadata/369804/index.php?path=%2Fhomepages%2F10 HTTP/1.1" 200 28398 visitasgijon.es "-" "Mozilla/5.0 AppleWebKit/537.36 (KHTML, like Gecko; compatible; ClaudeBot/1.0; +claudebot@anthropic.com)" "-"
216.73.216.0 - - [13/Jun/2026:16:05:21 +0200] "GET /.metadata/369804/index.php?path=%2Fhomepages%2Fconfig HTTP/1.1" 200 4897 visitasgijon.es "-" "Mozilla/5.0 AppleWebKit/537.36 (KHTML, like Gecko; compatible; ClaudeBot/1.0; +claudebot@anthropic.com)" "-"
216.73.216.0 - - [13/Jun/2026:16:05:22 +0200] "GET /.metadata/369804/index.php?path=%2Fhomepages%2F39 HTTP/1.1" 200 32368 visitasgijon.es "-" "Mozilla/5.0 AppleWebKit/537.36 (KHTML, like Gecko; compatible; ClaudeBot/1.0; +claudebot@anthropic.com)" "-"
52.167.144.0 - - [13/Jun/2026:16:05:29 +0200] "GET /products/12907131 HTTP/1.1" 200 183188 www.visitasgijon.es "-" "Mozilla/5.0 AppleWebKit/537.36 (KHTML, like Gecko; compatible; bingbot/2.0; +http://www.bing.com/bingbot.htm) Chrome/116.0.1938.76 Safari/537.36" "-"
52.167.144.0 - - [13/Jun/2026:16:05:30 +0200] "GET /products/5462464 HTTP/1.1" 200 192464 www.visitasgijon.es "-" "Mozilla/5.0 AppleWebKit/537.36 (KHTML, like Gecko; compatible; bingbot/2.0; +http://www.bing.com/bingbot.htm) Chrome/116.0.1938.76 Safari/537.36" "-"
2a03:2880:f800:: - - [13/Jun/2026:16:05:47 +0200] "GET /item/4900103 HTTP/1.1" 404 2129 visitasgijon.es "-" "meta-externalagent/1.1 (+https://developers.facebook.com/docs/sharing/webmasters/crawler)" "-"
216.73.216.0 - - [13/Jun/2026:16:05:59 +0200] "GET /.metadata/369804/index.php?path=%2Fhomepages%2F20 HTTP/1.1" 200 32368 visitasgijon.es "-" "Mozilla/5.0 AppleWebKit/537.36 (KHTML, like Gecko; compatible; ClaudeBot/1.0; +claudebot@anthropic.com)" "-"
216.73.216.0 - - [13/Jun/2026:16:05:59 +0200] "GET /.metadata/369804/index.php?path=%2Fhomepages%2F19 HTTP/1.1" 200 33956 visitasgijon.es "-" "Mozilla/5.0 AppleWebKit/537.36 (KHTML, like Gecko; compatible; ClaudeBot/1.0; +claudebot@anthropic.com)" "-"
216.73.216.0 - - [13/Jun/2026:16:06:00 +0200] "GET /.metadata/369804/index.php?path=%2Fhomepages%2F13 HTTP/1.1" 200 31574 visitasgijon.es "-" "Mozilla/5.0 AppleWebKit/537.36 (KHTML, like Gecko; compatible; ClaudeBot/1.0; +claudebot@anthropic.com)" "-"
216.73.216.0 - - [13/Jun/2026:16:06:19 +0200] "GET /.metadata/369804/index.php?path=%2Fhomepages%2F27 HTTP/1.1" 200 23634 visitasgijon.es "-" "Mozilla/5.0 AppleWebKit/537.36 (KHTML, like Gecko; compatible; ClaudeBot/1.0; +claudebot@anthropic.com)" "-"
216.73.216.0 - - [13/Jun/2026:16:06:19 +0200] "GET /.metadata/369804/index.php?path=%2Fhomepages%2F9%2Fd402228970%2Fhtdocs%2Fclickandbuilds%2FVisitarGijn%2F.metadata%2F.. HTTP/1.1" 200 39272 visitasgijon.es "-" "Mozilla/5.0 AppleWebKit/537.36 (KHTML, like Gecko; compatible; ClaudeBot/1.0; +claudebot@anthropic.com)" "-"
216.73.216.0 - - [13/Jun/2026:16:06:20 +0200] "GET /.metadata/369804/index.php?path=%2Fhomepages%2F24 HTTP/1.1" 200 37132 visitasgijon.es "-" "Mozilla/5.0 AppleWebKit/537.36 (KHTML, like Gecko; compatible; ClaudeBot/1.0; +claudebot@anthropic.com)" "-"
216.73.216.0 - - [13/Jun/2026:16:06:49 +0200] "GET /.metadata/369804/index.php?path=%2Fhomepages%2F11 HTTP/1.1" 200 33162 visitasgijon.es "-" "Mozilla/5.0 AppleWebKit/537.36 (KHTML, like Gecko; compatible; ClaudeBot/1.0; +claudebot@anthropic.com)" "-"
216.73.216.0 - - [13/Jun/2026:16:06:49 +0200] "GET /.metadata/369804/index.php?path=%2Fhomepages%2F42 HTTP/1.1" 200 31574 visitasgijon.es "-" "Mozilla/5.0 AppleWebKit/537.36 (KHTML, like Gecko; compatible; ClaudeBot/1.0; +claudebot@anthropic.com)" "-"
216.73.216.0 - - [13/Jun/2026:16:06:49 +0200] "GET /.metadata/369804/index.php?path=%2Fhomepages%2F14 HTTP/1.1" 200 34750 visitasgijon.es "-" "Mozilla/5.0 AppleWebKit/537.36 (KHTML, like Gecko; compatible; ClaudeBot/1.0; +claudebot@anthropic.com)" "-"
2a03:2880:f800:: - - [13/Jun/2026:16:06:54 +0200] "GET /item/4511795 HTTP/1.1" 404 2129 visitasgijon.es "-" "meta-externalagent/1.1 (+https://developers.facebook.com/docs/sharing/webmasters/crawler)" "-"
216.73.216.0 - - [13/Jun/2026:16:07:04 +0200] "GET /.metadata/369804/index.php?path=%2Fhomepages%2F40 HTTP/1.1" 200 26810 visitasgijon.es "-" "Mozilla/5.0 AppleWebKit/537.36 (KHTML, like Gecko; compatible; ClaudeBot/1.0; +claudebot@anthropic.com)" "-"
216.73.216.0 - - [13/Jun/2026:16:07:04 +0200] "GET /.metadata/369804/index.php?path=%2Fhomepages%2F17 HTTP/1.1" 200 23634 visitasgijon.es "-" "Mozilla/5.0 AppleWebKit/537.36 (KHTML, like Gecko; compatible; ClaudeBot/1.0; +claudebot@anthropic.com)" "-"
216.73.216.0 - - [13/Jun/2026:16:07:05 +0200] "GET /.metadata/369804/index.php?path=%2Fhomepages%2F12 HTTP/1.1" 200 25222 visitasgijon.es "-" "Mozilla/5.0 AppleWebKit/537.36 (KHTML, like Gecko; compatible; ClaudeBot/1.0; +claudebot@anthropic.com)" "-"
216.73.216.0 - - [13/Jun/2026:16:07:20 +0200] "GET /.metadata/369804/index.php?path=%2Fhomepages%2F31 HTTP/1.1" 200 26016 visitasgijon.es "-" "Mozilla/5.0 AppleWebKit/537.36 (KHTML, like Gecko; compatible; ClaudeBot/1.0; +claudebot@anthropic.com)" "-"
216.73.216.0 - - [13/Jun/2026:16:07:20 +0200] "GET /.metadata/369804/index.php?path=%2Fhomepages%2F30 HTTP/1.1" 200 41896 visitasgijon.es "-" "Mozilla/5.0 AppleWebKit/537.36 (KHTML, like Gecko; compatible; ClaudeBot/1.0; +claudebot@anthropic.com)" "-"
216.73.216.0 - - [13/Jun/2026:16:07:20 +0200] "GET /.metadata/369804/index.php?path=%2Fhomepages%2F15 HTTP/1.1" 200 36338 visitasgijon.es "-" "Mozilla/5.0 AppleWebKit/537.36 (KHTML, like Gecko; compatible; ClaudeBot/1.0; +claudebot@anthropic.com)" "-"
216.73.216.0 - - [13/Jun/2026:16:07:42 +0200] "GET /.metadata/369804/index.php?path=%2Fhomepages%2F21 HTTP/1.1" 200 29986 visitasgijon.es "-" "Mozilla/5.0 AppleWebKit/537.36 (KHTML, like Gecko; compatible; ClaudeBot/1.0; +claudebot@anthropic.com)" "-"
216.73.216.0 - - [13/Jun/2026:16:07:42 +0200] "GET /.metadata/369804/index.php?path=%2Fhomepages%2F33 HTTP/1.1" 200 30780 visitasgijon.es "-" "Mozilla/5.0 AppleWebKit/537.36 (KHTML, like Gecko; compatible; ClaudeBot/1.0; +claudebot@anthropic.com)" "-"
216.73.216.0 - - [13/Jun/2026:16:07:45 +0200] "GET /.metadata/369804/index.php?path=%2Fhomepages%2F9%2Fd402228970%2Fhtdocs%2Flogs HTTP/1.1" 200 36630 visitasgijon.es "-" "Mozilla/5.0 AppleWebKit/537.36 (KHTML, like Gecko; compatible; ClaudeBot/1.0; +claudebot@anthropic.com)" "-"
2a03:2880:f800:: - - [13/Jun/2026:16:08:00 +0200] "GET /item/2986118 HTTP/1.1" 404 2129 visitasgijon.es "-" "meta-externalagent/1.1 (+https://developers.facebook.com/docs/sharing/webmasters/crawler)" "-"
216.73.216.0 - - [13/Jun/2026:16:08:19 +0200] "GET /.metadata/369804/index.php?path=%2Fhomepages%2F9%2Fd769934598 HTTP/1.1" 200 13313 visitasgijon.es "-" "Mozilla/5.0 AppleWebKit/537.36 (KHTML, like Gecko; compatible; ClaudeBot/1.0; +claudebot@anthropic.com)" "-"
216.73.216.0 - - [13/Jun/2026:16:08:19 +0200] "GET /.metadata/369804/index.php?path=%2Fhomepages%2F9%2Fd770056798 HTTP/1.1" 200 13313 visitasgijon.es "-" "Mozilla/5.0 AppleWebKit/537.36 (KHTML, like Gecko; compatible; ClaudeBot/1.0; +claudebot@anthropic.com)" "-"
216.73.216.0 - - [13/Jun/2026:16:08:20 +0200] "GET /.metadata/369804/index.php?path=%2Fhomepages%2Flnk HTTP/1.1" 200 4885 visitasgijon.es "-" "Mozilla/5.0 AppleWebKit/537.36 (KHTML, like Gecko; compatible; ClaudeBot/1.0; +claudebot@anthropic.com)" "-"
216.73.216.0 - - [13/Jun/2026:16:08:56 +0200] "GET /.metadata/369804/index.php?path=%2Fhomepages%2F9%2Fd770447556 HTTP/1.1" 200 17962 visitasgijon.es "-" "Mozilla/5.0 AppleWebKit/537.36 (KHTML, like Gecko; compatible; ClaudeBot/1.0; +claudebot@anthropic.com)" "-"
216.73.216.0 - - [13/Jun/2026:16:08:56 +0200] "GET /.metadata/369804/index.php?path=%2Fhomepages%2F9%2Fd407330867 HTTP/1.1" 200 17033 visitasgijon.es "-" "Mozilla/5.0 AppleWebKit/537.36 (KHTML, like Gecko; compatible; ClaudeBot/1.0; +claudebot@anthropic.com)" "-"
216.73.216.0 - - [13/Jun/2026:16:08:57 +0200] "GET /.metadata/369804/index.php?path=%2Fhomepages%2F9%2Fd769009403 HTTP/1.1" 200 18918 visitasgijon.es "-" "Mozilla/5.0 AppleWebKit/537.36 (KHTML, like Gecko; compatible; ClaudeBot/1.0; +claudebot@anthropic.com)" "-"
2a03:2880:f800:: - - [13/Jun/2026:16:09:06 +0200] "GET /item/4587753 HTTP/1.1" 404 2129 visitasgijon.es "-" "meta-externalagent/1.1 (+https://developers.facebook.com/docs/sharing/webmasters/crawler)" "-"
216.73.216.0 - - [13/Jun/2026:16:09:07 +0200] "GET /.metadata/369804/index.php?path=%2Fhomepages%2F9%2Fd402064940 HTTP/1.1" 200 17045 visitasgijon.es "-" "Mozilla/5.0 AppleWebKit/537.36 (KHTML, like Gecko; compatible; ClaudeBot/1.0; +claudebot@anthropic.com)" "-"
216.73.216.0 - - [13/Jun/2026:16:09:07 +0200] "GET /.metadata/369804/index.php?path=%2Fhomepages%2F9%2Fd401202067 HTTP/1.1" 200 15175 visitasgijon.es "-" "Mozilla/5.0 AppleWebKit/537.36 (KHTML, like Gecko; compatible; ClaudeBot/1.0; +claudebot@anthropic.com)" "-"
216.73.216.0 - - [13/Jun/2026:16:09:07 +0200] "GET /.metadata/369804/index.php?path=%2Fhomepages%2F9%2Fd397451655 HTTP/1.1" 429 267 visitasgijon.es "-" "Mozilla/5.0 AppleWebKit/537.36 (KHTML, like Gecko; compatible; ClaudeBot/1.0; +claudebot@anthropic.com)" "-"
216.73.216.0 - - [13/Jun/2026:16:09:25 +0200] "GET /.metadata/369804/index.php?path=%2Fhomepages%2F9%2Fd397376455 HTTP/1.1" 429 267 visitasgijon.es "-" "Mozilla/5.0 AppleWebKit/537.36 (KHTML, like Gecko; compatible; ClaudeBot/1.0; +claudebot@anthropic.com)" "-"
216.73.216.0 - - [13/Jun/2026:16:09:25 +0200] "GET /.metadata/369804/index.php?path=%2Fhomepages%2F9%2Fd402228970%2Fhtdocs%2Fold.vantur.es HTTP/1.1" 429 267 visitasgijon.es "-" "Mozilla/5.0 AppleWebKit/537.36 (KHTML, like Gecko; compatible; ClaudeBot/1.0; +claudebot@anthropic.com)" "-"
216.73.216.0 - - [13/Jun/2026:16:09:28 +0200] "GET /.metadata/369804/index.php?path=%2Fhomepages%2F9%2Fd403399693 HTTP/1.1" 429 267 visitasgijon.es "-" "Mozilla/5.0 AppleWebKit/537.36 (KHTML, like Gecko; compatible; ClaudeBot/1.0; +claudebot@anthropic.com)" "-"
114.119.149.0 - - [13/Jun/2026:16:09:37 +0200] "GET /robots.txt HTTP/1.1" 301 286 www.visitasgijon.es "http://www.visitasgijon.es/robots.txt" "Mozilla/5.0 (compatible;PetalBot;+https://webmaster.petalsearch.com/site/petalbot)" "-"
114.119.149.0 - - [13/Jun/2026:16:09:38 +0200] "GET /robots.txt HTTP/1.1" 200 85 www.visitasgijon.es "http://www.visitasgijon.es/robots.txt" "Mozilla/5.0 (compatible;PetalBot;+https://webmaster.petalsearch.com/site/petalbot)" "-"
216.73.216.0 - - [13/Jun/2026:16:09:42 +0200] "GET /.metadata/369804/index.php?path=%2Fhomepages%2F9%2Fd397103526 HTTP/1.1" 429 267 visitasgijon.es "-" "Mozilla/5.0 AppleWebKit/537.36 (KHTML, like Gecko; compatible; ClaudeBot/1.0; +claudebot@anthropic.com)" "-"
216.73.216.0 - - [13/Jun/2026:16:09:42 +0200] "GET /.metadata/369804/index.php?path=%2Fhomepages%2F9%2Fd772268101 HTTP/1.1" 429 267 visitasgijon.es "-" "Mozilla/5.0 AppleWebKit/537.36 (KHTML, like Gecko; compatible; ClaudeBot/1.0; +claudebot@anthropic.com)" "-"
216.73.216.0 - - [13/Jun/2026:16:09:42 +0200] "GET /.metadata/369804/index.php?path=%2Fhomepages%2F9%2Fd769009309 HTTP/1.1" 429 267 visitasgijon.es "-" "Mozilla/5.0 AppleWebKit/537.36 (KHTML, like Gecko; compatible; ClaudeBot/1.0; +claudebot@anthropic.com)" "-"
2a03:2880:f800:: - - [13/Jun/2026:16:10:13 +0200] "GET /item/3202555 HTTP/1.1" 404 2129 visitasgijon.es "-" "meta-externalagent/1.1 (+https://developers.facebook.com/docs/sharing/webmasters/crawler)" "-"
216.73.216.0 - - [13/Jun/2026:16:10:26 +0200] "GET /.metadata/369804/index.php?path=%2Fhomepages%2F9%2Fd397809419 HTTP/1.1" 200 17032 visitasgijon.es "-" "Mozilla/5.0 AppleWebKit/537.36 (KHTML, like Gecko; compatible; ClaudeBot/1.0; +claudebot@anthropic.com)" "-"
216.73.216.0 - - [13/Jun/2026:16:10:26 +0200] "GET /.metadata/369804/index.php?path=%2Fhomepages%2F9%2Fd407828879 HTTP/1.1" 200 17949 visitasgijon.es "-" "Mozilla/5.0 AppleWebKit/537.36 (KHTML, like Gecko; compatible; ClaudeBot/1.0; +claudebot@anthropic.com)" "-"
216.73.216.0 - - [13/Jun/2026:16:10:27 +0200] "GET /.metadata/369804/index.php?path=%2Fhomepages%2F9%2Fd770865386 HTTP/1.1" 200 17969 visitasgijon.es "-" "Mozilla/5.0 AppleWebKit/537.36 (KHTML, like Gecko; compatible; ClaudeBot/1.0; +claudebot@anthropic.com)" "-"
216.73.216.0 - - [13/Jun/2026:16:10:35 +0200] "GET /.metadata/369804/index.php?path=%2Fhomepages%2F9%2Fd772744634 HTTP/1.1" 200 13318 visitasgijon.es "-" "Mozilla/5.0 AppleWebKit/537.36 (KHTML, like Gecko; compatible; ClaudeBot/1.0; +claudebot@anthropic.com)" "-"
216.73.216.0 - - [13/Jun/2026:16:10:35 +0200] "GET /.metadata/369804/index.php?path=%2Fhomepages%2F9%2Fd772747313 HTTP/1.1" 200 13318 visitasgijon.es "-" "Mozilla/5.0 AppleWebKit/537.36 (KHTML, like Gecko; compatible; ClaudeBot/1.0; +claudebot@anthropic.com)" "-"
216.73.216.0 - - [13/Jun/2026:16:10:36 +0200] "GET /.metadata/369804/index.php?path=%2Fhomepages%2F9%2Fd771558072 HTTP/1.1" 200 16115 visitasgijon.es "-" "Mozilla/5.0 AppleWebKit/537.36 (KHTML, like Gecko; compatible; ClaudeBot/1.0; +claudebot@anthropic.com)" "-"
216.73.216.0 - - [13/Jun/2026:16:11:07 +0200] "GET /.metadata/369804/index.php?path=%2Fhomepages%2F9%2Fd400708990 HTTP/1.1" 200 17048 visitasgijon.es "-" "Mozilla/5.0 AppleWebKit/537.36 (KHTML, like Gecko; compatible; ClaudeBot/1.0; +claudebot@anthropic.com)" "-"
216.73.216.0 - - [13/Jun/2026:16:11:07 +0200] "GET /.metadata/369804/index.php?path=%2Fhomepages%2F9%2Fd770333581 HTTP/1.1" 200 13308 visitasgijon.es "-" "Mozilla/5.0 AppleWebKit/537.36 (KHTML, like Gecko; compatible; ClaudeBot/1.0; +claudebot@anthropic.com)" "-"
216.73.216.0 - - [13/Jun/2026:16:11:07 +0200] "GET /.metadata/369804/index.php?path=%2Fhomepages%2F9%2Fd769635067 HTTP/1.1" 200 17983 visitasgijon.es "-" "Mozilla/5.0 AppleWebKit/537.36 (KHTML, like Gecko; compatible; ClaudeBot/1.0; +claudebot@anthropic.com)" "-"
2a03:2880:f800:: - - [13/Jun/2026:16:11:21 +0200] "GET /item/4250792 HTTP/1.1" 404 2129 visitasgijon.es "-" "meta-externalagent/1.1 (+https://developers.facebook.com/docs/sharing/webmasters/crawler)" "-"
216.73.216.0 - - [13/Jun/2026:16:11:35 +0200] "GET /.metadata/369804/index.php?path=%2Fhomepages%2F9%2Fd400196126 HTTP/1.1" 200 17966 visitasgijon.es "-" "Mozilla/5.0 AppleWebKit/537.36 (KHTML, like Gecko; compatible; ClaudeBot/1.0; +claudebot@anthropic.com)" "-"
216.73.216.0 - - [13/Jun/2026:16:11:35 +0200] "GET /.metadata/369804/index.php?path=%2Fhomepages%2F9%2Fd771652495 HTTP/1.1" 200 15170 visitasgijon.es "-" "Mozilla/5.0 AppleWebKit/537.36 (KHTML, like Gecko; compatible; ClaudeBot/1.0; +claudebot@anthropic.com)" "-"
216.73.216.0 - - [13/Jun/2026:16:11:36 +0200] "GET /.metadata/369804/index.php?path=%2Fhomepages%2F9%2Fd772378739 HTTP/1.1" 200 15180 visitasgijon.es "-" "Mozilla/5.0 AppleWebKit/537.36 (KHTML, like Gecko; compatible; ClaudeBot/1.0; +claudebot@anthropic.com)" "-"
40.77.167.0 - - [13/Jun/2026:16:11:42 +0200] "GET /item/4275294 HTTP/1.1" 200 185521 visitasgijon.es "-" "Mozilla/5.0 AppleWebKit/537.36 (KHTML, like Gecko; compatible; bingbot/2.0; +http://www.bing.com/bingbot.htm) Chrome/116.0.1938.76 Safari/537.36" "-"
216.73.216.0 - - [13/Jun/2026:16:11:48 +0200] "GET /.metadata/369804/index.php?path=%2Fhomepages%2F9%2Fd399157708 HTTP/1.1" 200 17044 visitasgijon.es "-" "Mozilla/5.0 AppleWebKit/537.36 (KHTML, like Gecko; compatible; ClaudeBot/1.0; +claudebot@anthropic.com)" "-"
216.73.216.0 - - [13/Jun/2026:16:11:48 +0200] "GET /.metadata/369804/index.php?path=%2Fhomepages%2F9%2Fd771305776 HTTP/1.1" 200 13308 visitasgijon.es "-" "Mozilla/5.0 AppleWebKit/537.36 (KHTML, like Gecko; compatible; ClaudeBot/1.0; +claudebot@anthropic.com)" "-"
216.73.216.0 - - [13/Jun/2026:16:11:48 +0200] "GET /.metadata/369804/index.php?path=%2Fhomepages%2F9%2Fd444827561 HTTP/1.1" 200 19822 visitasgijon.es "-" "Mozilla/5.0 AppleWebKit/537.36 (KHTML, like Gecko; compatible; ClaudeBot/1.0; +claudebot@anthropic.com)" "-"
216.73.216.0 - - [13/Jun/2026:16:11:57 +0200] "GET /.metadata/369804/index.php?path=%2Fhomepages%2F9%2Fd770990688 HTTP/1.1" 200 16109 visitasgijon.es "-" "Mozilla/5.0 AppleWebKit/537.36 (KHTML, like Gecko; compatible; ClaudeBot/1.0; +claudebot@anthropic.com)" "-"
216.73.216.0 - - [13/Jun/2026:16:11:57 +0200] "GET /.metadata/369804/index.php?path=%2Fhomepages%2F9%2Fd771299619 HTTP/1.1" 200 14237 visitasgijon.es "-" "Mozilla/5.0 AppleWebKit/537.36 (KHTML, like Gecko; compatible; ClaudeBot/1.0; +claudebot@anthropic.com)" "-"
216.73.216.0 - - [13/Jun/2026:16:11:58 +0200] "GET /.metadata/369804/index.php?path=%2Fhomepages%2F9%2Fd402228970%2Fhtdocs%2Fclickandbuilds%2FVisitarGijn%2Fwp-includes HTTP/1.1" 200 228351 visitasgijon.es "-" "Mozilla/5.0 AppleWebKit/537.36 (KHTML, like Gecko; compatible; ClaudeBot/1.0; +claudebot@anthropic.com)" "-"
216.73.216.0 - - [13/Jun/2026:16:12:18 +0200] "GET /.metadata/369804/index.php?path=%2Fhomepages%2F9%2Fd402421153 HTTP/1.1" 200 17058 visitasgijon.es "-" "Mozilla/5.0 AppleWebKit/537.36 (KHTML, like Gecko; compatible; ClaudeBot/1.0; +claudebot@anthropic.com)" "-"
216.73.216.0 - - [13/Jun/2026:16:12:18 +0200] "GET /.metadata/369804/index.php?path=%2Fhomepages%2F9%2Fd402228970%2Fhtdocs%2Fclickandbuilds%2FVisitarGijn%2Fwp-admin HTTP/1.1" 200 108101 visitasgijon.es "-" "Mozilla/5.0 AppleWebKit/537.36 (KHTML, like Gecko; compatible; ClaudeBot/1.0; +claudebot@anthropic.com)" "-"
216.73.216.0 - - [13/Jun/2026:16:12:18 +0200] "GET /.metadata/369804/index.php?path=%2Fhomepages%2F9%2Fd402590447 HTTP/1.1" 200 17048 visitasgijon.es "-" "Mozilla/5.0 AppleWebKit/537.36 (KHTML, like Gecko; compatible; ClaudeBot/1.0; +claudebot@anthropic.com)" "-"
2a03:2880:f800:: - - [13/Jun/2026:16:12:27 +0200] "GET /item/3684737 HTTP/1.1" 404 2129 visitasgijon.es "-" "meta-externalagent/1.1 (+https://developers.facebook.com/docs/sharing/webmasters/crawler)" "-"
216.73.216.0 - - [13/Jun/2026:16:13:01 +0200] "GET /.metadata/369804/index.php?path=%2Fhomepages%2F9%2Fd402228970%2Fhtdocs%2Fvisitagijon HTTP/1.1" 200 7545 visitasgijon.es "-" "Mozilla/5.0 AppleWebKit/537.36 (KHTML, like Gecko; compatible; ClaudeBot/1.0; +claudebot@anthropic.com)" "-"
216.73.216.0 - - [13/Jun/2026:16:13:01 +0200] "GET /.metadata/369804/index.php?path=%2Fhomepages%2F9%2Fd402228970%2Fhtdocs&upload=gaskan HTTP/1.1" 200 13764 visitasgijon.es "-" "Mozilla/5.0 AppleWebKit/537.36 (KHTML, like Gecko; compatible; ClaudeBot/1.0; +claudebot@anthropic.com)" "-"
216.73.216.0 - - [13/Jun/2026:16:13:02 +0200] "GET /.metadata/369804/index.php?path=%2Fhomepages%2F9%2Fd402228970%2Fhtdocs%2Fwsb6774550601 HTTP/1.1" 200 26582 visitasgijon.es "-" "Mozilla/5.0 AppleWebKit/537.36 (KHTML, like Gecko; compatible; ClaudeBot/1.0; +claudebot@anthropic.com)" "-"
216.73.216.0 - - [13/Jun/2026:16:13:30 +0200] "GET /.metadata/369804/index.php?path=%2Fhomepages&upload=gaskan HTTP/1.1" 200 47450 visitasgijon.es "-" "Mozilla/5.0 AppleWebKit/537.36 (KHTML, like Gecko; compatible; ClaudeBot/1.0; +claudebot@anthropic.com)" "-"
216.73.216.0 - - [13/Jun/2026:16:13:30 +0200] "GET /.metadata/369804/index.php?path=%2Fhomepages%2F9%2Fd402228970%2Fhtdocs%2Fclickandbuilds%2FVisitarGijn%2Fwp-content HTTP/1.1" 200 19126 visitasgijon.es "-" "Mozilla/5.0 AppleWebKit/537.36 (KHTML, like Gecko; compatible; ClaudeBot/1.0; +claudebot@anthropic.com)" "-"
216.73.216.0 - - [13/Jun/2026:16:13:30 +0200] "GET /.metadata/369804/index.php?path=%2Fhomepages%2F9&upload=gaskan HTTP/1.1" 200 34234 visitasgijon.es "-" "Mozilla/5.0 AppleWebKit/537.36 (KHTML, like Gecko; compatible; ClaudeBot/1.0; +claudebot@anthropic.com)" "-"
2a03:2880:f800:: - - [13/Jun/2026:16:13:33 +0200] "GET /item/3499400 HTTP/1.1" 404 2129 visitasgijon.es "-" "meta-externalagent/1.1 (+https://developers.facebook.com/docs/sharing/webmasters/crawler)" "-"
114.119.156.0 - - [13/Jun/2026:16:13:39 +0200] "GET /item/4945270 HTTP/1.1" 403 - visitasgijon.es "https://visitasgijon.es/sitemap-142.xml" "Mozilla/5.0 (Linux; Android 7.0;) AppleWebKit/537.36 (HTML, like Gecko) Mobile Safari/537.36 (compatible; PetalBot;+https://webmaster.petalsearch.com/site/petalbot)" "-"
216.73.216.0 - - [13/Jun/2026:16:13:50 +0200] "GET /.metadata/369804/index.php?path=%2Fhomepages%2F9%2Fd402228970%2Fhtdocs%2Fclickandbuilds%2FVisitarGijn%2F.metadata%2F369804%2F..%2F369804 HTTP/1.1" 429 267 visitasgijon.es "-" "Mozilla/5.0 AppleWebKit/537.36 (KHTML, like Gecko; compatible; ClaudeBot/1.0; +claudebot@anthropic.com)" "-"
216.73.216.0 - - [13/Jun/2026:16:13:50 +0200] "GET /.metadata/369804/index.php?path=%2Fhomepages%2F9%2Fd401603212 HTTP/1.1" 429 267 visitasgijon.es "-" "Mozilla/5.0 AppleWebKit/537.36 (KHTML, like Gecko; compatible; ClaudeBot/1.0; +claudebot@anthropic.com)" "-"
216.73.216.0 - - [13/Jun/2026:16:13:51 +0200] "GET /.metadata/369804/index.php?komend=gaskan&path=%2Fhomepages HTTP/1.1" 429 267 visitasgijon.es "-" "Mozilla/5.0 AppleWebKit/537.36 (KHTML, like Gecko; compatible; ClaudeBot/1.0; +claudebot@anthropic.com)" "-"
216.73.216.0 - - [13/Jun/2026:16:14:03 +0200] "GET /.metadata/369804/index.php?fileloc=%2Fhomepages%2F9%2Fd402228970%2Fhtdocs%2Findex.html&path=%2Fhomepages%2F9%2Fd402228970%2Fhtdocs HTTP/1.1" 429 267 visitasgijon.es "-" "Mozilla/5.0 AppleWebKit/537.36 (KHTML, like Gecko; compatible; ClaudeBot/1.0; +claudebot@anthropic.com)" "-"
216.73.216.0 - - [13/Jun/2026:16:14:03 +0200] "GET /.metadata/369804/index.php?komend=gaskan&path=%2Fhomepages%2F9%2Fd402228970%2Fhtdocs HTTP/1.1" 429 267 visitasgijon.es "-" "Mozilla/5.0 AppleWebKit/537.36 (KHTML, like Gecko; compatible; ClaudeBot/1.0; +claudebot@anthropic.com)" "-"
216.73.216.0 - - [13/Jun/2026:16:14:04 +0200] "GET /.metadata/369804/index.php?komend=gaskan&path=%2Fhomepages%2F9 HTTP/1.1" 429 267 visitasgijon.es "-" "Mozilla/5.0 AppleWebKit/537.36 (KHTML, like Gecko; compatible; ClaudeBot/1.0; +claudebot@anthropic.com)" "-"
216.73.216.0 - - [13/Jun/2026:16:14:18 +0200] "GET /.metadata/369804/index.php?path=%2Fhomepages%2F9%2Fd402228970%2Fhtdocs%2Fclickandbuilds%2FVisitarGijn%2F.metadata%2F369804%2F..&upload=gaskan HTTP/1.1" 429 267 visitasgijon.es "-" "Mozilla/5.0 AppleWebKit/537.36 (KHTML, like Gecko; compatible; ClaudeBot/1.0; +claudebot@anthropic.com)" "-"
216.73.216.0 - - [13/Jun/2026:16:14:18 +0200] "GET /.metadata/369804/index.php?path=%2Fhomepages%2F9%2Fd402228970%2Fhtdocs%2Fclickandbuilds%2FNEWEBVANTUR HTTP/1.1" 429 267 visitasgijon.es "-" "Mozilla/5.0 AppleWebKit/537.36 (KHTML, like Gecko; compatible; ClaudeBot/1.0; +claudebot@anthropic.com)" "-"
216.73.216.0 - - [13/Jun/2026:16:14:24 +0200] "GET /.metadata/369804/index.php?path=%2Fhomepages%2F9%2Fd402228970%2Fhtdocs%2Fclickandbuilds&upload=gaskan HTTP/1.1" 429 267 visitasgijon.es "-" "Mozilla/5.0 AppleWebKit/537.36 (KHTML, like Gecko; compatible; ClaudeBot/1.0; +claudebot@anthropic.com)" "-"
2a03:2880:f800:: - - [13/Jun/2026:16:14:40 +0200] "GET /item/2941258 HTTP/1.1" 404 2129 visitasgijon.es "-" "meta-externalagent/1.1 (+https://developers.facebook.com/docs/sharing/webmasters/crawler)" "-"
216.73.216.0 - - [13/Jun/2026:16:15:04 +0200] "GET /.metadata/369804/index.php?path=%2Fhomepages%2F9%2Fd402228970%2Fhtdocs%2Fclickandbuilds%2FVisitarGijn&upload=gaskan HTTP/1.1" 200 38742 visitasgijon.es "-" "Mozilla/5.0 AppleWebKit/537.36 (KHTML, like Gecko; compatible; ClaudeBot/1.0; +claudebot@anthropic.com)" "-"
216.73.216.0 - - [13/Jun/2026:16:15:05 +0200] "GET /.metadata/369804/index.php?komend=gaskan&path=%2Fhomepages%2F9%2Fd402228970%2Fhtdocs%2Fclickandbuilds HTTP/1.1" 200 8817 visitasgijon.es "-" "Mozilla/5.0 AppleWebKit/537.36 (KHTML, like Gecko; compatible; ClaudeBot/1.0; +claudebot@anthropic.com)" "-"
216.73.216.0 - - [13/Jun/2026:16:15:05 +0200] "GET /.metadata/369804/index.php?komend=gaskan&path=%2Fhomepages%2F9%2Fd402228970%2Fhtdocs%2Fclickandbuilds%2FVisitarGijn%2F.metadata%2F369804%2F.. HTTP/1.1" 200 12013 visitasgijon.es "-" "Mozilla/5.0 AppleWebKit/537.36 (KHTML, like Gecko; compatible; ClaudeBot/1.0; +claudebot@anthropic.com)" "-"
216.73.216.0 - - [13/Jun/2026:16:15:27 +0200] "GET /.metadata/369804/index.php?fileloc=%2Fhomepages%2F9%2Fd402228970%2Fhtdocs%2Fclickandbuilds%2FVisitarGijn%2F.metadata%2F369804%2F..%2Fapplication&path=%2Fhomepages%2F9%2Fd402228970%2Fhtdocs%2Fclickandbuilds%2FVisitarGijn%2F.metadata%2F369804%2F.. HTTP/1.1" 200 5873 visitasgijon.es "-" "Mozilla/5.0 AppleWebKit/537.36 (KHTML, like Gecko; compatible; ClaudeBot/1.0; +claudebot@anthropic.com)" "-"
216.73.216.0 - - [13/Jun/2026:16:15:27 +0200] "GET /.metadata/369804/index.php?path=%2Fhomepages%2F9%2Fd402228970%2Fhtdocs%2Fclickandbuilds%2FVisitarGijn%2F.metadata&upload=gaskan HTTP/1.1" 200 12380 visitasgijon.es "-" "Mozilla/5.0 AppleWebKit/537.36 (KHTML, like Gecko; compatible; ClaudeBot/1.0; +claudebot@anthropic.com)" "-"
216.73.216.0 - - [13/Jun/2026:16:15:27 +0200] "GET /.metadata/369804/index.php?fileloc=%2Fhomepages%2F9%2Fd402228970%2Fhtdocs%2Fclickandbuilds%2FVisitarGijn%2F.metadata%2F369804%2F..%2Findex.php&path=%2Fhomepages%2F9%2Fd402228970%2Fhtdocs%2Fclickandbuilds%2FVisitarGijn%2F.metadata%2F369804%2F.. HTTP/1.1" 200 5824 visitasgijon.es "-" "Mozilla/5.0 AppleWebKit/537.36 (KHTML, like Gecko; compatible; ClaudeBot/1.0; +claudebot@anthropic.com)" "-"
216.73.216.0 - - [13/Jun/2026:16:15:43 +0200] "GET /.metadata/369804/index.php?fileloc=%2Fhomepages%2F9%2Fd402228970%2Fhtdocs%2Fclickandbuilds%2FVisitarGijn%2Fwp-comments-post.php&path=%2Fhomepages%2F9%2Fd402228970%2Fhtdocs%2Fclickandbuilds%2FVisitarGijn HTTP/1.1" 200 7885 visitasgijon.es "-" "Mozilla/5.0 AppleWebKit/537.36 (KHTML, like Gecko; compatible; ClaudeBot/1.0; +claudebot@anthropic.com)" "-"
216.73.216.0 - - [13/Jun/2026:16:15:43 +0200] "GET /.metadata/369804/index.php?komend=gaskan&path=%2Fhomepages%2F9%2Fd402228970%2Fhtdocs%2Fclickandbuilds%2FVisitarGijn HTTP/1.1" 200 37972 visitasgijon.es "-" "Mozilla/5.0 AppleWebKit/537.36 (KHTML, like Gecko; compatible; ClaudeBot/1.0; +claudebot@anthropic.com)" "-"
216.73.216.0 - - [13/Jun/2026:16:15:44 +0200] "GET /.metadata/369804/index.php?fileloc=%2Fhomepages%2F9%2Fd402228970%2Fhtdocs%2Fclickandbuilds%2FVisitarGijn%2Fxmlrpc.php&path=%2Fhomepages%2F9%2Fd402228970%2Fhtdocs%2Fclickandbuilds%2FVisitarGijn HTTP/1.1" 200 8888 visitasgijon.es "-" "Mozilla/5.0 AppleWebKit/537.36 (KHTML, like Gecko; compatible; ClaudeBot/1.0; +claudebot@anthropic.com)" "-"
2a03:2880:f800:: - - [13/Jun/2026:16:15:47 +0200] "GET /item/3844278 HTTP/1.1" 404 2129 visitasgijon.es "-" "meta-externalagent/1.1 (+https://developers.facebook.com/docs/sharing/webmasters/crawler)" "-"
216.73.216.0 - - [13/Jun/2026:16:15:56 +0200] "GET /.metadata/369804/index.php?fileloc=%2Fhomepages%2F9%2Fd402228970%2Fhtdocs%2Fclickandbuilds%2FVisitarGijn%2Fwp-config-sample.php&path=%2Fhomepages%2F9%2Fd402228970%2Fhtdocs%2Fclickandbuilds%2FVisitarGijn HTTP/1.1" 200 8385 visitasgijon.es "-" "Mozilla/5.0 AppleWebKit/537.36 (KHTML, like Gecko; compatible; ClaudeBot/1.0; +claudebot@anthropic.com)" "-"
216.73.216.0 - - [13/Jun/2026:16:15:56 +0200] "GET /.metadata/369804/index.php?fileloc=%2Fhomepages%2F9%2Fd402228970%2Fhtdocs%2Fclickandbuilds%2FVisitarGijn%2Fwp-settings.php&path=%2Fhomepages%2F9%2Fd402228970%2Fhtdocs%2Fclickandbuilds%2FVisitarGijn HTTP/1.1" 200 23459 visitasgijon.es "-" "Mozilla/5.0 AppleWebKit/537.36 (KHTML, like Gecko; compatible; ClaudeBot/1.0; +claudebot@anthropic.com)" "-"
216.73.216.0 - - [13/Jun/2026:16:15:56 +0200] "GET /.metadata/369804/index.php?fileloc=%2Fhomepages%2F9%2Fd402228970%2Fhtdocs%2Fclickandbuilds%2FVisitarGijn%2Fwp-load.php&path=%2Fhomepages%2F9%2Fd402228970%2Fhtdocs%2Fclickandbuilds%2FVisitarGijn HTTP/1.1" 200 8930 visitasgijon.es "-" "Mozilla/5.0 AppleWebKit/537.36 (KHTML, like Gecko; compatible; ClaudeBot/1.0; +claudebot@anthropic.com)" "-"
216.73.216.0 - - [13/Jun/2026:16:16:19 +0200] "GET /.metadata/369804/index.php?fileloc=%2Fhomepages%2F9%2Fd402228970%2Fhtdocs%2Fclickandbuilds%2FVisitarGijn%2Fwp-activate.php&path=%2Fhomepages%2F9%2Fd402228970%2Fhtdocs%2Fclickandbuilds%2FVisitarGijn HTTP/1.1" 200 13374 visitasgijon.es "-" "Mozilla/5.0 AppleWebKit/537.36 (KHTML, like Gecko; compatible; ClaudeBot/1.0; +claudebot@anthropic.com)" "-"
216.73.216.0 - - [13/Jun/2026:16:16:19 +0200] "GET /.metadata/369804/index.php?fileloc=%2Fhomepages%2F9%2Fd402228970%2Fhtdocs%2Fclickandbuilds%2FVisitarGijn%2Fwp-mail.php&path=%2Fhomepages%2F9%2Fd402228970%2Fhtdocs%2Fclickandbuilds%2FVisitarGijn HTTP/1.1" 200 14107 visitasgijon.es "-" "Mozilla/5.0 AppleWebKit/537.36 (KHTML, like Gecko; compatible; ClaudeBot/1.0; +claudebot@anthropic.com)" "-"
216.73.216.0 - - [13/Jun/2026:16:16:22 +0200] "GET /.metadata/369804/index.php?komend=gaskan&path=%2Fhomepages%2F9%2Fd402228970%2Fhtdocs%2Fclickandbuilds%2FVisitarGijn%2F.metadata HTTP/1.1" 200 11610 visitasgijon.es "-" "Mozilla/5.0 AppleWebKit/537.36 (KHTML, like Gecko; compatible; ClaudeBot/1.0; +claudebot@anthropic.com)" "-"
2a03:2880:f800:: - - [13/Jun/2026:16:16:53 +0200] "GET /item/3583210 HTTP/1.1" 404 2129 visitasgijon.es "-" "meta-externalagent/1.1 (+https://developers.facebook.com/docs/sharing/webmasters/crawler)" "-"
216.73.216.0 - - [13/Jun/2026:16:17:01 +0200] "GET /.metadata/369804/index.php?fileloc=%2Fhomepages%2F9%2Fd402228970%2Fhtdocs%2Fclickandbuilds%2FVisitarGijn%2Fwp-config.php&path=%2Fhomepages%2F9%2Fd402228970%2Fhtdocs%2Fclickandbuilds%2FVisitarGijn HTTP/1.1" 503 339 visitasgijon.es "-" "Mozilla/5.0 AppleWebKit/537.36 (KHTML, like Gecko; compatible; ClaudeBot/1.0; +claudebot@anthropic.com)" "-"
216.73.216.0 - - [13/Jun/2026:16:17:01 +0200] "GET /.metadata/369804/index.php?fileloc=%2Fhomepages%2F9%2Fd402228970%2Fhtdocs%2Fclickandbuilds%2FVisitarGijn%2Fwp-cron.php&path=%2Fhomepages%2F9%2Fd402228970%2Fhtdocs%2Fclickandbuilds%2FVisitarGijn HTTP/1.1" 200 9381 visitasgijon.es "-" "Mozilla/5.0 AppleWebKit/537.36 (KHTML, like Gecko; compatible; ClaudeBot/1.0; +claudebot@anthropic.com)" "-"
216.73.216.0 - - [13/Jun/2026:16:17:03 +0200] "GET /.metadata/369804/index.php?fileloc=%2Fhomepages%2F9%2Fd402228970%2Fhtdocs%2Fclickandbuilds%2FVisitarGijn%2Fwp-trackback.php&path=%2Fhomepages%2F9%2Fd402228970%2Fhtdocs%2Fclickandbuilds%2FVisitarGijn HTTP/1.1" 200 10573 visitasgijon.es "-" "Mozilla/5.0 AppleWebKit/537.36 (KHTML, like Gecko; compatible; ClaudeBot/1.0; +claudebot@anthropic.com)" "-"
216.73.216.0 - - [13/Jun/2026:16:17:22 +0200] "GET /.metadata/369804/index.php?fileloc=%2Fhomepages%2F9%2Fd402228970%2Fhtdocs%2Fclickandbuilds%2FVisitarGijn%2Fphp.ini&path=%2Fhomepages%2F9%2Fd402228970%2Fhtdocs%2Fclickandbuilds%2FVisitarGijn HTTP/1.1" 200 6025 visitasgijon.es "-" "Mozilla/5.0 AppleWebKit/537.36 (KHTML, like Gecko; compatible; ClaudeBot/1.0; +claudebot@anthropic.com)" "-"
216.73.216.0 - - [13/Jun/2026:16:17:22 +0200] "GET /.metadata/369804/index.php?fileloc=%2Fhomepages%2F9%2Fd402228970%2Fhtdocs%2Fclickandbuilds%2FVisitarGijn%2F.metadata%2F369804%2F..%2Finstallation-files&path=%2Fhomepages%2F9%2Fd402228970%2Fhtdocs%2Fclickandbuilds%2FVisitarGijn%2F.metadata%2F369804%2F.. HTTP/1.1" 200 86895 visitasgijon.es "-" "Mozilla/5.0 AppleWebKit/537.36 (KHTML, like Gecko; compatible; ClaudeBot/1.0; +claudebot@anthropic.com)" "-"
216.73.216.0 - - [13/Jun/2026:16:17:23 +0200] "GET /.metadata/369804/index.php?fileloc=%2Fhomepages%2F9%2Fd402228970%2Fhtdocs%2Fclickandbuilds%2FVisitarGijn%2Fwp-blog-header.php&path=%2Fhomepages%2F9%2Fd402228970%2Fhtdocs%2Fclickandbuilds%2FVisitarGijn HTTP/1.1" 200 5844 visitasgijon.es "-" "Mozilla/5.0 AppleWebKit/537.36 (KHTML, like Gecko; compatible; ClaudeBot/1.0; +claudebot@anthropic.com)" "-"
216.73.216.0 - - [13/Jun/2026:16:17:41 +0200] "GET /.metadata/369804/index.php?fileloc=%2Fhomepages%2F9%2Fd402228970%2Fhtdocs%2Fclickandbuilds%2FVisitarGijn%2Findex.php&path=%2Fhomepages%2F9%2Fd402228970%2Fhtdocs%2Fclickandbuilds%2FVisitarGijn HTTP/1.1" 200 6433 visitasgijon.es "-" "Mozilla/5.0 AppleWebKit/537.36 (KHTML, like Gecko; compatible; ClaudeBot/1.0; +claudebot@anthropic.com)" "-"
216.73.216.0 - - [13/Jun/2026:16:17:41 +0200] "GET /.metadata/369804/index.php?fileloc=%2Fhomepages%2F9%2Fd402228970%2Fhtdocs%2Fclickandbuilds%2FVisitarGijn%2F123.php&path=%2Fhomepages%2F9%2Fd402228970%2Fhtdocs%2Fclickandbuilds%2FVisitarGijn HTTP/1.1" 200 5529 visitasgijon.es "-" "Mozilla/5.0 AppleWebKit/537.36 (KHTML, like Gecko; compatible; ClaudeBot/1.0; +claudebot@anthropic.com)" "-"
216.73.216.0 - - [13/Jun/2026:16:17:42 +0200] "GET /.metadata/369804/index.php?fileloc=%2Fhomepages%2F9%2Fd402228970%2Fhtdocs%2Fclickandbuilds%2FVisitarGijn%2Fwp-login.php&path=%2Fhomepages%2F9%2Fd402228970%2Fhtdocs%2Fclickandbuilds%2FVisitarGijn HTTP/1.1" 200 48678 visitasgijon.es "-" "Mozilla/5.0 AppleWebKit/537.36 (KHTML, like Gecko; compatible; ClaudeBot/1.0; +claudebot@anthropic.com)" "-"
2a03:2880:f800:: - - [13/Jun/2026:16:18:00 +0200] "GET /item/4104644 HTTP/1.1" 404 2129 visitasgijon.es "-" "meta-externalagent/1.1 (+https://developers.facebook.com/docs/sharing/webmasters/crawler)" "-"
216.73.216.0 - - [13/Jun/2026:16:18:13 +0200] "GET /.metadata/369804/index.php?fileloc=%2Fhomepages%2F9%2Fd402228970%2Fhtdocs%2Fclickandbuilds%2FVisitarGijn%2Fwp-zscron.php&path=%2Fhomepages%2F9%2Fd402228970%2Fhtdocs%2Fclickandbuilds%2FVisitarGijn HTTP/1.1" 200 5467 visitasgijon.es "-" "Mozilla/5.0 AppleWebKit/537.36 (KHTML, like Gecko; compatible; ClaudeBot/1.0; +claudebot@anthropic.com)" "-"
216.73.216.0 - - [13/Jun/2026:16:18:13 +0200] "GET /.metadata/369804/index.php?fileloc=%2Fhomepages%2F9%2Fd402228970%2Fhtdocs%2Fclickandbuilds%2FVisitarGijn%2F.metadata%2Findex.php&path=%2Fhomepages%2F9%2Fd402228970%2Fhtdocs%2Fclickandbuilds%2FVisitarGijn%2F.metadata HTTP/1.1" 200 5591 visitasgijon.es "-" "Mozilla/5.0 AppleWebKit/537.36 (KHTML, like Gecko; compatible; ClaudeBot/1.0; +claudebot@anthropic.com)" "-"
216.73.216.0 - - [13/Jun/2026:16:18:13 +0200] "GET /.metadata/369804/index.php?fileloc=%2Fhomepages%2F9%2Fd402228970%2Fhtdocs%2Fclickandbuilds%2FVisitarGijn%2Fwp-links-opml.php&path=%2Fhomepages%2F9%2Fd402228970%2Fhtdocs%2Fclickandbuilds%2FVisitarGijn HTTP/1.1" 200 8274 visitasgijon.es "-" "Mozilla/5.0 AppleWebKit/537.36 (KHTML, like Gecko; compatible; ClaudeBot/1.0; +claudebot@anthropic.com)" "-"
216.73.216.0 - - [13/Jun/2026:16:18:34 +0200] "GET /.metadata/369804/index.php?fileloc=%2Fhomepages%2F9%2Fd402228970%2Fhtdocs%2Fclickandbuilds%2FVisitarGijn%2F.metadata%2Fapplication&path=%2Fhomepages%2F9%2Fd402228970%2Fhtdocs%2Fclickandbuilds%2FVisitarGijn%2F.metadata HTTP/1.1" 200 5640 visitasgijon.es "-" "Mozilla/5.0 AppleWebKit/537.36 (KHTML, like Gecko; compatible; ClaudeBot/1.0; +claudebot@anthropic.com)" "-"
216.73.216.0 - - [13/Jun/2026:16:18:34 +0200] "GET /.metadata/369804/index.php?fileloc=%2Fhomepages%2F9%2Fd402228970%2Fhtdocs%2Fclickandbuilds%2FVisitarGijn%2Fwp-signup.php&path=%2Fhomepages%2F9%2Fd402228970%2Fhtdocs%2Fclickandbuilds%2FVisitarGijn HTTP/1.1" 200 39684 visitasgijon.es "-" "Mozilla/5.0 AppleWebKit/537.36 (KHTML, like Gecko; compatible; ClaudeBot/1.0; +claudebot@anthropic.com)" "-"
216.73.216.0 - - [13/Jun/2026:16:18:35 +0200] "GET /.metadata/369804/index.php?fileloc=%2Fhomepages%2F9%2Fd402228970%2Fhtdocs%2Fclickandbuilds%2FVisitarGijn%2Freadme.html&path=%2Fhomepages%2F9%2Fd402228970%2Fhtdocs%2Fclickandbuilds%2FVisitarGijn HTTP/1.1" 200 14862 visitasgijon.es "-" "Mozilla/5.0 AppleWebKit/537.36 (KHTML, like Gecko; compatible; ClaudeBot/1.0; +claudebot@anthropic.com)" "-"
216.73.216.0 - - [13/Jun/2026:16:18:40 +0200] "GET /.metadata/369804/index.php?fileloc=%2Fhomepages%2F9%2Fd402228970%2Fhtdocs%2Fclickandbuilds%2FVisitarGijn%2Fzc-728.php&path=%2Fhomepages%2F9%2Fd402228970%2Fhtdocs%2Fclickandbuilds%2FVisitarGijn HTTP/1.1" 429 267 visitasgijon.es "-" "Mozilla/5.0 AppleWebKit/537.36 (KHTML, like Gecko; compatible; ClaudeBot/1.0; +claudebot@anthropic.com)" "-"
216.73.216.0 - - [13/Jun/2026:16:18:40 +0200] "GET /.metadata/369804/index.php?fileloc=%2Fhomepages%2F9%2Fd402228970%2Fhtdocs%2Fclickandbuilds%2FVisitarGijn%2F.htaccess&path=%2Fhomepages%2F9%2Fd402228970%2Fhtdocs%2Fclickandbuilds%2FVisitarGijn HTTP/1.1" 429 267 visitasgijon.es "-" "Mozilla/5.0 AppleWebKit/537.36 (KHTML, like Gecko; compatible; ClaudeBot/1.0; +claudebot@anthropic.com)" "-"
216.73.216.0 - - [13/Jun/2026:16:18:58 +0200] "GET /.metadata/369804/index.php?fileloc=%2Fhomepages%2F9%2Fd402228970%2Fhtdocs%2Fclickandbuilds%2FVisitarGijn%2F.metadata%2Finstallation-files&path=%2Fhomepages%2F9%2Fd402228970%2Fhtdocs%2Fclickandbuilds%2FVisitarGijn%2F.metadata HTTP/1.1" 429 267 visitasgijon.es "-" "Mozilla/5.0 AppleWebKit/537.36 (KHTML, like Gecko; compatible; ClaudeBot/1.0; +claudebot@anthropic.com)" "-"
216.73.216.0 - - [13/Jun/2026:16:18:58 +0200] "GET /.metadata/369804/index.php?fileloc=%2Fhomepages%2F9%2Fd402228970%2Fhtdocs%2Fclickandbuilds%2FVisitarGijn%2Fe.zip&path=%2Fhomepages%2F9%2Fd402228970%2Fhtdocs%2Fclickandbuilds%2FVisitarGijn HTTP/1.1" 429 267 visitasgijon.es "-" "Mozilla/5.0 AppleWebKit/537.36 (KHTML, like Gecko; compatible; ClaudeBot/1.0; +claudebot@anthropic.com)" "-"
2a03:2880:f800:: - - [13/Jun/2026:16:19:06 +0200] "GET /item/3528453 HTTP/1.1" 404 2129 visitasgijon.es "-" "meta-externalagent/1.1 (+https://developers.facebook.com/docs/sharing/webmasters/crawler)" "-"
216.73.216.0 - - [13/Jun/2026:16:19:47 +0200] "GET /.metadata/369804/index.php?fileloc=%2Fhomepages%2F9%2Fd402228970%2Fhtdocs%2Fclickandbuilds%2FVisitarGijn%2Frobots.txt&path=%2Fhomepages%2F9%2Fd402228970%2Fhtdocs%2Fclickandbuilds%2FVisitarGijn HTTP/1.1" 200 5533 visitasgijon.es "-" "Mozilla/5.0 AppleWebKit/537.36 (KHTML, like Gecko; compatible; ClaudeBot/1.0; +claudebot@anthropic.com)" "-"
216.73.216.0 - - [13/Jun/2026:16:19:47 +0200] "GET /.metadata/369804/index.php?fileloc=%2Fhomepages%2F9%2Fd402228970%2Fhtdocs%2Fclickandbuilds%2FVisitarGijn%2Flicense.txt&path=%2Fhomepages%2F9%2Fd402228970%2Fhtdocs%2Fclickandbuilds%2FVisitarGijn HTTP/1.1" 200 25504 visitasgijon.es "-" "Mozilla/5.0 AppleWebKit/537.36 (KHTML, like Gecko; compatible; ClaudeBot/1.0; +claudebot@anthropic.com)" "-"
216.73.216.0 - - [13/Jun/2026:16:20:12 +0200] "GET /.metadata/369804/index.php?fileloc=%2Fhomepages%2F9%2Fd402228970%2Fhtdocs%2Fclickandbuilds%2FVisitarGijn%2Fagl.txt&path=%2Fhomepages%2F9%2Fd402228970%2Fhtdocs%2Fclickandbuilds%2FVisitarGijn HTTP/1.1" 200 5462 visitasgijon.es "-" "Mozilla/5.0 AppleWebKit/537.36 (KHTML, like Gecko; compatible; ClaudeBot/1.0; +claudebot@anthropic.com)" "-"
216.73.216.0 - - [13/Jun/2026:16:20:12 +0200] "GET /sitemap.xml HTTP/1.1" 200 3212 visitasgijon.es "-" "Mozilla/5.0 AppleWebKit/537.36 (KHTML, like Gecko; compatible; ClaudeBot/1.0; +claudebot@anthropic.com)" "-"
2a03:2880:f800:: - - [13/Jun/2026:16:20:13 +0200] "GET /item/2899248 HTTP/1.1" 404 2129 visitasgijon.es "-" "meta-externalagent/1.1 (+https://developers.facebook.com/docs/sharing/webmasters/crawler)" "-"
66.249.70.0 - - [13/Jun/2026:16:20:42 +0200] "GET /products/7435764 HTTP/1.1" 200 189264 visitasgijon.es "-" "Mozilla/5.0 (Linux; Android 6.0.1; Nexus 5X Build/MMB29P) AppleWebKit/537.36 (KHTML, like Gecko) Chrome/148.0.7778.96 Mobile Safari/537.36 (compatible; Googlebot/2.1; +http://www.google.com/bot.html)" "-"
43.157.180.0 - - [13/Jun/2026:16:20:54 +0200] "GET / HTTP/1.1" 301 272 visitasgijon.es "-" "Mozilla/5.0 (iPhone; CPU iPhone OS 13_2_3 like Mac OS X) AppleWebKit/605.1.15 (KHTML, like Gecko) Version/13.0.3 Mobile/15E148 Safari/604.1" "-"
43.157.180.0 - - [13/Jun/2026:16:20:56 +0200] "GET / HTTP/1.1" 200 36336 visitasgijon.es "http://visitasgijon.es" "Mozilla/5.0 (iPhone; CPU iPhone OS 13_2_3 like Mac OS X) AppleWebKit/605.1.15 (KHTML, like Gecko) Version/13.0.3 Mobile/15E148 Safari/604.1" "-"
2a03:2880:f800:: - - [13/Jun/2026:16:21:20 +0200] "GET /item/4008882 HTTP/1.1" 404 2129 visitasgijon.es "-" "meta-externalagent/1.1 (+https://developers.facebook.com/docs/sharing/webmasters/crawler)" "-"
40.77.167.0 - - [13/Jun/2026:16:21:28 +0200] "GET /item/1570338 HTTP/1.1" 200 188351 www.visitasgijon.es "-" "Mozilla/5.0 AppleWebKit/537.36 (KHTML, like Gecko; compatible; bingbot/2.0; +http://www.bing.com/bingbot.htm) Chrome/116.0.1938.76 Safari/537.36" "-"
66.249.70.0 - - [13/Jun/2026:16:21:34 +0200] "GET /products/28842920 HTTP/1.1" 200 183115 visitasgijon.es "-" "Mozilla/5.0 (Linux; Android 6.0.1; Nexus 5X Build/MMB29P) AppleWebKit/537.36 (KHTML, like Gecko) Chrome/148.0.7778.96 Mobile Safari/537.36 (compatible; Googlebot/2.1; +http://www.google.com/bot.html)" "-"
2a03:2880:f800:: - - [13/Jun/2026:16:22:27 +0200] "GET /item/2062978 HTTP/1.1" 404 2129 visitasgijon.es "-" "meta-externalagent/1.1 (+https://developers.facebook.com/docs/sharing/webmasters/crawler)" "-"
