2a03:2880:f800:: - - [13/Jun/2026:10:25:46 +0200] "GET /item/3548007 HTTP/1.1" 404 2129 visitasgijon.es "-" "meta-externalagent/1.1 (+https://developers.facebook.com/docs/sharing/webmasters/crawler)" "-"
103.192.64.0 - - [13/Jun/2026:10:26:06 +0200] "GET / HTTP/1.1" 200 229 vanturexperiences.com "-" "-" "-"
2a03:2880:f800:: - - [13/Jun/2026:10:26:53 +0200] "GET /item/4073033 HTTP/1.1" 404 2129 visitasgijon.es "-" "meta-externalagent/1.1 (+https://developers.facebook.com/docs/sharing/webmasters/crawler)" "-"
66.249.70.0 - - [13/Jun/2026:10:27:19 +0200] "GET /products/13763919 HTTP/1.1" 200 198977 visitasgijon.es "-" "Mozilla/5.0 (Linux; Android 6.0.1; Nexus 5X Build/MMB29P) AppleWebKit/537.36 (KHTML, like Gecko) Chrome/148.0.7778.96 Mobile Safari/537.36 (compatible; Googlebot/2.1; +http://www.google.com/bot.html)" "-"
2a03:2880:f800:: - - [13/Jun/2026:10:27:59 +0200] "GET /item/2731479 HTTP/1.1" 404 2129 visitasgijon.es "-" "meta-externalagent/1.1 (+https://developers.facebook.com/docs/sharing/webmasters/crawler)" "-"
2a03:2880:f800:: - - [13/Jun/2026:10:29:07 +0200] "GET /item/3692386 HTTP/1.1" 404 2129 visitasgijon.es "-" "meta-externalagent/1.1 (+https://developers.facebook.com/docs/sharing/webmasters/crawler)" "-"
66.249.70.0 - - [13/Jun/2026:10:29:23 +0200] "GET /products/10762419 HTTP/1.1" 200 189065 visitasgijon.es "-" "Mozilla/5.0 (Linux; Android 6.0.1; Nexus 5X Build/MMB29P) AppleWebKit/537.36 (KHTML, like Gecko) Chrome/148.0.7778.96 Mobile Safari/537.36 (compatible; Googlebot/2.1; +http://www.google.com/bot.html)" "-"
2a03:2880:f800:: - - [13/Jun/2026:10:30:12 +0200] "GET /item/4569938 HTTP/1.1" 404 2129 visitasgijon.es "-" "meta-externalagent/1.1 (+https://developers.facebook.com/docs/sharing/webmasters/crawler)" "-"
2a03:2880:f800:: - - [13/Jun/2026:10:31:20 +0200] "GET /item/2673989 HTTP/1.1" 404 2129 visitasgijon.es "-" "meta-externalagent/1.1 (+https://developers.facebook.com/docs/sharing/webmasters/crawler)" "-"
2a03:2880:f800:: - - [13/Jun/2026:10:32:26 +0200] "GET /item/1973587 HTTP/1.1" 404 2129 visitasgijon.es "-" "meta-externalagent/1.1 (+https://developers.facebook.com/docs/sharing/webmasters/crawler)" "-"
2a03:2880:f800:: - - [13/Jun/2026:10:33:33 +0200] "GET /item/3451476 HTTP/1.1" 404 2129 visitasgijon.es "-" "meta-externalagent/1.1 (+https://developers.facebook.com/docs/sharing/webmasters/crawler)" "-"
2a03:2880:f800:: - - [13/Jun/2026:10:34:40 +0200] "GET /item/4016481 HTTP/1.1" 404 2129 visitasgijon.es "-" "meta-externalagent/1.1 (+https://developers.facebook.com/docs/sharing/webmasters/crawler)" "-"
66.249.70.0 - - [13/Jun/2026:10:34:46 +0200] "GET /products/9086197 HTTP/1.1" 200 196009 visitasgijon.es "-" "Mozilla/5.0 (Linux; Android 6.0.1; Nexus 5X Build/MMB29P) AppleWebKit/537.36 (KHTML, like Gecko) Chrome/148.0.7778.96 Mobile Safari/537.36 (compatible; Googlebot/2.1; +http://www.google.com/bot.html)" "-"
66.249.70.0 - - [13/Jun/2026:10:35:11 +0200] "GET /products/29572197 HTTP/1.1" 200 198197 visitasgijon.es "-" "Mozilla/5.0 (Linux; Android 6.0.1; Nexus 5X Build/MMB29P) AppleWebKit/537.36 (KHTML, like Gecko) Chrome/148.0.7778.96 Mobile Safari/537.36 (compatible; Googlebot/2.1; +http://www.google.com/bot.html)" "-"
2a03:2880:f800:: - - [13/Jun/2026:10:35:46 +0200] "GET /item/4861788 HTTP/1.1" 404 2129 visitasgijon.es "-" "meta-externalagent/1.1 (+https://developers.facebook.com/docs/sharing/webmasters/crawler)" "-"
66.249.70.0 - - [13/Jun/2026:10:36:34 +0200] "GET /products/14562320 HTTP/1.1" 200 182932 visitasgijon.es "-" "Mozilla/5.0 (Linux; Android 6.0.1; Nexus 5X Build/MMB29P) AppleWebKit/537.36 (KHTML, like Gecko) Chrome/148.0.7778.96 Mobile Safari/537.36 (compatible; Googlebot/2.1; +http://www.google.com/bot.html)" "-"
2a03:2880:f800:: - - [13/Jun/2026:10:36:52 +0200] "GET /item/3346709 HTTP/1.1" 404 2129 visitasgijon.es "-" "meta-externalagent/1.1 (+https://developers.facebook.com/docs/sharing/webmasters/crawler)" "-"
2a03:2880:f800:: - - [13/Jun/2026:10:37:59 +0200] "GET /item/4881388 HTTP/1.1" 404 2129 visitasgijon.es "-" "meta-externalagent/1.1 (+https://developers.facebook.com/docs/sharing/webmasters/crawler)" "-"
2a03:2880:f800:: - - [13/Jun/2026:10:39:06 +0200] "GET /item/3503149 HTTP/1.1" 404 2129 visitasgijon.es "-" "meta-externalagent/1.1 (+https://developers.facebook.com/docs/sharing/webmasters/crawler)" "-"
66.249.70.0 - - [13/Jun/2026:10:39:18 +0200] "GET /products/30376008 HTTP/1.1" 200 183882 visitasgijon.es "-" "Mozilla/5.0 (Linux; Android 6.0.1; Nexus 5X Build/MMB29P) AppleWebKit/537.36 (KHTML, like Gecko) Chrome/148.0.7778.96 Mobile Safari/537.36 (compatible; Googlebot/2.1; +http://www.google.com/bot.html)" "-"
2a03:2880:f800:: - - [13/Jun/2026:10:40:13 +0200] "GET /item/4371814 HTTP/1.1" 404 2129 visitasgijon.es "-" "meta-externalagent/1.1 (+https://developers.facebook.com/docs/sharing/webmasters/crawler)" "-"
114.119.128.0 - - [13/Jun/2026:10:40:18 +0200] "GET /item/4947180 HTTP/1.1" 403 - visitasgijon.es "https://visitasgijon.es/sitemap-50.xml" "Mozilla/5.0 (Linux; Android 7.0;) AppleWebKit/537.36 (HTML, like Gecko) Mobile Safari/537.36 (compatible; PetalBot;+https://webmaster.petalsearch.com/site/petalbot)" "-"
66.249.70.0 - - [13/Jun/2026:10:40:36 +0200] "GET /products/7369286 HTTP/1.1" 200 191841 visitasgijon.es "-" "Mozilla/5.0 (Linux; Android 6.0.1; Nexus 5X Build/MMB29P) AppleWebKit/537.36 (KHTML, like Gecko) Chrome/148.0.7778.96 Mobile Safari/537.36 (compatible; Googlebot/2.1; +http://www.google.com/bot.html)" "-"
2a03:2880:f800:: - - [13/Jun/2026:10:41:20 +0200] "GET /item/3487428 HTTP/1.1" 404 2129 visitasgijon.es "-" "meta-externalagent/1.1 (+https://developers.facebook.com/docs/sharing/webmasters/crawler)" "-"
52.167.144.0 - - [13/Jun/2026:10:41:26 +0200] "GET /item/657097 HTTP/1.1" 200 189399 www.visitasgijon.es "-" "Mozilla/5.0 AppleWebKit/537.36 (KHTML, like Gecko; compatible; bingbot/2.0; +http://www.bing.com/bingbot.htm) Chrome/116.0.1938.76 Safari/537.36" "-"
2a03:2880:f800:: - - [13/Jun/2026:10:42:27 +0200] "GET /item/2289501 HTTP/1.1" 404 2129 visitasgijon.es "-" "meta-externalagent/1.1 (+https://developers.facebook.com/docs/sharing/webmasters/crawler)" "-"
66.249.70.0 - - [13/Jun/2026:10:43:10 +0200] "GET /products/25349731 HTTP/1.1" 200 199602 visitasgijon.es "-" "Mozilla/5.0 (Linux; Android 6.0.1; Nexus 5X Build/MMB29P) AppleWebKit/537.36 (KHTML, like Gecko) Chrome/148.0.7778.96 Mobile Safari/537.36 (compatible; Googlebot/2.1; +http://www.google.com/bot.html)" "-"
2a03:2880:f800:: - - [13/Jun/2026:10:43:33 +0200] "GET /item/4169187 HTTP/1.1" 404 2129 visitasgijon.es "-" "meta-externalagent/1.1 (+https://developers.facebook.com/docs/sharing/webmasters/crawler)" "-"
2a03:2880:f800:: - - [13/Jun/2026:10:44:39 +0200] "GET /item/3563647 HTTP/1.1" 404 2129 visitasgijon.es "-" "meta-externalagent/1.1 (+https://developers.facebook.com/docs/sharing/webmasters/crawler)" "-"
216.73.216.0 - - [13/Jun/2026:10:45:32 +0200] "GET /robots.txt HTTP/1.1" 200 85 visitasgijon.es "-" "Mozilla/5.0 AppleWebKit/537.36 (KHTML, like Gecko; compatible; ClaudeBot/1.0; +claudebot@anthropic.com)" "-"
216.73.216.0 - - [13/Jun/2026:10:45:35 +0200] "GET /sitemap.xml HTTP/1.1" 200 3212 visitasgijon.es "-" "Mozilla/5.0 AppleWebKit/537.36 (KHTML, like Gecko; compatible; ClaudeBot/1.0; +claudebot@anthropic.com)" "-"
2a03:2880:f800:: - - [13/Jun/2026:10:45:46 +0200] "GET /item/2920349 HTTP/1.1" 404 2129 visitasgijon.es "-" "meta-externalagent/1.1 (+https://developers.facebook.com/docs/sharing/webmasters/crawler)" "-"
82.165.83.0 - - [13/Jun/2026:10:45:47 +0200] "POST /wp-cron.php?doing_wp_cron=1781340346.9574689865112304687500 HTTP/1.1" 200 - visitasgijon.es "https://visitasgijon.es/wp-cron.php?doing_wp_cron=1781340346.9574689865112304687500" "WordPress/5.1.22; https://visitasgijon.es" "-"
2a03:2880:f800:: - - [13/Jun/2026:10:46:53 +0200] "GET /item/3073739 HTTP/1.1" 404 2129 visitasgijon.es "-" "meta-externalagent/1.1 (+https://developers.facebook.com/docs/sharing/webmasters/crawler)" "-"
2a03:2880:f800:: - - [13/Jun/2026:10:48:00 +0200] "GET /item/3070685 HTTP/1.1" 404 2129 visitasgijon.es "-" "meta-externalagent/1.1 (+https://developers.facebook.com/docs/sharing/webmasters/crawler)" "-"
2a03:2880:f800:: - - [13/Jun/2026:10:49:07 +0200] "GET /item/2697906 HTTP/1.1" 404 2129 visitasgijon.es "-" "meta-externalagent/1.1 (+https://developers.facebook.com/docs/sharing/webmasters/crawler)" "-"
2a03:2880:f800:: - - [13/Jun/2026:10:50:13 +0200] "GET /item/3114739 HTTP/1.1" 404 2129 visitasgijon.es "-" "meta-externalagent/1.1 (+https://developers.facebook.com/docs/sharing/webmasters/crawler)" "-"
66.249.70.0 - - [13/Jun/2026:10:50:19 +0200] "GET /item/4660263 HTTP/1.1" 200 181871 visitasgijon.es "-" "Mozilla/5.0 (Linux; Android 6.0.1; Nexus 5X Build/MMB29P) AppleWebKit/537.36 (KHTML, like Gecko) Chrome/148.0.7778.96 Mobile Safari/537.36 (compatible; Googlebot/2.1; +http://www.google.com/bot.html)" "-"
66.249.70.0 - - [13/Jun/2026:10:50:36 +0200] "GET /products/3792742 HTTP/1.1" 200 199252 visitasgijon.es "-" "Mozilla/5.0 (Linux; Android 6.0.1; Nexus 5X Build/MMB29P) AppleWebKit/537.36 (KHTML, like Gecko) Chrome/148.0.7778.96 Mobile Safari/537.36 (compatible; Googlebot/2.1; +http://www.google.com/bot.html)" "-"
2a03:2880:f800:: - - [13/Jun/2026:10:51:19 +0200] "GET /item/4598430 HTTP/1.1" 404 2129 visitasgijon.es "-" "meta-externalagent/1.1 (+https://developers.facebook.com/docs/sharing/webmasters/crawler)" "-"
66.249.70.0 - - [13/Jun/2026:10:51:22 +0200] "GET /item/2119960 HTTP/1.1" 200 192678 visitasgijon.es "-" "Mozilla/5.0 (Linux; Android 6.0.1; Nexus 5X Build/MMB29P) AppleWebKit/537.36 (KHTML, like Gecko) Chrome/148.0.7778.96 Mobile Safari/537.36 (compatible; Googlebot/2.1; +http://www.google.com/bot.html)" "-"
66.249.70.0 - - [13/Jun/2026:10:51:45 +0200] "GET /item/2634951 HTTP/1.1" 200 198121 visitasgijon.es "-" "Mozilla/5.0 (Linux; Android 6.0.1; Nexus 5X Build/MMB29P) AppleWebKit/537.36 (KHTML, like Gecko) Chrome/148.0.7778.96 Mobile Safari/537.36 (compatible; Googlebot/2.1; +http://www.google.com/bot.html)" "-"
2a03:2880:f800:: - - [13/Jun/2026:10:52:26 +0200] "GET /item/2044238 HTTP/1.1" 404 2129 visitasgijon.es "-" "meta-externalagent/1.1 (+https://developers.facebook.com/docs/sharing/webmasters/crawler)" "-"
2a03:2880:f800:: - - [13/Jun/2026:10:53:33 +0200] "GET /item/2177338 HTTP/1.1" 404 2129 visitasgijon.es "-" "meta-externalagent/1.1 (+https://developers.facebook.com/docs/sharing/webmasters/crawler)" "-"
2a03:2880:f800:: - - [13/Jun/2026:10:54:39 +0200] "GET /item/3147658 HTTP/1.1" 404 2129 visitasgijon.es "-" "meta-externalagent/1.1 (+https://developers.facebook.com/docs/sharing/webmasters/crawler)" "-"
2a03:2880:f800:: - - [13/Jun/2026:10:55:46 +0200] "GET /item/2685943 HTTP/1.1" 404 2129 visitasgijon.es "-" "meta-externalagent/1.1 (+https://developers.facebook.com/docs/sharing/webmasters/crawler)" "-"
176.31.139.0 - - [13/Jun/2026:10:55:50 +0200] "GET /sitemap.xml HTTP/1.1" 200 3212 visitasgijon.es "-" "Mozilla/5.0 (compatible; AhrefsBot/7.0; +http://ahrefs.com/robot/)" "-"
54.37.118.0 - - [13/Jun/2026:10:56:01 +0200] "GET /sitemap-975.xml HTTP/1.1" 200 174583 visitasgijon.es "-" "Mozilla/5.0 (compatible; AhrefsBot/7.0; +http://ahrefs.com/robot/)" "-"
176.31.139.0 - - [13/Jun/2026:10:56:28 +0200] "GET /sitemap-142.xml HTTP/1.1" 200 167941 visitasgijon.es "-" "Mozilla/5.0 (compatible; AhrefsBot/7.0; +http://ahrefs.com/robot/)" "-"
176.31.139.0 - - [13/Jun/2026:10:56:37 +0200] "GET /sitemap-475.xml HTTP/1.1" 200 192889 visitasgijon.es "-" "Mozilla/5.0 (compatible; AhrefsBot/7.0; +http://ahrefs.com/robot/)" "-"
94.23.188.0 - - [13/Jun/2026:10:56:39 +0200] "GET /sitemap-496.xml HTTP/1.1" 200 188677 visitasgijon.es "-" "Mozilla/5.0 (compatible; AhrefsBot/7.0; +http://ahrefs.com/robot/)" "-"
37.59.204.0 - - [13/Jun/2026:10:56:48 +0200] "GET /sitemap-50.xml HTTP/1.1" 200 164863 visitasgijon.es "-" "Mozilla/5.0 (compatible; AhrefsBot/7.0; +http://ahrefs.com/robot/)" "-"
2a03:2880:f800:: - - [13/Jun/2026:10:56:54 +0200] "GET /item/3867787 HTTP/1.1" 404 2129 visitasgijon.es "-" "meta-externalagent/1.1 (+https://developers.facebook.com/docs/sharing/webmasters/crawler)" "-"
54.37.118.0 - - [13/Jun/2026:10:57:03 +0200] "GET /sitemap-885.xml HTTP/1.1" 200 177013 visitasgijon.es "-" "Mozilla/5.0 (compatible; AhrefsBot/7.0; +http://ahrefs.com/robot/)" "-"
176.31.139.0 - - [13/Jun/2026:10:57:10 +0200] "GET /sitemap-103.xml HTTP/1.1" 200 144451 visitasgijon.es "-" "Mozilla/5.0 (compatible; AhrefsBot/7.0; +http://ahrefs.com/robot/)" "-"
94.23.188.0 - - [13/Jun/2026:10:57:12 +0200] "GET /sitemap-989.xml HTTP/1.1" 200 160327 visitasgijon.es "-" "Mozilla/5.0 (compatible; AhrefsBot/7.0; +http://ahrefs.com/robot/)" "-"
92.222.104.0 - - [13/Jun/2026:10:57:15 +0200] "GET /sitemap-348.xml HTTP/1.1" 200 137323 visitasgijon.es "-" "Mozilla/5.0 (compatible; AhrefsBot/7.0; +http://ahrefs.com/robot/)" "-"
51.68.247.0 - - [13/Jun/2026:10:57:17 +0200] "GET /sitemap-988.xml HTTP/1.1" 200 153199 visitasgijon.es "-" "Mozilla/5.0 (compatible; AhrefsBot/7.0; +http://ahrefs.com/robot/)" "-"
37.59.204.0 - - [13/Jun/2026:10:57:24 +0200] "GET /sitemap-698.xml HTTP/1.1" 200 171181 visitasgijon.es "-" "Mozilla/5.0 (compatible; AhrefsBot/7.0; +http://ahrefs.com/robot/)" "-"
37.59.204.0 - - [13/Jun/2026:10:57:31 +0200] "GET /sitemap-809.xml HTTP/1.1" 200 159517 visitasgijon.es "-" "Mozilla/5.0 (compatible; AhrefsBot/7.0; +http://ahrefs.com/robot/)" "-"
92.222.108.0 - - [13/Jun/2026:10:57:33 +0200] "GET /sitemap-785.xml HTTP/1.1" 200 132301 visitasgijon.es "-" "Mozilla/5.0 (compatible; AhrefsBot/7.0; +http://ahrefs.com/robot/)" "-"
51.75.236.0 - - [13/Jun/2026:10:57:35 +0200] "GET /sitemap-477.xml HTTP/1.1" 200 186571 visitasgijon.es "-" "Mozilla/5.0 (compatible; AhrefsBot/7.0; +http://ahrefs.com/robot/)" "-"
51.75.236.0 - - [13/Jun/2026:10:57:36 +0200] "GET /sitemap-222.xml HTTP/1.1" 200 181549 visitasgijon.es "-" "Mozilla/5.0 (compatible; AhrefsBot/7.0; +http://ahrefs.com/robot/)" "-"
94.23.188.0 - - [13/Jun/2026:10:57:38 +0200] "GET /sitemap-855.xml HTTP/1.1" 200 148177 visitasgijon.es "-" "Mozilla/5.0 (compatible; AhrefsBot/7.0; +http://ahrefs.com/robot/)" "-"
92.222.108.0 - - [13/Jun/2026:10:57:40 +0200] "GET /sitemap-608.xml HTTP/1.1" 200 142183 visitasgijon.es "-" "Mozilla/5.0 (compatible; AhrefsBot/7.0; +http://ahrefs.com/robot/)" "-"
92.222.108.0 - - [13/Jun/2026:10:57:42 +0200] "GET /sitemap-600.xml HTTP/1.1" 200 154819 visitasgijon.es "-" "Mozilla/5.0 (compatible; AhrefsBot/7.0; +http://ahrefs.com/robot/)" "-"
92.222.104.0 - - [13/Jun/2026:10:57:43 +0200] "GET /sitemap-70.xml HTTP/1.1" 200 192565 visitasgijon.es "-" "Mozilla/5.0 (compatible; AhrefsBot/7.0; +http://ahrefs.com/robot/)" "-"
94.23.188.0 - - [13/Jun/2026:10:57:45 +0200] "GET /sitemap-531.xml HTTP/1.1" 429 267 visitasgijon.es "-" "Mozilla/5.0 (compatible; AhrefsBot/7.0; +http://ahrefs.com/robot/)" "-"
2a03:2880:f800:: - - [13/Jun/2026:10:57:59 +0200] "GET /item/4062357 HTTP/1.1" 404 2129 visitasgijon.es "-" "meta-externalagent/1.1 (+https://developers.facebook.com/docs/sharing/webmasters/crawler)" "-"
37.59.204.0 - - [13/Jun/2026:10:58:08 +0200] "GET /sitemap-468.xml HTTP/1.1" 429 267 visitasgijon.es "-" "Mozilla/5.0 (compatible; AhrefsBot/7.0; +http://ahrefs.com/robot/)" "-"
51.75.236.0 - - [13/Jun/2026:10:58:09 +0200] "GET /sitemap-514.xml HTTP/1.1" 429 267 visitasgijon.es "-" "Mozilla/5.0 (compatible; AhrefsBot/7.0; +http://ahrefs.com/robot/)" "-"
54.37.118.0 - - [13/Jun/2026:10:58:18 +0200] "GET /sitemap-200.xml HTTP/1.1" 429 267 visitasgijon.es "-" "Mozilla/5.0 (compatible; AhrefsBot/7.0; +http://ahrefs.com/robot/)" "-"
92.222.108.0 - - [13/Jun/2026:10:58:19 +0200] "GET /sitemap-958.xml HTTP/1.1" 429 267 visitasgijon.es "-" "Mozilla/5.0 (compatible; AhrefsBot/7.0; +http://ahrefs.com/robot/)" "-"
5.39.1.0 - - [13/Jun/2026:10:58:22 +0200] "GET /sitemap-715.xml HTTP/1.1" 429 267 visitasgijon.es "-" "Mozilla/5.0 (compatible; AhrefsBot/7.0; +http://ahrefs.com/robot/)" "-"
92.222.108.0 - - [13/Jun/2026:10:58:23 +0200] "GET /sitemap-525.xml HTTP/1.1" 429 267 visitasgijon.es "-" "Mozilla/5.0 (compatible; AhrefsBot/7.0; +http://ahrefs.com/robot/)" "-"
92.222.108.0 - - [13/Jun/2026:10:58:24 +0200] "GET /sitemap-535.xml HTTP/1.1" 429 267 visitasgijon.es "-" "Mozilla/5.0 (compatible; AhrefsBot/7.0; +http://ahrefs.com/robot/)" "-"
51.68.247.0 - - [13/Jun/2026:10:58:27 +0200] "GET /sitemap-481.xml HTTP/1.1" 429 267 visitasgijon.es "-" "Mozilla/5.0 (compatible; AhrefsBot/7.0; +http://ahrefs.com/robot/)" "-"
5.39.1.0 - - [13/Jun/2026:10:58:28 +0200] "GET /sitemap-3.xml HTTP/1.1" 429 267 visitasgijon.es "-" "Mozilla/5.0 (compatible; AhrefsBot/7.0; +http://ahrefs.com/robot/)" "-"
5.39.1.0 - - [13/Jun/2026:10:58:29 +0200] "GET /sitemap-669.xml HTTP/1.1" 429 267 visitasgijon.es "-" "Mozilla/5.0 (compatible; AhrefsBot/7.0; +http://ahrefs.com/robot/)" "-"
94.23.188.0 - - [13/Jun/2026:10:58:30 +0200] "GET /sitemap-832.xml HTTP/1.1" 429 267 visitasgijon.es "-" "Mozilla/5.0 (compatible; AhrefsBot/7.0; +http://ahrefs.com/robot/)" "-"
54.37.118.0 - - [13/Jun/2026:10:58:35 +0200] "GET /sitemap-428.xml HTTP/1.1" 429 267 visitasgijon.es "-" "Mozilla/5.0 (compatible; AhrefsBot/7.0; +http://ahrefs.com/robot/)" "-"
51.68.247.0 - - [13/Jun/2026:10:58:36 +0200] "GET /sitemap-312.xml HTTP/1.1" 429 267 visitasgijon.es "-" "Mozilla/5.0 (compatible; AhrefsBot/7.0; +http://ahrefs.com/robot/)" "-"
94.23.188.0 - - [13/Jun/2026:10:58:37 +0200] "GET /sitemap-346.xml HTTP/1.1" 429 267 visitasgijon.es "-" "Mozilla/5.0 (compatible; AhrefsBot/7.0; +http://ahrefs.com/robot/)" "-"
66.249.70.0 - - [13/Jun/2026:10:58:40 +0200] "GET /item/2899894 HTTP/1.1" 200 192907 visitasgijon.es "-" "Mozilla/5.0 (Linux; Android 6.0.1; Nexus 5X Build/MMB29P) AppleWebKit/537.36 (KHTML, like Gecko) Chrome/148.0.7778.96 Mobile Safari/537.36 (compatible; Googlebot/2.1; +http://www.google.com/bot.html)" "-"
51.68.247.0 - - [13/Jun/2026:10:58:48 +0200] "GET /sitemap-665.xml HTTP/1.1" 200 157573 visitasgijon.es "-" "Mozilla/5.0 (compatible; AhrefsBot/7.0; +http://ahrefs.com/robot/)" "-"
92.222.104.0 - - [13/Jun/2026:10:58:50 +0200] "GET /sitemap-294.xml HTTP/1.1" 200 150607 visitasgijon.es "-" "Mozilla/5.0 (compatible; AhrefsBot/7.0; +http://ahrefs.com/robot/)" "-"
51.68.247.0 - - [13/Jun/2026:10:58:52 +0200] "GET /sitemap-48.xml HTTP/1.1" 200 154657 visitasgijon.es "-" "Mozilla/5.0 (compatible; AhrefsBot/7.0; +http://ahrefs.com/robot/)" "-"
37.59.204.0 - - [13/Jun/2026:10:58:57 +0200] "GET /sitemap-880.xml HTTP/1.1" 200 177013 visitasgijon.es "-" "Mozilla/5.0 (compatible; AhrefsBot/7.0; +http://ahrefs.com/robot/)" "-"
54.37.118.0 - - [13/Jun/2026:10:58:59 +0200] "GET /sitemap-414.xml HTTP/1.1" 200 140725 visitasgijon.es "-" "Mozilla/5.0 (compatible; AhrefsBot/7.0; +http://ahrefs.com/robot/)" "-"
92.222.108.0 - - [13/Jun/2026:10:59:01 +0200] "GET /sitemap-489.xml HTTP/1.1" 200 172315 visitasgijon.es "-" "Mozilla/5.0 (compatible; AhrefsBot/7.0; +http://ahrefs.com/robot/)" "-"
92.222.108.0 - - [13/Jun/2026:10:59:03 +0200] "GET /sitemap-241.xml HTTP/1.1" 200 142831 visitasgijon.es "-" "Mozilla/5.0 (compatible; AhrefsBot/7.0; +http://ahrefs.com/robot/)" "-"
2a03:2880:f800:: - - [13/Jun/2026:10:59:07 +0200] "GET /item/3632712 HTTP/1.1" 404 2129 visitasgijon.es "-" "meta-externalagent/1.1 (+https://developers.facebook.com/docs/sharing/webmasters/crawler)" "-"
176.31.139.0 - - [13/Jun/2026:10:59:09 +0200] "GET /sitemap-755.xml HTTP/1.1" 200 171343 visitasgijon.es "-" "Mozilla/5.0 (compatible; AhrefsBot/7.0; +http://ahrefs.com/robot/)" "-"
51.75.236.0 - - [13/Jun/2026:10:59:12 +0200] "GET /sitemap-913.xml HTTP/1.1" 200 186247 visitasgijon.es "-" "Mozilla/5.0 (compatible; AhrefsBot/7.0; +http://ahrefs.com/robot/)" "-"
66.249.70.0 - - [13/Jun/2026:11:00:04 +0200] "GET /products/4463453 HTTP/1.1" 200 188118 visitasgijon.es "-" "Mozilla/5.0 (Linux; Android 6.0.1; Nexus 5X Build/MMB29P) AppleWebKit/537.36 (KHTML, like Gecko) Chrome/148.0.7778.96 Mobile Safari/537.36 (compatible; Googlebot/2.1; +http://www.google.com/bot.html)" "-"
2a03:2880:f800:: - - [13/Jun/2026:11:00:13 +0200] "GET /item/2003774 HTTP/1.1" 404 2129 visitasgijon.es "-" "meta-externalagent/1.1 (+https://developers.facebook.com/docs/sharing/webmasters/crawler)" "-"
82.165.83.0 - - [13/Jun/2026:11:00:14 +0200] "POST /wp-cron.php?doing_wp_cron=1781341214.7918369770050048828125 HTTP/1.1" 200 - visitasgijon.es "https://visitasgijon.es/wp-cron.php?doing_wp_cron=1781341214.7918369770050048828125" "WordPress/5.1.22; https://visitasgijon.es" "-"
66.249.70.0 - - [13/Jun/2026:11:00:41 +0200] "GET /products/858919 HTTP/1.1" 200 198760 visitasgijon.es "-" "Mozilla/5.0 (Linux; Android 6.0.1; Nexus 5X Build/MMB29P) AppleWebKit/537.36 (KHTML, like Gecko) Chrome/148.0.7778.96 Mobile Safari/537.36 (compatible; Googlebot/2.1; +http://www.google.com/bot.html)" "-"
2a03:2880:f800:: - - [13/Jun/2026:11:01:19 +0200] "GET /item/4814562 HTTP/1.1" 404 2129 visitasgijon.es "-" "meta-externalagent/1.1 (+https://developers.facebook.com/docs/sharing/webmasters/crawler)" "-"
35.205.125.0 - - [13/Jun/2026:11:01:34 +0200] "GET /cmd_sco HTTP/1.1" 404 1271 vanturexperiences.com "-" "Python/3.10 aiohttp/3.13.0" "-"
2a03:2880:f800:: - - [13/Jun/2026:11:02:27 +0200] "GET /item/3156584 HTTP/1.1" 404 2129 visitasgijon.es "-" "meta-externalagent/1.1 (+https://developers.facebook.com/docs/sharing/webmasters/crawler)" "-"
2a03:2880:f800:: - - [13/Jun/2026:11:03:33 +0200] "GET /item/3948817 HTTP/1.1" 404 2129 visitasgijon.es "-" "meta-externalagent/1.1 (+https://developers.facebook.com/docs/sharing/webmasters/crawler)" "-"
2a03:2880:f800:: - - [13/Jun/2026:11:04:40 +0200] "GET /item/3168541 HTTP/1.1" 404 2129 visitasgijon.es "-" "meta-externalagent/1.1 (+https://developers.facebook.com/docs/sharing/webmasters/crawler)" "-"
2a03:2880:f800:: - - [13/Jun/2026:11:05:46 +0200] "GET /item/4424847 HTTP/1.1" 404 2129 visitasgijon.es "-" "meta-externalagent/1.1 (+https://developers.facebook.com/docs/sharing/webmasters/crawler)" "-"
2a03:2880:f800:: - - [13/Jun/2026:11:06:53 +0200] "GET /item/3096408 HTTP/1.1" 404 2129 visitasgijon.es "-" "meta-externalagent/1.1 (+https://developers.facebook.com/docs/sharing/webmasters/crawler)" "-"
66.249.70.0 - - [13/Jun/2026:11:07:41 +0200] "GET /robots.txt HTTP/1.1" 200 85 visitasgijon.es "-" "Mozilla/5.0 (compatible; Googlebot/2.1; +http://www.google.com/bot.html)" "-"
66.249.70.0 - - [13/Jun/2026:11:07:43 +0200] "GET /products/29734264 HTTP/1.1" 200 182950 visitasgijon.es "-" "Mozilla/5.0 (Linux; Android 6.0.1; Nexus 5X Build/MMB29P) AppleWebKit/537.36 (KHTML, like Gecko) Chrome/148.0.7778.96 Mobile Safari/537.36 (compatible; Googlebot/2.1; +http://www.google.com/bot.html)" "-"
2a03:2880:f800:: - - [13/Jun/2026:11:08:00 +0200] "GET /item/2234467 HTTP/1.1" 404 2129 visitasgijon.es "-" "meta-externalagent/1.1 (+https://developers.facebook.com/docs/sharing/webmasters/crawler)" "-"
66.249.70.0 - - [13/Jun/2026:11:08:21 +0200] "GET /products/6328586 HTTP/1.1" 200 186117 visitasgijon.es "-" "Mozilla/5.0 (Linux; Android 6.0.1; Nexus 5X Build/MMB29P) AppleWebKit/537.36 (KHTML, like Gecko) Chrome/148.0.7778.96 Mobile Safari/537.36 (compatible; Googlebot/2.1; +http://www.google.com/bot.html)" "-"
2a03:2880:f800:: - - [13/Jun/2026:11:09:06 +0200] "GET /item/2932348 HTTP/1.1" 404 2129 visitasgijon.es "-" "meta-externalagent/1.1 (+https://developers.facebook.com/docs/sharing/webmasters/crawler)" "-"
66.249.70.0 - - [13/Jun/2026:11:09:17 +0200] "GET /robots.txt HTTP/1.1" 200 85 visitasgijon.es "-" "Mozilla/5.0 (compatible; Googlebot/2.1; +http://www.google.com/bot.html)" "-"
66.249.70.0 - - [13/Jun/2026:11:09:20 +0200] "GET /products/19718297 HTTP/1.1" 200 182063 visitasgijon.es "-" "Mozilla/5.0 (Linux; Android 6.0.1; Nexus 5X Build/MMB29P) AppleWebKit/537.36 (KHTML, like Gecko) Chrome/148.0.7778.96 Mobile Safari/537.36 (compatible; Googlebot/2.1; +http://www.google.com/bot.html)" "-"
2a03:2880:f800:: - - [13/Jun/2026:11:10:13 +0200] "GET /item/2465992 HTTP/1.1" 404 2129 visitasgijon.es "-" "meta-externalagent/1.1 (+https://developers.facebook.com/docs/sharing/webmasters/crawler)" "-"
2a03:2880:f800:: - - [13/Jun/2026:11:11:19 +0200] "GET /item/4597150 HTTP/1.1" 404 2129 visitasgijon.es "-" "meta-externalagent/1.1 (+https://developers.facebook.com/docs/sharing/webmasters/crawler)" "-"
216.73.216.0 - - [13/Jun/2026:11:11:53 +0200] "GET /sitemap.xml HTTP/1.1" 200 3212 visitasgijon.es "-" "Mozilla/5.0 AppleWebKit/537.36 (KHTML, like Gecko; compatible; ClaudeBot/1.0; +claudebot@anthropic.com)" "-"
2a03:2880:f800:: - - [13/Jun/2026:11:12:26 +0200] "GET /item/4741985 HTTP/1.1" 404 2129 visitasgijon.es "-" "meta-externalagent/1.1 (+https://developers.facebook.com/docs/sharing/webmasters/crawler)" "-"
2a03:2880:f800:: - - [13/Jun/2026:11:13:33 +0200] "GET /item/2830357 HTTP/1.1" 404 2129 visitasgijon.es "-" "meta-externalagent/1.1 (+https://developers.facebook.com/docs/sharing/webmasters/crawler)" "-"
114.119.144.0 - - [13/Jun/2026:11:13:45 +0200] "GET /item/4947111 HTTP/1.1" 403 - visitasgijon.es "https://visitasgijon.es/sitemap-312.xml" "Mozilla/5.0 (Linux; Android 7.0;) AppleWebKit/537.36 (HTML, like Gecko) Mobile Safari/537.36 (compatible; PetalBot;+https://webmaster.petalsearch.com/site/petalbot)" "-"
2a03:2880:f800:: - - [13/Jun/2026:11:14:40 +0200] "GET /item/2788362 HTTP/1.1" 404 2129 visitasgijon.es "-" "meta-externalagent/1.1 (+https://developers.facebook.com/docs/sharing/webmasters/crawler)" "-"
2a03:2880:f800:: - - [13/Jun/2026:11:15:47 +0200] "GET /item/3967996 HTTP/1.1" 404 2129 visitasgijon.es "-" "meta-externalagent/1.1 (+https://developers.facebook.com/docs/sharing/webmasters/crawler)" "-"
2a03:2880:f800:: - - [13/Jun/2026:11:16:52 +0200] "GET /item/3156572 HTTP/1.1" 404 2129 visitasgijon.es "-" "meta-externalagent/1.1 (+https://developers.facebook.com/docs/sharing/webmasters/crawler)" "-"
45.12.3.0 - - [13/Jun/2026:11:16:54 +0200] "GET //images/images/cache.php HTTP/1.1" 301 - visitasgijon.es "-" "Mozilla/5.0 (Windows NT 10.0; Win64; x64; rv:81.0) Gecko/20100101 Firefox/81.0" "-"
45.12.3.0 - - [13/Jun/2026:11:16:55 +0200] "GET /images/images/cache.php HTTP/1.1" 404 2129 visitasgijon.es "-" "Mozilla/5.0 (Windows NT 10.0; Win64; x64; rv:81.0) Gecko/20100101 Firefox/81.0" "-"
2a03:2880:f800:: - - [13/Jun/2026:11:17:59 +0200] "GET /item/2592039 HTTP/1.1" 404 2129 visitasgijon.es "-" "meta-externalagent/1.1 (+https://developers.facebook.com/docs/sharing/webmasters/crawler)" "-"
104.210.140.0 - - [13/Jun/2026:11:18:31 +0200] "GET /robots.txt HTTP/1.1" 200 85 visitasgijon.es "-" "Mozilla/5.0 (Macintosh; Intel Mac OS X 10_15_7) AppleWebKit/537.36 (KHTML, like Gecko) Chrome/131.0.0.0 Safari/537.36; compatible; OAI-SearchBot/1.0; +https://openai.com/searchbot" "-"
157.55.39.0 - - [13/Jun/2026:11:18:40 +0200] "GET /item/3280241 HTTP/1.1" 200 195028 www.visitasgijon.es "-" "Mozilla/5.0 AppleWebKit/537.36 (KHTML, like Gecko; compatible; bingbot/2.0; +http://www.bing.com/bingbot.htm) Chrome/116.0.1938.76 Safari/537.36" "-"
2a03:2880:f800:: - - [13/Jun/2026:11:19:06 +0200] "GET /item/2285182 HTTP/1.1" 404 2129 visitasgijon.es "-" "meta-externalagent/1.1 (+https://developers.facebook.com/docs/sharing/webmasters/crawler)" "-"
157.55.39.0 - - [13/Jun/2026:11:19:40 +0200] "GET /item/2951332 HTTP/1.1" 200 186721 www.visitasgijon.es "-" "Mozilla/5.0 AppleWebKit/537.36 (KHTML, like Gecko; compatible; bingbot/2.0; +http://www.bing.com/bingbot.htm) Chrome/116.0.1938.76 Safari/537.36" "-"
43.136.167.0 - - [13/Jun/2026:11:19:54 +0200] "GET / HTTP/1.1" 301 276 www.visitasgijon.es "-" "Mozilla/5.0 (iPhone; CPU iPhone OS 13_2_3 like Mac OS X) AppleWebKit/605.1.15 (KHTML, like Gecko) Version/13.0.3 Mobile/15E148 Safari/604.1" "-"
43.136.167.0 - - [13/Jun/2026:11:19:55 +0200] "GET / HTTP/1.1" 301 - www.visitasgijon.es "http://www.visitasgijon.es" "Mozilla/5.0 (iPhone; CPU iPhone OS 13_2_3 like Mac OS X) AppleWebKit/605.1.15 (KHTML, like Gecko) Version/13.0.3 Mobile/15E148 Safari/604.1" "-"
2a03:2880:f800:: - - [13/Jun/2026:11:20:13 +0200] "GET /item/2450016 HTTP/1.1" 404 2129 visitasgijon.es "-" "meta-externalagent/1.1 (+https://developers.facebook.com/docs/sharing/webmasters/crawler)" "-"
2a03:2880:f800:: - - [13/Jun/2026:11:21:20 +0200] "GET /item/1950076 HTTP/1.1" 404 2129 visitasgijon.es "-" "meta-externalagent/1.1 (+https://developers.facebook.com/docs/sharing/webmasters/crawler)" "-"
2a03:2880:f800:: - - [13/Jun/2026:11:22:26 +0200] "GET /item/2083822 HTTP/1.1" 404 2129 visitasgijon.es "-" "meta-externalagent/1.1 (+https://developers.facebook.com/docs/sharing/webmasters/crawler)" "-"
2a03:2880:f800:: - - [13/Jun/2026:11:23:33 +0200] "GET /item/4423518 HTTP/1.1" 404 2129 visitasgijon.es "-" "meta-externalagent/1.1 (+https://developers.facebook.com/docs/sharing/webmasters/crawler)" "-"
2a03:2880:f800:: - - [13/Jun/2026:11:24:39 +0200] "GET /item/4180386 HTTP/1.1" 404 2129 visitasgijon.es "-" "meta-externalagent/1.1 (+https://developers.facebook.com/docs/sharing/webmasters/crawler)" "-"
2a03:2880:f800:: - - [13/Jun/2026:11:25:46 +0200] "GET /item/2744193 HTTP/1.1" 404 2129 visitasgijon.es "-" "meta-externalagent/1.1 (+https://developers.facebook.com/docs/sharing/webmasters/crawler)" "-"
66.249.70.0 - - [13/Jun/2026:11:26:30 +0200] "GET /item/3107019 HTTP/1.1" 200 192183 visitasgijon.es "-" "Mozilla/5.0 (Linux; Android 6.0.1; Nexus 5X Build/MMB29P) AppleWebKit/537.36 (KHTML, like Gecko) Chrome/148.0.7778.96 Mobile Safari/537.36 (compatible; Googlebot/2.1; +http://www.google.com/bot.html)" "-"
66.249.70.0 - - [13/Jun/2026:11:26:30 +0200] "GET /item/2684654 HTTP/1.1" 200 187801 visitasgijon.es "-" "Mozilla/5.0 (Linux; Android 6.0.1; Nexus 5X Build/MMB29P) AppleWebKit/537.36 (KHTML, like Gecko) Chrome/148.0.7778.96 Mobile Safari/537.36 (compatible; Googlebot/2.1; +http://www.google.com/bot.html)" "-"
2a03:2880:f800:: - - [13/Jun/2026:11:26:53 +0200] "GET /item/2495795 HTTP/1.1" 404 2129 visitasgijon.es "-" "meta-externalagent/1.1 (+https://developers.facebook.com/docs/sharing/webmasters/crawler)" "-"
100.31.106.0 - - [13/Jun/2026:11:27:24 +0200] "GET / HTTP/1.1" 200 229 vanturexperiences.com "-" "Mozilla/5.0 (iPhone; CPU iPhone OS 15_3 like Mac OS X) AppleWebKit/605.1.15 (KHTML, like Gecko) Version/15.3 Mobile/15E148 Safari/604.1" "-"
2a03:2880:f800:: - - [13/Jun/2026:11:27:59 +0200] "GET /item/2461546 HTTP/1.1" 404 2129 visitasgijon.es "-" "meta-externalagent/1.1 (+https://developers.facebook.com/docs/sharing/webmasters/crawler)" "-"
66.249.70.0 - - [13/Jun/2026:11:28:05 +0200] "GET /products/3609564 HTTP/1.1" 200 192484 visitasgijon.es "-" "Mozilla/5.0 (Linux; Android 6.0.1; Nexus 5X Build/MMB29P) AppleWebKit/537.36 (KHTML, like Gecko) Chrome/148.0.7778.96 Mobile Safari/537.36 (compatible; Googlebot/2.1; +http://www.google.com/bot.html)" "-"
2a03:2880:f800:: - - [13/Jun/2026:11:29:06 +0200] "GET /item/2979812 HTTP/1.1" 404 2129 visitasgijon.es "-" "meta-externalagent/1.1 (+https://developers.facebook.com/docs/sharing/webmasters/crawler)" "-"
43.135.183.0 - - [13/Jun/2026:11:29:33 +0200] "GET / HTTP/1.1" 200 229 quehacerengijon.com "-" "Mozilla/5.0 (iPhone; CPU iPhone OS 13_2_3 like Mac OS X) AppleWebKit/605.1.15 (KHTML, like Gecko) Version/13.0.3 Mobile/15E148 Safari/604.1" "-"
2a03:2880:f800:: - - [13/Jun/2026:11:30:13 +0200] "GET /item/2159518 HTTP/1.1" 404 2129 visitasgijon.es "-" "meta-externalagent/1.1 (+https://developers.facebook.com/docs/sharing/webmasters/crawler)" "-"
2a03:2880:f800:: - - [13/Jun/2026:11:31:20 +0200] "GET /item/4370557 HTTP/1.1" 404 2129 visitasgijon.es "-" "meta-externalagent/1.1 (+https://developers.facebook.com/docs/sharing/webmasters/crawler)" "-"
2a03:2880:f800:: - - [13/Jun/2026:11:32:26 +0200] "GET /item/3771621 HTTP/1.1" 404 2129 visitasgijon.es "-" "meta-externalagent/1.1 (+https://developers.facebook.com/docs/sharing/webmasters/crawler)" "-"
66.249.70.0 - - [13/Jun/2026:11:32:54 +0200] "GET /products/7528186 HTTP/1.1" 200 187115 visitasgijon.es "-" "Mozilla/5.0 (Linux; Android 6.0.1; Nexus 5X Build/MMB29P) AppleWebKit/537.36 (KHTML, like Gecko) Chrome/148.0.7778.96 Mobile Safari/537.36 (compatible; Googlebot/2.1; +http://www.google.com/bot.html)" "-"
2a03:2880:f800:: - - [13/Jun/2026:11:33:33 +0200] "GET /item/4117318 HTTP/1.1" 404 2129 visitasgijon.es "-" "meta-externalagent/1.1 (+https://developers.facebook.com/docs/sharing/webmasters/crawler)" "-"
66.249.70.0 - - [13/Jun/2026:11:34:11 +0200] "GET /products/16302642 HTTP/1.1" 200 198803 visitasgijon.es "-" "Mozilla/5.0 (Linux; Android 6.0.1; Nexus 5X Build/MMB29P) AppleWebKit/537.36 (KHTML, like Gecko) Chrome/148.0.7778.96 Mobile Safari/537.36 (compatible; Googlebot/2.1; +http://www.google.com/bot.html)" "-"
2a03:2880:f800:: - - [13/Jun/2026:11:34:34 +0200] "GET /robots.txt HTTP/1.1" 206 69 www.visitasgijon.es "-" "facebookexternalhit/1.1 (+http://www.facebook.com/externalhit_uatext.php)" "-"
2a03:2880:f800:: - - [13/Jun/2026:11:34:39 +0200] "GET /item/3712478 HTTP/1.1" 404 2129 visitasgijon.es "-" "meta-externalagent/1.1 (+https://developers.facebook.com/docs/sharing/webmasters/crawler)" "-"
2a03:2880:f800:: - - [13/Jun/2026:11:35:47 +0200] "GET /item/4220083 HTTP/1.1" 404 2129 visitasgijon.es "-" "meta-externalagent/1.1 (+https://developers.facebook.com/docs/sharing/webmasters/crawler)" "-"
2a03:2880:f800:: - - [13/Jun/2026:11:36:53 +0200] "GET /item/2176097 HTTP/1.1" 404 2129 visitasgijon.es "-" "meta-externalagent/1.1 (+https://developers.facebook.com/docs/sharing/webmasters/crawler)" "-"
66.249.70.0 - - [13/Jun/2026:11:37:44 +0200] "GET /products/4285386 HTTP/1.1" 200 184324 visitasgijon.es "-" "Mozilla/5.0 (Linux; Android 6.0.1; Nexus 5X Build/MMB29P) AppleWebKit/537.36 (KHTML, like Gecko) Chrome/148.0.7778.96 Mobile Safari/537.36 (compatible; Googlebot/2.1; +http://www.google.com/bot.html)" "-"
2a03:2880:f800:: - - [13/Jun/2026:11:38:00 +0200] "GET /item/2747885 HTTP/1.1" 404 2129 visitasgijon.es "-" "meta-externalagent/1.1 (+https://developers.facebook.com/docs/sharing/webmasters/crawler)" "-"
2a03:2880:f800:: - - [13/Jun/2026:11:39:07 +0200] "GET /item/2123545 HTTP/1.1" 404 2129 visitasgijon.es "-" "meta-externalagent/1.1 (+https://developers.facebook.com/docs/sharing/webmasters/crawler)" "-"
2a03:2880:f800:: - - [13/Jun/2026:11:40:12 +0200] "GET /item/3226809 HTTP/1.1" 404 2129 visitasgijon.es "-" "meta-externalagent/1.1 (+https://developers.facebook.com/docs/sharing/webmasters/crawler)" "-"
2a03:2880:f800:: - - [13/Jun/2026:11:41:20 +0200] "GET /item/2085647 HTTP/1.1" 404 2129 visitasgijon.es "-" "meta-externalagent/1.1 (+https://developers.facebook.com/docs/sharing/webmasters/crawler)" "-"
2a03:2880:f800:: - - [13/Jun/2026:11:42:26 +0200] "GET /item/2881914 HTTP/1.1" 404 2129 visitasgijon.es "-" "meta-externalagent/1.1 (+https://developers.facebook.com/docs/sharing/webmasters/crawler)" "-"
66.249.70.0 - - [13/Jun/2026:11:42:44 +0200] "GET /products/27305919 HTTP/1.1" 200 185967 visitasgijon.es "-" "Mozilla/5.0 (Linux; Android 6.0.1; Nexus 5X Build/MMB29P) AppleWebKit/537.36 (KHTML, like Gecko) Chrome/148.0.7778.96 Mobile Safari/537.36 (compatible; Googlebot/2.1; +http://www.google.com/bot.html)" "-"
2a03:2880:f800:: - - [13/Jun/2026:11:43:33 +0200] "GET /item/2448584 HTTP/1.1" 404 2129 visitasgijon.es "-" "meta-externalagent/1.1 (+https://developers.facebook.com/docs/sharing/webmasters/crawler)" "-"
66.249.70.0 - - [13/Jun/2026:11:44:21 +0200] "GET /products/3983575 HTTP/1.1" 200 196948 visitasgijon.es "-" "Mozilla/5.0 (Linux; Android 6.0.1; Nexus 5X Build/MMB29P) AppleWebKit/537.36 (KHTML, like Gecko) Chrome/148.0.7778.96 Mobile Safari/537.36 (compatible; Googlebot/2.1; +http://www.google.com/bot.html)" "-"
2a03:2880:f800:: - - [13/Jun/2026:11:44:39 +0200] "GET /item/2221985 HTTP/1.1" 404 2129 visitasgijon.es "-" "meta-externalagent/1.1 (+https://developers.facebook.com/docs/sharing/webmasters/crawler)" "-"
2a03:2880:f800:: - - [13/Jun/2026:11:45:46 +0200] "GET /item/3366358 HTTP/1.1" 404 2129 visitasgijon.es "-" "meta-externalagent/1.1 (+https://developers.facebook.com/docs/sharing/webmasters/crawler)" "-"
82.165.83.0 - - [13/Jun/2026:11:45:47 +0200] "POST /wp-cron.php?doing_wp_cron=1781343947.7828519344329833984375 HTTP/1.1" 200 - visitasgijon.es "https://visitasgijon.es/wp-cron.php?doing_wp_cron=1781343947.7828519344329833984375" "WordPress/5.1.22; https://visitasgijon.es" "-"
66.249.70.0 - - [13/Jun/2026:11:46:08 +0200] "GET /products/1382942 HTTP/1.1" 200 190590 visitasgijon.es "-" "Mozilla/5.0 (Linux; Android 6.0.1; Nexus 5X Build/MMB29P) AppleWebKit/537.36 (KHTML, like Gecko) Chrome/148.0.7778.96 Mobile Safari/537.36 (compatible; Googlebot/2.1; +http://www.google.com/bot.html)" "-"
2a03:2880:f800:: - - [13/Jun/2026:11:46:53 +0200] "GET /item/2958457 HTTP/1.1" 404 2129 visitasgijon.es "-" "meta-externalagent/1.1 (+https://developers.facebook.com/docs/sharing/webmasters/crawler)" "-"
114.119.139.0 - - [13/Jun/2026:11:47:00 +0200] "GET /item/4946651 HTTP/1.1" 403 - visitasgijon.es "https://visitasgijon.es/sitemap-481.xml" "Mozilla/5.0 (Linux; Android 7.0;) AppleWebKit/537.36 (HTML, like Gecko) Mobile Safari/537.36 (compatible; PetalBot;+https://webmaster.petalsearch.com/site/petalbot)" "-"
66.249.70.0 - - [13/Jun/2026:11:47:36 +0200] "GET /products/5722175 HTTP/1.1" 200 194192 visitasgijon.es "-" "Mozilla/5.0 (Linux; Android 6.0.1; Nexus 5X Build/MMB29P) AppleWebKit/537.36 (KHTML, like Gecko) Chrome/148.0.7778.96 Mobile Safari/537.36 (compatible; Googlebot/2.1; +http://www.google.com/bot.html)" "-"
207.46.13.0 - - [13/Jun/2026:11:47:41 +0200] "GET /products/794264 HTTP/1.1" 200 187147 visitasgijon.es "-" "Mozilla/5.0 AppleWebKit/537.36 (KHTML, like Gecko; compatible; bingbot/2.0; +http://www.bing.com/bingbot.htm) Chrome/116.0.1938.76 Safari/537.36" "-"
2a03:2880:f800:: - - [13/Jun/2026:11:47:59 +0200] "GET /item/3683442 HTTP/1.1" 404 2129 visitasgijon.es "-" "meta-externalagent/1.1 (+https://developers.facebook.com/docs/sharing/webmasters/crawler)" "-"
2a03:2880:f800:: - - [13/Jun/2026:11:49:06 +0200] "GET /item/3130860 HTTP/1.1" 404 2129 visitasgijon.es "-" "meta-externalagent/1.1 (+https://developers.facebook.com/docs/sharing/webmasters/crawler)" "-"
66.249.70.0 - - [13/Jun/2026:11:49:41 +0200] "GET /products/5113475 HTTP/1.1" 200 188610 visitasgijon.es "-" "Mozilla/5.0 (Linux; Android 6.0.1; Nexus 5X Build/MMB29P) AppleWebKit/537.36 (KHTML, like Gecko) Chrome/148.0.7778.96 Mobile Safari/537.36 (compatible; Googlebot/2.1; +http://www.google.com/bot.html)" "-"
2a03:2880:f800:: - - [13/Jun/2026:11:50:13 +0200] "GET /item/4030767 HTTP/1.1" 404 2129 visitasgijon.es "-" "meta-externalagent/1.1 (+https://developers.facebook.com/docs/sharing/webmasters/crawler)" "-"
216.73.216.0 - - [13/Jun/2026:11:50:23 +0200] "GET /robots.txt HTTP/1.1" 200 85 visitasgijon.es "-" "Mozilla/5.0 AppleWebKit/537.36 (KHTML, like Gecko; compatible; ClaudeBot/1.0; +claudebot@anthropic.com)" "-"
216.73.216.0 - - [13/Jun/2026:11:50:28 +0200] "GET /sitemap.xml HTTP/1.1" 200 3212 visitasgijon.es "-" "Mozilla/5.0 AppleWebKit/537.36 (KHTML, like Gecko; compatible; ClaudeBot/1.0; +claudebot@anthropic.com)" "-"
2a03:2880:f800:: - - [13/Jun/2026:11:51:19 +0200] "GET /item/4024029 HTTP/1.1" 404 2129 visitasgijon.es "-" "meta-externalagent/1.1 (+https://developers.facebook.com/docs/sharing/webmasters/crawler)" "-"
207.46.13.0 - - [13/Jun/2026:11:51:53 +0200] "GET /item/4580153 HTTP/1.1" 200 197408 visitasgijon.es "-" "Mozilla/5.0 AppleWebKit/537.36 (KHTML, like Gecko; compatible; bingbot/2.0; +http://www.bing.com/bingbot.htm) Chrome/116.0.1938.76 Safari/537.36" "-"
66.249.70.0 - - [13/Jun/2026:11:52:00 +0200] "GET /products/1293319 HTTP/1.1" 200 187777 visitasgijon.es "-" "Mozilla/5.0 (Linux; Android 6.0.1; Nexus 5X Build/MMB29P) AppleWebKit/537.36 (KHTML, like Gecko) Chrome/148.0.7778.96 Mobile Safari/537.36 (compatible; Googlebot/2.1; +http://www.google.com/bot.html)" "-"
2a03:2880:f800:: - - [13/Jun/2026:11:52:26 +0200] "GET /item/4661340 HTTP/1.1" 404 2129 visitasgijon.es "-" "meta-externalagent/1.1 (+https://developers.facebook.com/docs/sharing/webmasters/crawler)" "-"
2a03:2880:f800:: - - [13/Jun/2026:11:53:33 +0200] "GET /item/2382299 HTTP/1.1" 404 2129 visitasgijon.es "-" "meta-externalagent/1.1 (+https://developers.facebook.com/docs/sharing/webmasters/crawler)" "-"
66.249.70.0 - - [13/Jun/2026:11:54:22 +0200] "GET /products/10055408 HTTP/1.1" 200 187727 visitasgijon.es "-" "Mozilla/5.0 (Linux; Android 6.0.1; Nexus 5X Build/MMB29P) AppleWebKit/537.36 (KHTML, like Gecko) Chrome/148.0.7778.96 Mobile Safari/537.36 (compatible; Googlebot/2.1; +http://www.google.com/bot.html)" "-"
66.249.70.0 - - [13/Jun/2026:11:54:35 +0200] "GET /products/21128653 HTTP/1.1" 200 187260 visitasgijon.es "-" "Mozilla/5.0 (Linux; Android 6.0.1; Nexus 5X Build/MMB29P) AppleWebKit/537.36 (KHTML, like Gecko) Chrome/148.0.7778.96 Mobile Safari/537.36 (compatible; Googlebot/2.1; +http://www.google.com/bot.html)" "-"
2a03:2880:f800:: - - [13/Jun/2026:11:54:39 +0200] "GET /item/3615322 HTTP/1.1" 404 2129 visitasgijon.es "-" "meta-externalagent/1.1 (+https://developers.facebook.com/docs/sharing/webmasters/crawler)" "-"
66.249.70.0 - - [13/Jun/2026:11:55:08 +0200] "GET /products/27913731 HTTP/1.1" 200 191482 visitasgijon.es "-" "Mozilla/5.0 (Linux; Android 6.0.1; Nexus 5X Build/MMB29P) AppleWebKit/537.36 (KHTML, like Gecko) Chrome/148.0.7778.96 Mobile Safari/537.36 (compatible; Googlebot/2.1; +http://www.google.com/bot.html)" "-"
2a03:2880:f800:: - - [13/Jun/2026:11:55:46 +0200] "GET /item/3016346 HTTP/1.1" 404 2129 visitasgijon.es "-" "meta-externalagent/1.1 (+https://developers.facebook.com/docs/sharing/webmasters/crawler)" "-"
40.77.167.0 - - [13/Jun/2026:11:56:51 +0200] "GET /item/2965181 HTTP/1.1" 200 182598 visitasgijon.es "-" "Mozilla/5.0 AppleWebKit/537.36 (KHTML, like Gecko; compatible; bingbot/2.0; +http://www.bing.com/bingbot.htm) Chrome/116.0.1938.76 Safari/537.36" "-"
2a03:2880:f800:: - - [13/Jun/2026:11:56:53 +0200] "GET /item/4085896 HTTP/1.1" 404 2129 visitasgijon.es "-" "meta-externalagent/1.1 (+https://developers.facebook.com/docs/sharing/webmasters/crawler)" "-"
45.92.85.0 - - [13/Jun/2026:11:57:31 +0200] "GET / HTTP/1.1" 200 229 vanturexperiences.com "-" "Mozilla/5.0 (Windows NT 10.0; Win64; x64) AppleWebKit/537.36 (KHTML, like Gecko) Chrome/94.0.4606.61 Safari/537.36" "-"
2a03:2880:f800:: - - [13/Jun/2026:11:58:02 +0200] "GET /item/3102755 HTTP/1.1" 404 2129 visitasgijon.es "-" "meta-externalagent/1.1 (+https://developers.facebook.com/docs/sharing/webmasters/crawler)" "-"
2a03:2880:f800:: - - [13/Jun/2026:11:59:06 +0200] "GET /item/4776607 HTTP/1.1" 404 2129 visitasgijon.es "-" "meta-externalagent/1.1 (+https://developers.facebook.com/docs/sharing/webmasters/crawler)" "-"
157.55.39.0 - - [13/Jun/2026:11:59:08 +0200] "GET /item/2391472 HTTP/1.1" 200 182849 visitasgijon.es "-" "Mozilla/5.0 AppleWebKit/537.36 (KHTML, like Gecko; compatible; bingbot/2.0; +http://www.bing.com/bingbot.htm) Chrome/116.0.1938.76 Safari/537.36" "-"
216.73.216.0 - - [13/Jun/2026:11:59:13 +0200] "GET /sitemap.xml HTTP/1.1" 200 3212 visitasgijon.es "-" "Mozilla/5.0 AppleWebKit/537.36 (KHTML, like Gecko; compatible; ClaudeBot/1.0; +claudebot@anthropic.com)" "-"
82.165.83.0 - - [13/Jun/2026:12:00:14 +0200] "POST /wp-cron.php?doing_wp_cron=1781344814.7627220153808593750000 HTTP/1.1" 200 - visitasgijon.es "https://visitasgijon.es/wp-cron.php?doing_wp_cron=1781344814.7627220153808593750000" "WordPress/5.1.22; https://visitasgijon.es" "-"
2a03:2880:f800:: - - [13/Jun/2026:12:00:14 +0200] "GET /item/4777919 HTTP/1.1" 404 2129 visitasgijon.es "-" "meta-externalagent/1.1 (+https://developers.facebook.com/docs/sharing/webmasters/crawler)" "-"
2a03:2880:f800:: - - [13/Jun/2026:12:01:19 +0200] "GET /item/3265254 HTTP/1.1" 404 2129 visitasgijon.es "-" "meta-externalagent/1.1 (+https://developers.facebook.com/docs/sharing/webmasters/crawler)" "-"
45.61.188.0 - - [13/Jun/2026:12:01:39 +0200] "GET /wp-login.php HTTP/1.1" 200 2960 visitasgijon.es "-" "Mozilla/5.0 (iPhone; CPU iPhone OS 7_1_1 like Mac OS X) AppleWebKit/537.51.2 (KHTML, like Gecko) Version/7.0 Mobile/11D201 Safari/9537.53" "-"
45.61.188.0 - - [13/Jun/2026:12:01:51 +0200] "POST /wp-login.php HTTP/1.1" 200 3987 visitasgijon.es "-" "Mozilla/5.0 (iPhone; CPU iPhone OS 7_1_1 like Mac OS X) AppleWebKit/537.51.2 (KHTML, like Gecko) Version/7.0 Mobile/11D201 Safari/9537.53" "-"
149.56.150.0 - - [13/Jun/2026:12:01:56 +0200] "GET / HTTP/1.1" 301 276 www.visitasgijon.es "-" "Mozilla/5.0 (compatible; Dataprovider.com)" "-"
149.56.150.0 - - [13/Jun/2026:12:01:57 +0200] "GET / HTTP/1.1" 301 - www.visitasgijon.es "-" "Mozilla/5.0 (compatible; Dataprovider.com)" "-"
149.56.150.0 - - [13/Jun/2026:12:01:58 +0200] "GET / HTTP/1.1" 200 36605 visitasgijon.es "-" "Mozilla/5.0 (compatible; Dataprovider.com)" "-"
149.56.150.0 - - [13/Jun/2026:12:01:59 +0200] "GET /robots.txt HTTP/1.1" 200 69 visitasgijon.es "-" "Mozilla/5.0 (compatible; Dataprovider.com)" "-"
149.56.150.0 - - [13/Jun/2026:12:01:59 +0200] "GET /sitemap.xml HTTP/1.1" 200 3212 visitasgijon.es "-" "Mozilla/5.0 (compatible; Dataprovider.com)" "-"
149.56.150.0 - - [13/Jun/2026:12:02:00 +0200] "GET / HTTP/1.1" 200 36605 visitasgijon.es "-" "Mozilla/5.0 (compatible; Dataprovider.com)" "-"
149.56.150.0 - - [13/Jun/2026:12:02:01 +0200] "GET /casco-antiguo-gijon HTTP/1.1" 301 291 visitasgijon.es "-" "Mozilla/5.0 (compatible; Dataprovider.com)" "-"
149.56.150.0 - - [13/Jun/2026:12:02:01 +0200] "GET /casco-antiguo-gijon HTTP/1.1" 200 31250 visitasgijon.es "http://visitasgijon.es/casco-antiguo-gijon" "Mozilla/5.0 (compatible; Dataprovider.com)" "-"
149.56.150.0 - - [13/Jun/2026:12:02:02 +0200] "GET /reservar-tour-centro-de-gijon HTTP/1.1" 301 301 visitasgijon.es "-" "Mozilla/5.0 (compatible; Dataprovider.com)" "-"
149.56.150.0 - - [13/Jun/2026:12:02:03 +0200] "GET /reservar-tour-centro-de-gijon HTTP/1.1" 200 36557 visitasgijon.es "http://visitasgijon.es/reservar-tour-centro-de-gijon" "Mozilla/5.0 (compatible; Dataprovider.com)" "-"
149.56.150.0 - - [13/Jun/2026:12:02:03 +0200] "GET /author/nacho HTTP/1.1" 200 29992 visitasgijon.es "-" "Mozilla/5.0 (compatible; Dataprovider.com)" "-"
149.56.150.0 - - [13/Jun/2026:12:02:04 +0200] "GET /ads.txt HTTP/1.1" 404 - visitasgijon.es "-" "Mozilla/5.0 (compatible; Dataprovider.com)" "-"
149.56.150.0 - - [13/Jun/2026:12:02:05 +0200] "GET / HTTP/1.1" 200 36335 visitasgijon.es "-" "Mozilla/5.0 (Linux; Android 10; SM-G981B) AppleWebKit/537.36 (KHTML, like Gecko) Chrome/80.0.3987.162 Mobile Safari/537.36" "-"
149.56.150.0 - - [13/Jun/2026:12:02:06 +0200] "GET /llms.txt HTTP/1.1" 404 - visitasgijon.es "-" "Mozilla/5.0 (compatible; Dataprovider.com)" "-"
149.56.150.0 - - [13/Jun/2026:12:02:06 +0200] "GET /security.txt HTTP/1.1" 404 - visitasgijon.es "-" "Mozilla/5.0 (compatible; Dataprovider.com)" "-"
149.56.150.0 - - [13/Jun/2026:12:02:07 +0200] "GET /.well-known/security.txt HTTP/1.1" 404 - visitasgijon.es "-" "Mozilla/5.0 (compatible; Dataprovider.com)" "-"
149.56.150.0 - - [13/Jun/2026:12:02:08 +0200] "GET /humans.txt HTTP/1.1" 404 - visitasgijon.es "-" "Mozilla/5.0 (compatible; Dataprovider.com)" "-"
2a03:2880:f800:: - - [13/Jun/2026:12:02:27 +0200] "GET /item/3312509 HTTP/1.1" 404 2129 visitasgijon.es "-" "meta-externalagent/1.1 (+https://developers.facebook.com/docs/sharing/webmasters/crawler)" "-"
157.55.39.0 - - [13/Jun/2026:12:02:29 +0200] "GET /products/2706053 HTTP/1.1" 200 183840 www.visitasgijon.es "-" "Mozilla/5.0 AppleWebKit/537.36 (KHTML, like Gecko; compatible; bingbot/2.0; +http://www.bing.com/bingbot.htm) Chrome/116.0.1938.76 Safari/537.36" "-"
149.56.150.0 - - [13/Jun/2026:12:02:56 +0200] "GET / HTTP/1.1" 301 276 www.visitasgijon.es "-" "Mozilla/5.0 (compatible; Dataprovider.com)" "-"
149.56.150.0 - - [13/Jun/2026:12:02:57 +0200] "GET / HTTP/1.1" 301 - www.visitasgijon.es "-" "Mozilla/5.0 (compatible; Dataprovider.com)" "-"
149.56.150.0 - - [13/Jun/2026:12:02:58 +0200] "GET / HTTP/1.1" 200 36605 visitasgijon.es "-" "Mozilla/5.0 (compatible; Dataprovider.com)" "-"
149.56.150.0 - - [13/Jun/2026:12:02:59 +0200] "GET /wp-includes/css/dist/block-library/style.min.css?ver=5.1.22 HTTP/1.1" 200 5195 visitasgijon.es "https://visitasgijon.es/" "Mozilla/5.0 (compatible; Dataprovider.com)" "-"
149.56.150.0 - - [13/Jun/2026:12:02:59 +0200] "GET /wp-includes/css/dashicons.min.css?ver=5.1.22 HTTP/1.1" 200 29915 visitasgijon.es "https://visitasgijon.es/" "Mozilla/5.0 (compatible; Dataprovider.com)" "-"
149.56.150.0 - - [13/Jun/2026:12:02:59 +0200] "GET /wp-content/plugins/chatbot-chatgpt/assets/css/chatbot-chatgpt.css?ver=2.2.5 HTTP/1.1" 200 2998 visitasgijon.es "https://visitasgijon.es/" "Mozilla/5.0 (compatible; Dataprovider.com)" "-"
149.56.150.0 - - [13/Jun/2026:12:02:59 +0200] "GET /wp-content/plugins/contact-form-7/includes/css/styles.css?ver=5.1.1 HTTP/1.1" 200 704 visitasgijon.es "https://visitasgijon.es/" "Mozilla/5.0 (compatible; Dataprovider.com)" "-"
149.56.150.0 - - [13/Jun/2026:12:02:59 +0200] "GET /wp-content/themes/shapely/assets/css/flexslider.css?ver=5.1.22 HTTP/1.1" 200 1670 visitasgijon.es "https://visitasgijon.es/" "Mozilla/5.0 (compatible; Dataprovider.com)" "-"
149.56.150.0 - - [13/Jun/2026:12:02:59 +0200] "GET /wp-content/themes/shapely/assets/css/bootstrap.min.css?ver=5.1.22 HTTP/1.1" 200 25197 visitasgijon.es "https://visitasgijon.es/" "Mozilla/5.0 (compatible; Dataprovider.com)" "-"
149.56.150.0 - - [13/Jun/2026:12:02:59 +0200] "GET /wp-content/themes/shapely/style.css?ver=5.1.22 HTTP/1.1" 200 20688 visitasgijon.es "https://visitasgijon.es/" "Mozilla/5.0 (compatible; Dataprovider.com)" "-"
149.56.150.0 - - [13/Jun/2026:12:02:59 +0200] "GET /wp-content/themes/shapely/assets/css/font-awesome.min.css?ver=5.1.22 HTTP/1.1" 200 7006 visitasgijon.es "https://visitasgijon.es/" "Mozilla/5.0 (compatible; Dataprovider.com)" "-"
