66.249.70.0 - - [13/Jun/2026:13:09:42 +0200] "GET /item/3649690 HTTP/1.1" 200 186023 visitasgijon.es "-" "Mozilla/5.0 (Linux; Android 6.0.1; Nexus 5X Build/MMB29P) AppleWebKit/537.36 (KHTML, like Gecko) Chrome/148.0.7778.96 Mobile Safari/537.36 (compatible; Googlebot/2.1; +http://www.google.com/bot.html)" "-"
2a03:2880:f800:: - - [13/Jun/2026:13:10:13 +0200] "GET /item/2530637 HTTP/1.1" 404 2129 visitasgijon.es "-" "meta-externalagent/1.1 (+https://developers.facebook.com/docs/sharing/webmasters/crawler)" "-"
66.249.70.0 - - [13/Jun/2026:13:10:55 +0200] "GET /item/4728264 HTTP/1.1" 200 189475 visitasgijon.es "-" "Mozilla/5.0 (Linux; Android 6.0.1; Nexus 5X Build/MMB29P) AppleWebKit/537.36 (KHTML, like Gecko) Chrome/148.0.7778.96 Mobile Safari/537.36 (compatible; Googlebot/2.1; +http://www.google.com/bot.html)" "-"
2a03:2880:f800:: - - [13/Jun/2026:13:11:20 +0200] "GET /item/2681535 HTTP/1.1" 404 2129 visitasgijon.es "-" "meta-externalagent/1.1 (+https://developers.facebook.com/docs/sharing/webmasters/crawler)" "-"
66.249.70.0 - - [13/Jun/2026:13:11:42 +0200] "GET /item/2441923 HTTP/1.1" 200 196396 visitasgijon.es "-" "Mozilla/5.0 (Linux; Android 6.0.1; Nexus 5X Build/MMB29P) AppleWebKit/537.36 (KHTML, like Gecko) Chrome/148.0.7778.96 Mobile Safari/537.36 (compatible; Googlebot/2.1; +http://www.google.com/bot.html)" "-"
2a03:2880:f800:: - - [13/Jun/2026:13:12:27 +0200] "GET /item/3342357 HTTP/1.1" 404 2129 visitasgijon.es "-" "meta-externalagent/1.1 (+https://developers.facebook.com/docs/sharing/webmasters/crawler)" "-"
43.161.224.0 - - [13/Jun/2026:13:12:38 +0200] "GET / HTTP/1.1" 301 276 www.visitasgijon.es "-" "Mozilla/5.0 (iPhone; CPU iPhone OS 13_2_3 like Mac OS X) AppleWebKit/605.1.15 (KHTML, like Gecko) Version/13.0.3 Mobile/15E148 Safari/604.1" "-"
43.161.224.0 - - [13/Jun/2026:13:12:41 +0200] "GET / HTTP/1.1" 301 - www.visitasgijon.es "http://www.visitasgijon.es" "Mozilla/5.0 (iPhone; CPU iPhone OS 13_2_3 like Mac OS X) AppleWebKit/605.1.15 (KHTML, like Gecko) Version/13.0.3 Mobile/15E148 Safari/604.1" "-"
43.161.224.0 - - [13/Jun/2026:13:12:45 +0200] "GET / HTTP/1.1" 200 36336 visitasgijon.es "https://www.visitasgijon.es/" "Mozilla/5.0 (iPhone; CPU iPhone OS 13_2_3 like Mac OS X) AppleWebKit/605.1.15 (KHTML, like Gecko) Version/13.0.3 Mobile/15E148 Safari/604.1" "-"
66.249.70.0 - - [13/Jun/2026:13:12:53 +0200] "GET /item/2711086 HTTP/1.1" 200 199857 visitasgijon.es "-" "Mozilla/5.0 (Linux; Android 6.0.1; Nexus 5X Build/MMB29P) AppleWebKit/537.36 (KHTML, like Gecko) Chrome/148.0.7778.96 Mobile Safari/537.36 (compatible; Googlebot/2.1; +http://www.google.com/bot.html)" "-"
2a03:2880:f800:: - - [13/Jun/2026:13:13:33 +0200] "GET /item/4586423 HTTP/1.1" 404 2129 visitasgijon.es "-" "meta-externalagent/1.1 (+https://developers.facebook.com/docs/sharing/webmasters/crawler)" "-"
2a03:2880:f800:: - - [13/Jun/2026:13:14:40 +0200] "GET /item/2179970 HTTP/1.1" 404 2129 visitasgijon.es "-" "meta-externalagent/1.1 (+https://developers.facebook.com/docs/sharing/webmasters/crawler)" "-"
66.249.70.0 - - [13/Jun/2026:13:15:43 +0200] "GET /products/16226008 HTTP/1.1" 200 196170 visitasgijon.es "-" "Mozilla/5.0 (Linux; Android 6.0.1; Nexus 5X Build/MMB29P) AppleWebKit/537.36 (KHTML, like Gecko) Chrome/148.0.7778.96 Mobile Safari/537.36 (compatible; Googlebot/2.1; +http://www.google.com/bot.html)" "-"
2a03:2880:f800:: - - [13/Jun/2026:13:15:46 +0200] "GET /item/3675865 HTTP/1.1" 404 2129 visitasgijon.es "-" "meta-externalagent/1.1 (+https://developers.facebook.com/docs/sharing/webmasters/crawler)" "-"
40.77.167.0 - - [13/Jun/2026:13:15:52 +0200] "GET /item/4532597 HTTP/1.1" 200 186434 visitasgijon.es "-" "Mozilla/5.0 AppleWebKit/537.36 (KHTML, like Gecko; compatible; bingbot/2.0; +http://www.bing.com/bingbot.htm) Chrome/116.0.1938.76 Safari/537.36" "-"
66.249.70.0 - - [13/Jun/2026:13:16:40 +0200] "GET /item/3956623 HTTP/1.1" 200 185622 visitasgijon.es "-" "Mozilla/5.0 (Linux; Android 6.0.1; Nexus 5X Build/MMB29P) AppleWebKit/537.36 (KHTML, like Gecko) Chrome/148.0.7778.96 Mobile Safari/537.36 (compatible; Googlebot/2.1; +http://www.google.com/bot.html)" "-"
2a03:2880:f800:: - - [13/Jun/2026:13:16:53 +0200] "GET /item/2081251 HTTP/1.1" 404 2129 visitasgijon.es "-" "meta-externalagent/1.1 (+https://developers.facebook.com/docs/sharing/webmasters/crawler)" "-"
17.246.19.0 - - [13/Jun/2026:13:17:10 +0200] "GET /robots.txt HTTP/1.1" 404 1271 vanturexperiences.com "-" "Mozilla/5.0 (Macintosh; Intel Mac OS X 10_15_7) AppleWebKit/605.1.15 (KHTML, like Gecko) Version/17.4 Safari/605.1.15 (Applebot/0.1; +http://www.apple.com/go/applebot)" "-"
17.246.19.0 - - [13/Jun/2026:13:17:10 +0200] "GET / HTTP/1.1" 200 229 vanturexperiences.com "-" "Mozilla/5.0 (Macintosh; Intel Mac OS X 10_15_7) AppleWebKit/605.1.15 (KHTML, like Gecko) Version/17.4 Safari/605.1.15 (Applebot/0.1; +http://www.apple.com/go/applebot)" "-"
17.246.19.0 - - [13/Jun/2026:13:17:11 +0200] "GET /defaultsite HTTP/1.1" 200 1271 vanturexperiences.com "-" "Mozilla/5.0 (Macintosh; Intel Mac OS X 10_15_7) AppleWebKit/605.1.15 (KHTML, like Gecko) Version/17.4 Safari/605.1.15 (Applebot/0.1; +http://www.apple.com/go/applebot)" "-"
40.77.167.0 - - [13/Jun/2026:13:17:53 +0200] "GET /item/2259420 HTTP/1.1" 200 193040 visitasgijon.es "-" "Mozilla/5.0 AppleWebKit/537.36 (KHTML, like Gecko; compatible; bingbot/2.0; +http://www.bing.com/bingbot.htm) Chrome/116.0.1938.76 Safari/537.36" "-"
2a03:2880:f800:: - - [13/Jun/2026:13:18:00 +0200] "GET /item/2737669 HTTP/1.1" 404 2129 visitasgijon.es "-" "meta-externalagent/1.1 (+https://developers.facebook.com/docs/sharing/webmasters/crawler)" "-"
2a03:2880:f800:: - - [13/Jun/2026:13:19:07 +0200] "GET /item/4623927 HTTP/1.1" 404 2129 visitasgijon.es "-" "meta-externalagent/1.1 (+https://developers.facebook.com/docs/sharing/webmasters/crawler)" "-"
2a03:2880:f800:: - - [13/Jun/2026:13:20:13 +0200] "GET /item/3040830 HTTP/1.1" 404 2129 visitasgijon.es "-" "meta-externalagent/1.1 (+https://developers.facebook.com/docs/sharing/webmasters/crawler)" "-"
207.241.173.0 - - [13/Jun/2026:13:20:22 +0200] "GET / HTTP/1.1" 200 229 quehacerengijon.com "-" "Mozilla/5.0 (iPhone; CPU iPhone OS 18_4 like Mac OS X) AppleWebKit/605.1.15 (KHTML, like Gecko) Version/18.4 Mobile/15E148 Safari/604.1" "-"
2a03:2880:f800:: - - [13/Jun/2026:13:21:19 +0200] "GET /item/3892734 HTTP/1.1" 404 2129 visitasgijon.es "-" "meta-externalagent/1.1 (+https://developers.facebook.com/docs/sharing/webmasters/crawler)" "-"
66.249.70.0 - - [13/Jun/2026:13:22:09 +0200] "GET /item/2611703 HTTP/1.1" 200 191359 visitasgijon.es "-" "Mozilla/5.0 (Linux; Android 6.0.1; Nexus 5X Build/MMB29P) AppleWebKit/537.36 (KHTML, like Gecko) Chrome/148.0.7778.96 Mobile Safari/537.36 (compatible; Googlebot/2.1; +http://www.google.com/bot.html)" "-"
66.249.70.0 - - [13/Jun/2026:13:22:09 +0200] "GET /item/3927703 HTTP/1.1" 200 182426 visitasgijon.es "-" "Mozilla/5.0 (Linux; Android 6.0.1; Nexus 5X Build/MMB29P) AppleWebKit/537.36 (KHTML, like Gecko) Chrome/148.0.7778.96 Mobile Safari/537.36 (compatible; Googlebot/2.1; +http://www.google.com/bot.html)" "-"
2a03:2880:f800:: - - [13/Jun/2026:13:22:26 +0200] "GET /item/3214968 HTTP/1.1" 404 2129 visitasgijon.es "-" "meta-externalagent/1.1 (+https://developers.facebook.com/docs/sharing/webmasters/crawler)" "-"
207.46.13.0 - - [13/Jun/2026:13:22:45 +0200] "GET /item/4043940 HTTP/1.1" 200 196836 visitasgijon.es "-" "Mozilla/5.0 AppleWebKit/537.36 (KHTML, like Gecko; compatible; bingbot/2.0; +http://www.bing.com/bingbot.htm) Chrome/116.0.1938.76 Safari/537.36" "-"
66.249.70.0 - - [13/Jun/2026:13:23:16 +0200] "GET /robots.txt HTTP/1.1" 200 85 visitasgijon.es "-" "Mozilla/5.0 (compatible; Googlebot/2.1; +http://www.google.com/bot.html)" "-"
2a03:2880:f800:: - - [13/Jun/2026:13:23:33 +0200] "GET /item/4402632 HTTP/1.1" 404 2129 visitasgijon.es "-" "meta-externalagent/1.1 (+https://developers.facebook.com/docs/sharing/webmasters/crawler)" "-"
66.249.70.0 - - [13/Jun/2026:13:23:51 +0200] "GET /item/2493783 HTTP/1.1" 200 192205 visitasgijon.es "-" "Mozilla/5.0 (Linux; Android 6.0.1; Nexus 5X Build/MMB29P) AppleWebKit/537.36 (KHTML, like Gecko) Chrome/148.0.7778.96 Mobile Safari/537.36 (compatible; Googlebot/2.1; +http://www.google.com/bot.html)" "-"
2a03:2880:f800:: - - [13/Jun/2026:13:24:40 +0200] "GET /item/3156563 HTTP/1.1" 404 2129 visitasgijon.es "-" "meta-externalagent/1.1 (+https://developers.facebook.com/docs/sharing/webmasters/crawler)" "-"
66.249.70.0 - - [13/Jun/2026:13:24:46 +0200] "GET /robots.txt HTTP/1.1" 200 85 visitasgijon.es "-" "Mozilla/5.0 (compatible; Googlebot/2.1; +http://www.google.com/bot.html)" "-"
66.249.70.0 - - [13/Jun/2026:13:25:27 +0200] "GET /item/3742049 HTTP/1.1" 200 183333 visitasgijon.es "-" "Mozilla/5.0 (Linux; Android 6.0.1; Nexus 5X Build/MMB29P) AppleWebKit/537.36 (KHTML, like Gecko) Chrome/148.0.7778.96 Mobile Safari/537.36 (compatible; Googlebot/2.1; +http://www.google.com/bot.html)" "-"
66.249.70.0 - - [13/Jun/2026:13:25:45 +0200] "GET /item/2084254 HTTP/1.1" 200 184309 visitasgijon.es "-" "Mozilla/5.0 (Linux; Android 6.0.1; Nexus 5X Build/MMB29P) AppleWebKit/537.36 (KHTML, like Gecko) Chrome/148.0.7778.96 Mobile Safari/537.36 (compatible; Googlebot/2.1; +http://www.google.com/bot.html)" "-"
2a03:2880:f800:: - - [13/Jun/2026:13:25:47 +0200] "GET /item/2281653 HTTP/1.1" 404 2129 visitasgijon.es "-" "meta-externalagent/1.1 (+https://developers.facebook.com/docs/sharing/webmasters/crawler)" "-"
2a03:2880:f800:: - - [13/Jun/2026:13:26:53 +0200] "GET /item/3619748 HTTP/1.1" 404 2129 visitasgijon.es "-" "meta-externalagent/1.1 (+https://developers.facebook.com/docs/sharing/webmasters/crawler)" "-"
114.119.149.0 - - [13/Jun/2026:13:27:06 +0200] "GET /item/4946141 HTTP/1.1" 403 - visitasgijon.es "https://visitasgijon.es/sitemap-477.xml" "Mozilla/5.0 (Linux; Android 7.0;) AppleWebKit/537.36 (HTML, like Gecko) Mobile Safari/537.36 (compatible; PetalBot;+https://webmaster.petalsearch.com/site/petalbot)" "-"
66.249.70.0 - - [13/Jun/2026:13:27:50 +0200] "GET /item/4836431 HTTP/1.1" 200 198140 visitasgijon.es "-" "Mozilla/5.0 (Linux; Android 6.0.1; Nexus 5X Build/MMB29P) AppleWebKit/537.36 (KHTML, like Gecko) Chrome/148.0.7778.96 Mobile Safari/537.36 (compatible; Googlebot/2.1; +http://www.google.com/bot.html)" "-"
2a03:2880:f800:: - - [13/Jun/2026:13:28:00 +0200] "GET /item/3695419 HTTP/1.1" 404 2129 visitasgijon.es "-" "meta-externalagent/1.1 (+https://developers.facebook.com/docs/sharing/webmasters/crawler)" "-"
66.249.70.0 - - [13/Jun/2026:13:28:24 +0200] "GET /item/2218116 HTTP/1.1" 200 185872 visitasgijon.es "-" "Mozilla/5.0 (Linux; Android 6.0.1; Nexus 5X Build/MMB29P) AppleWebKit/537.36 (KHTML, like Gecko) Chrome/148.0.7778.96 Mobile Safari/537.36 (compatible; Googlebot/2.1; +http://www.google.com/bot.html)" "-"
2a03:2880:f800:: - - [13/Jun/2026:13:29:06 +0200] "GET /item/2091486 HTTP/1.1" 404 2129 visitasgijon.es "-" "meta-externalagent/1.1 (+https://developers.facebook.com/docs/sharing/webmasters/crawler)" "-"
2a03:2880:f800:: - - [13/Jun/2026:13:30:13 +0200] "GET /item/2626706 HTTP/1.1" 404 2129 visitasgijon.es "-" "meta-externalagent/1.1 (+https://developers.facebook.com/docs/sharing/webmasters/crawler)" "-"
66.249.70.0 - - [13/Jun/2026:13:30:35 +0200] "GET /robots.txt HTTP/1.1" 200 85 visitasgijon.es "-" "Mozilla/5.0 (compatible; Googlebot/2.1; +http://www.google.com/bot.html)" "-"
2a03:2880:f800:: - - [13/Jun/2026:13:31:20 +0200] "GET /item/2995921 HTTP/1.1" 404 2129 visitasgijon.es "-" "meta-externalagent/1.1 (+https://developers.facebook.com/docs/sharing/webmasters/crawler)" "-"
66.249.70.0 - - [13/Jun/2026:13:31:58 +0200] "GET /item/4100761 HTTP/1.1" 200 195387 visitasgijon.es "-" "Mozilla/5.0 (Linux; Android 6.0.1; Nexus 5X Build/MMB29P) AppleWebKit/537.36 (KHTML, like Gecko) Chrome/148.0.7778.96 Mobile Safari/537.36 (compatible; Googlebot/2.1; +http://www.google.com/bot.html)" "-"
2a03:2880:f800:: - - [13/Jun/2026:13:32:26 +0200] "GET /item/4805657 HTTP/1.1" 404 2129 visitasgijon.es "-" "meta-externalagent/1.1 (+https://developers.facebook.com/docs/sharing/webmasters/crawler)" "-"
40.77.167.0 - - [13/Jun/2026:13:32:54 +0200] "GET /item/2377703 HTTP/1.1" 200 187899 visitasgijon.es "-" "Mozilla/5.0 AppleWebKit/537.36 (KHTML, like Gecko; compatible; bingbot/2.0; +http://www.bing.com/bingbot.htm) Chrome/116.0.1938.76 Safari/537.36" "-"
2a03:2880:f800:: - - [13/Jun/2026:13:33:33 +0200] "GET /item/3437159 HTTP/1.1" 404 2129 visitasgijon.es "-" "meta-externalagent/1.1 (+https://developers.facebook.com/docs/sharing/webmasters/crawler)" "-"
2a03:2880:f800:: - - [13/Jun/2026:13:34:40 +0200] "GET /item/3185947 HTTP/1.1" 404 2129 visitasgijon.es "-" "meta-externalagent/1.1 (+https://developers.facebook.com/docs/sharing/webmasters/crawler)" "-"
2a03:2880:f800:: - - [13/Jun/2026:13:35:46 +0200] "GET /item/2772811 HTTP/1.1" 404 2129 visitasgijon.es "-" "meta-externalagent/1.1 (+https://developers.facebook.com/docs/sharing/webmasters/crawler)" "-"
43.131.39.0 - - [13/Jun/2026:13:36:23 +0200] "GET / HTTP/1.1" 200 229 www.vanturexperiences.com "-" "Mozilla/5.0 (iPhone; CPU iPhone OS 13_2_3 like Mac OS X) AppleWebKit/605.1.15 (KHTML, like Gecko) Version/13.0.3 Mobile/15E148 Safari/604.1" "-"
2a03:2880:f800:: - - [13/Jun/2026:13:36:53 +0200] "GET /item/2792412 HTTP/1.1" 404 2129 visitasgijon.es "-" "meta-externalagent/1.1 (+https://developers.facebook.com/docs/sharing/webmasters/crawler)" "-"
207.46.13.0 - - [13/Jun/2026:13:37:57 +0200] "GET /products/17902231 HTTP/1.1" 200 183000 www.visitasgijon.es "-" "Mozilla/5.0 AppleWebKit/537.36 (KHTML, like Gecko; compatible; bingbot/2.0; +http://www.bing.com/bingbot.htm) Chrome/116.0.1938.76 Safari/537.36" "-"
2a03:2880:f800:: - - [13/Jun/2026:13:38:00 +0200] "GET /item/2535493 HTTP/1.1" 404 2129 visitasgijon.es "-" "meta-externalagent/1.1 (+https://developers.facebook.com/docs/sharing/webmasters/crawler)" "-"
216.73.216.0 - - [13/Jun/2026:13:38:33 +0200] "GET /robots.txt HTTP/1.1" 200 85 visitasgijon.es "-" "Mozilla/5.0 AppleWebKit/537.36 (KHTML, like Gecko; compatible; ClaudeBot/1.0; +claudebot@anthropic.com)" "-"
216.73.216.0 - - [13/Jun/2026:13:38:33 +0200] "GET /sitemap.xml HTTP/1.1" 200 3212 visitasgijon.es "-" "Mozilla/5.0 AppleWebKit/537.36 (KHTML, like Gecko; compatible; ClaudeBot/1.0; +claudebot@anthropic.com)" "-"
49.233.45.0 - - [13/Jun/2026:13:38:34 +0200] "GET / HTTP/1.1" 200 229 www.quehacerengijon.com "-" "Mozilla/5.0 (iPhone; CPU iPhone OS 13_2_3 like Mac OS X) AppleWebKit/605.1.15 (KHTML, like Gecko) Version/13.0.3 Mobile/15E148 Safari/604.1" "-"
40.77.167.0 - - [13/Jun/2026:13:38:35 +0200] "GET /item/4943950 HTTP/1.1" 200 188317 visitasgijon.es "-" "Mozilla/5.0 AppleWebKit/537.36 (KHTML, like Gecko; compatible; bingbot/2.0; +http://www.bing.com/bingbot.htm) Chrome/116.0.1938.76 Safari/537.36" "-"
2a03:2880:f800:: - - [13/Jun/2026:13:39:07 +0200] "GET /item/2775117 HTTP/1.1" 404 2129 visitasgijon.es "-" "meta-externalagent/1.1 (+https://developers.facebook.com/docs/sharing/webmasters/crawler)" "-"
2a03:2880:f800:: - - [13/Jun/2026:13:40:13 +0200] "GET /item/2931860 HTTP/1.1" 404 2129 visitasgijon.es "-" "meta-externalagent/1.1 (+https://developers.facebook.com/docs/sharing/webmasters/crawler)" "-"
2a03:2880:f800:: - - [13/Jun/2026:13:41:20 +0200] "GET /item/3438484 HTTP/1.1" 404 2129 visitasgijon.es "-" "meta-externalagent/1.1 (+https://developers.facebook.com/docs/sharing/webmasters/crawler)" "-"
17.22.245.0 - - [13/Jun/2026:13:41:27 +0200] "GET /robots.txt HTTP/1.1" 404 1271 www.vanturexperiences.com "-" "Mozilla/5.0 (Macintosh; Intel Mac OS X 10_15_7) AppleWebKit/605.1.15 (KHTML, like Gecko) Version/17.4 Safari/605.1.15 (Applebot/0.1; +http://www.apple.com/go/applebot)" "-"
17.22.245.0 - - [13/Jun/2026:13:41:27 +0200] "GET / HTTP/1.1" 200 229 www.vanturexperiences.com "-" "Mozilla/5.0 (Macintosh; Intel Mac OS X 10_15_7) AppleWebKit/605.1.15 (KHTML, like Gecko) Version/17.4 Safari/605.1.15 (Applebot/0.1; +http://www.apple.com/go/applebot)" "-"
17.22.245.0 - - [13/Jun/2026:13:41:29 +0200] "GET /defaultsite HTTP/1.1" 200 1271 www.vanturexperiences.com "-" "Mozilla/5.0 (Macintosh; Intel Mac OS X 10_15_7) AppleWebKit/605.1.15 (KHTML, like Gecko) Version/17.4 Safari/605.1.15 (Applebot/0.1; +http://www.apple.com/go/applebot)" "-"
2a03:2880:f800:: - - [13/Jun/2026:13:42:26 +0200] "GET /item/3714219 HTTP/1.1" 404 2129 visitasgijon.es "-" "meta-externalagent/1.1 (+https://developers.facebook.com/docs/sharing/webmasters/crawler)" "-"
2a03:2880:f800:: - - [13/Jun/2026:13:43:33 +0200] "GET /item/2280325 HTTP/1.1" 404 2129 visitasgijon.es "-" "meta-externalagent/1.1 (+https://developers.facebook.com/docs/sharing/webmasters/crawler)" "-"
40.77.167.0 - - [13/Jun/2026:13:44:07 +0200] "GET /item/2837122 HTTP/1.1" 200 199677 visitasgijon.es "-" "Mozilla/5.0 AppleWebKit/537.36 (KHTML, like Gecko; compatible; bingbot/2.0; +http://www.bing.com/bingbot.htm) Chrome/116.0.1938.76 Safari/537.36" "-"
2a03:2880:f800:: - - [13/Jun/2026:13:44:40 +0200] "GET /item/4523723 HTTP/1.1" 404 2129 visitasgijon.es "-" "meta-externalagent/1.1 (+https://developers.facebook.com/docs/sharing/webmasters/crawler)" "-"
66.249.70.0 - - [13/Jun/2026:13:44:49 +0200] "GET /item/2763922 HTTP/1.1" 200 191161 visitasgijon.es "-" "Mozilla/5.0 (Linux; Android 6.0.1; Nexus 5X Build/MMB29P) AppleWebKit/537.36 (KHTML, like Gecko) Chrome/148.0.7778.96 Mobile Safari/537.36 (compatible; Googlebot/2.1; +http://www.google.com/bot.html)" "-"
2a03:2880:f800:: - - [13/Jun/2026:13:45:46 +0200] "GET /item/4922370 HTTP/1.1" 404 2129 visitasgijon.es "-" "meta-externalagent/1.1 (+https://developers.facebook.com/docs/sharing/webmasters/crawler)" "-"
82.165.83.0 - - [13/Jun/2026:13:45:47 +0200] "POST /wp-cron.php?doing_wp_cron=1781351147.5752999782562255859375 HTTP/1.1" 200 - visitasgijon.es "https://visitasgijon.es/wp-cron.php?doing_wp_cron=1781351147.5752999782562255859375" "WordPress/5.1.22; https://visitasgijon.es" "-"
2a03:2880:f800:: - - [13/Jun/2026:13:46:53 +0200] "GET /item/4201776 HTTP/1.1" 404 2129 visitasgijon.es "-" "meta-externalagent/1.1 (+https://developers.facebook.com/docs/sharing/webmasters/crawler)" "-"
2a03:2880:f800:: - - [13/Jun/2026:13:47:59 +0200] "GET /item/2363168 HTTP/1.1" 404 2129 visitasgijon.es "-" "meta-externalagent/1.1 (+https://developers.facebook.com/docs/sharing/webmasters/crawler)" "-"
120.240.178.0 - - [13/Jun/2026:13:48:59 +0200] "GET /robots.txt HTTP/1.1" 200 85 visitasgijon.es "-" "Mozilla/5.0 (Windows NT 10.0; Win64; x64) AppleWebKit/537.36 (KHTML, like Gecko) Chrome/66.0.3410.150 Safari/537.36" "-"
2a03:2880:f800:: - - [13/Jun/2026:13:49:06 +0200] "GET /item/3940089 HTTP/1.1" 404 2129 visitasgijon.es "-" "meta-externalagent/1.1 (+https://developers.facebook.com/docs/sharing/webmasters/crawler)" "-"
2a03:2880:f800:: - - [13/Jun/2026:13:50:13 +0200] "GET /item/3857554 HTTP/1.1" 404 2129 visitasgijon.es "-" "meta-externalagent/1.1 (+https://developers.facebook.com/docs/sharing/webmasters/crawler)" "-"
2a03:2880:f800:: - - [13/Jun/2026:13:51:20 +0200] "GET /item/2036600 HTTP/1.1" 404 2129 visitasgijon.es "-" "meta-externalagent/1.1 (+https://developers.facebook.com/docs/sharing/webmasters/crawler)" "-"
2a03:2880:f800:: - - [13/Jun/2026:13:52:26 +0200] "GET /item/3211059 HTTP/1.1" 404 2129 visitasgijon.es "-" "meta-externalagent/1.1 (+https://developers.facebook.com/docs/sharing/webmasters/crawler)" "-"
66.249.70.0 - - [13/Jun/2026:13:53:25 +0200] "GET /item/2286620 HTTP/1.1" 200 181552 visitasgijon.es "-" "Mozilla/5.0 (Linux; Android 6.0.1; Nexus 5X Build/MMB29P) AppleWebKit/537.36 (KHTML, like Gecko) Chrome/148.0.7778.96 Mobile Safari/537.36 (compatible; Googlebot/2.1; +http://www.google.com/bot.html)" "-"
66.249.70.0 - - [13/Jun/2026:13:53:25 +0200] "GET /products/9250231 HTTP/1.1" 200 185041 visitasgijon.es "-" "Mozilla/5.0 (Linux; Android 6.0.1; Nexus 5X Build/MMB29P) AppleWebKit/537.36 (KHTML, like Gecko) Chrome/148.0.7778.96 Mobile Safari/537.36 (compatible; Googlebot/2.1; +http://www.google.com/bot.html)" "-"
2a03:2880:f800:: - - [13/Jun/2026:13:53:33 +0200] "GET /item/4896407 HTTP/1.1" 404 2129 visitasgijon.es "-" "meta-externalagent/1.1 (+https://developers.facebook.com/docs/sharing/webmasters/crawler)" "-"
2a03:2880:f800:: - - [13/Jun/2026:13:54:40 +0200] "GET /item/4798877 HTTP/1.1" 404 2129 visitasgijon.es "-" "meta-externalagent/1.1 (+https://developers.facebook.com/docs/sharing/webmasters/crawler)" "-"
2a03:2880:f800:: - - [13/Jun/2026:13:55:47 +0200] "GET /item/4303713 HTTP/1.1" 404 2129 visitasgijon.es "-" "meta-externalagent/1.1 (+https://developers.facebook.com/docs/sharing/webmasters/crawler)" "-"
51.68.247.0 - - [13/Jun/2026:13:56:23 +0200] "GET /sitemap.xml HTTP/1.1" 200 3212 visitasgijon.es "-" "Mozilla/5.0 (compatible; AhrefsBot/7.0; +http://ahrefs.com/robot/)" "-"
92.222.104.0 - - [13/Jun/2026:13:56:25 +0200] "GET /sitemap-975.xml HTTP/1.1" 200 150607 visitasgijon.es "-" "Mozilla/5.0 (compatible; AhrefsBot/7.0; +http://ahrefs.com/robot/)" "-"
94.23.188.0 - - [13/Jun/2026:13:56:28 +0200] "GET /sitemap-142.xml HTTP/1.1" 200 164377 visitasgijon.es "-" "Mozilla/5.0 (compatible; AhrefsBot/7.0; +http://ahrefs.com/robot/)" "-"
51.75.236.0 - - [13/Jun/2026:13:56:30 +0200] "GET /sitemap-475.xml HTTP/1.1" 200 158383 visitasgijon.es "-" "Mozilla/5.0 (compatible; AhrefsBot/7.0; +http://ahrefs.com/robot/)" "-"
54.37.118.0 - - [13/Jun/2026:13:56:37 +0200] "GET /sitemap-496.xml HTTP/1.1" 200 134407 visitasgijon.es "-" "Mozilla/5.0 (compatible; AhrefsBot/7.0; +http://ahrefs.com/robot/)" "-"
94.23.188.0 - - [13/Jun/2026:13:56:39 +0200] "GET /sitemap-50.xml HTTP/1.1" 200 131815 visitasgijon.es "-" "Mozilla/5.0 (compatible; AhrefsBot/7.0; +http://ahrefs.com/robot/)" "-"
5.39.1.0 - - [13/Jun/2026:13:56:41 +0200] "GET /sitemap-885.xml HTTP/1.1" 200 146881 visitasgijon.es "-" "Mozilla/5.0 (compatible; AhrefsBot/7.0; +http://ahrefs.com/robot/)" "-"
37.59.204.0 - - [13/Jun/2026:13:56:45 +0200] "GET /sitemap-103.xml HTTP/1.1" 200 141049 visitasgijon.es "-" "Mozilla/5.0 (compatible; AhrefsBot/7.0; +http://ahrefs.com/robot/)" "-"
54.37.118.0 - - [13/Jun/2026:13:56:49 +0200] "GET /sitemap-989.xml HTTP/1.1" 200 144451 visitasgijon.es "-" "Mozilla/5.0 (compatible; AhrefsBot/7.0; +http://ahrefs.com/robot/)" "-"
5.39.1.0 - - [13/Jun/2026:13:56:51 +0200] "GET /sitemap-348.xml HTTP/1.1" 200 147367 visitasgijon.es "-" "Mozilla/5.0 (compatible; AhrefsBot/7.0; +http://ahrefs.com/robot/)" "-"
51.75.236.0 - - [13/Jun/2026:13:56:53 +0200] "GET /sitemap-988.xml HTTP/1.1" 200 147043 visitasgijon.es "-" "Mozilla/5.0 (compatible; AhrefsBot/7.0; +http://ahrefs.com/robot/)" "-"
2a03:2880:f800:: - - [13/Jun/2026:13:56:53 +0200] "GET /item/2080786 HTTP/1.1" 404 2129 visitasgijon.es "-" "meta-externalagent/1.1 (+https://developers.facebook.com/docs/sharing/webmasters/crawler)" "-"
92.222.104.0 - - [13/Jun/2026:13:56:54 +0200] "GET /sitemap-698.xml HTTP/1.1" 200 168913 visitasgijon.es "-" "Mozilla/5.0 (compatible; AhrefsBot/7.0; +http://ahrefs.com/robot/)" "-"
92.222.108.0 - - [13/Jun/2026:13:56:56 +0200] "GET /sitemap-809.xml HTTP/1.1" 200 138943 visitasgijon.es "-" "Mozilla/5.0 (compatible; AhrefsBot/7.0; +http://ahrefs.com/robot/)" "-"
176.31.139.0 - - [13/Jun/2026:13:57:02 +0200] "GET /sitemap-785.xml HTTP/1.1" 200 192241 visitasgijon.es "-" "Mozilla/5.0 (compatible; AhrefsBot/7.0; +http://ahrefs.com/robot/)" "-"
51.68.247.0 - - [13/Jun/2026:13:57:04 +0200] "GET /sitemap-477.xml HTTP/1.1" 200 162433 visitasgijon.es "-" "Mozilla/5.0 (compatible; AhrefsBot/7.0; +http://ahrefs.com/robot/)" "-"
5.39.1.0 - - [13/Jun/2026:13:57:05 +0200] "GET /sitemap-222.xml HTTP/1.1" 200 130357 visitasgijon.es "-" "Mozilla/5.0 (compatible; AhrefsBot/7.0; +http://ahrefs.com/robot/)" "-"
176.31.139.0 - - [13/Jun/2026:13:57:09 +0200] "GET /sitemap-855.xml HTTP/1.1" 200 166159 visitasgijon.es "-" "Mozilla/5.0 (compatible; AhrefsBot/7.0; +http://ahrefs.com/robot/)" "-"
176.31.139.0 - - [13/Jun/2026:13:57:18 +0200] "GET /sitemap-608.xml HTTP/1.1" 200 188839 visitasgijon.es "-" "Mozilla/5.0 (compatible; AhrefsBot/7.0; +http://ahrefs.com/robot/)" "-"
92.222.108.0 - - [13/Jun/2026:13:57:19 +0200] "GET /sitemap-600.xml HTTP/1.1" 200 187057 visitasgijon.es "-" "Mozilla/5.0 (compatible; AhrefsBot/7.0; +http://ahrefs.com/robot/)" "-"
51.75.236.0 - - [13/Jun/2026:13:57:21 +0200] "GET /sitemap-70.xml HTTP/1.1" 200 179443 visitasgijon.es "-" "Mozilla/5.0 (compatible; AhrefsBot/7.0; +http://ahrefs.com/robot/)" "-"
51.75.236.0 - - [13/Jun/2026:13:57:23 +0200] "GET /sitemap-531.xml HTTP/1.1" 429 267 visitasgijon.es "-" "Mozilla/5.0 (compatible; AhrefsBot/7.0; +http://ahrefs.com/robot/)" "-"
51.75.236.0 - - [13/Jun/2026:13:57:25 +0200] "GET /sitemap-468.xml HTTP/1.1" 429 267 visitasgijon.es "-" "Mozilla/5.0 (compatible; AhrefsBot/7.0; +http://ahrefs.com/robot/)" "-"
51.68.247.0 - - [13/Jun/2026:13:57:26 +0200] "GET /sitemap-514.xml HTTP/1.1" 429 267 visitasgijon.es "-" "Mozilla/5.0 (compatible; AhrefsBot/7.0; +http://ahrefs.com/robot/)" "-"
54.37.118.0 - - [13/Jun/2026:13:57:28 +0200] "GET /sitemap-200.xml HTTP/1.1" 429 267 visitasgijon.es "-" "Mozilla/5.0 (compatible; AhrefsBot/7.0; +http://ahrefs.com/robot/)" "-"
176.31.139.0 - - [13/Jun/2026:13:57:38 +0200] "GET /sitemap-958.xml HTTP/1.1" 429 267 visitasgijon.es "-" "Mozilla/5.0 (compatible; AhrefsBot/7.0; +http://ahrefs.com/robot/)" "-"
40.77.167.0 - - [13/Jun/2026:13:57:54 +0200] "GET /robots.txt HTTP/1.1" 200 85 visitasgijon.es "-" "Mozilla/5.0 AppleWebKit/537.36 (KHTML, like Gecko; compatible; bingbot/2.0; +http://www.bing.com/bingbot.htm) Chrome/116.0.1938.76 Safari/537.36" "-"
54.37.118.0 - - [13/Jun/2026:13:58:00 +0200] "GET /sitemap-715.xml HTTP/1.1" 429 267 visitasgijon.es "-" "Mozilla/5.0 (compatible; AhrefsBot/7.0; +http://ahrefs.com/robot/)" "-"
2a03:2880:f800:: - - [13/Jun/2026:13:58:00 +0200] "GET /item/4479990 HTTP/1.1" 404 2129 visitasgijon.es "-" "meta-externalagent/1.1 (+https://developers.facebook.com/docs/sharing/webmasters/crawler)" "-"
207.46.13.0 - - [13/Jun/2026:13:58:01 +0200] "GET /item/4000274 HTTP/1.1" 200 186678 visitasgijon.es "-" "Mozilla/5.0 AppleWebKit/537.36 (KHTML, like Gecko; compatible; bingbot/2.0; +http://www.bing.com/bingbot.htm) Chrome/116.0.1938.76 Safari/537.36" "-"
37.59.204.0 - - [13/Jun/2026:13:58:05 +0200] "GET /sitemap-525.xml HTTP/1.1" 429 267 visitasgijon.es "-" "Mozilla/5.0 (compatible; AhrefsBot/7.0; +http://ahrefs.com/robot/)" "-"
51.75.236.0 - - [13/Jun/2026:13:58:37 +0200] "GET /sitemap-535.xml HTTP/1.1" 200 167131 visitasgijon.es "-" "Mozilla/5.0 (compatible; AhrefsBot/7.0; +http://ahrefs.com/robot/)" "-"
176.31.139.0 - - [13/Jun/2026:13:58:44 +0200] "GET /sitemap-481.xml HTTP/1.1" 200 145585 visitasgijon.es "-" "Mozilla/5.0 (compatible; AhrefsBot/7.0; +http://ahrefs.com/robot/)" "-"
176.31.139.0 - - [13/Jun/2026:13:58:47 +0200] "GET /sitemap-3.xml HTTP/1.1" 200 147205 visitasgijon.es "-" "Mozilla/5.0 (compatible; AhrefsBot/7.0; +http://ahrefs.com/robot/)" "-"
92.222.104.0 - - [13/Jun/2026:13:58:48 +0200] "GET /sitemap-669.xml HTTP/1.1" 200 181549 visitasgijon.es "-" "Mozilla/5.0 (compatible; AhrefsBot/7.0; +http://ahrefs.com/robot/)" "-"
47.128.98.0 - - [13/Jun/2026:13:58:49 +0200] "GET /blog HTTP/1.1" 403 - visitasgijon.es "-" "Mozilla/5.0 (Linux; Android 5.0) AppleWebKit/537.36 (KHTML, like Gecko) Mobile Safari/537.36 (compatible; Bytespider; spider-feedback@bytedance.com)" "-"
176.31.139.0 - - [13/Jun/2026:13:59:06 +0200] "GET /sitemap-832.xml HTTP/1.1" 200 180415 visitasgijon.es "-" "Mozilla/5.0 (compatible; AhrefsBot/7.0; +http://ahrefs.com/robot/)" "-"
2a03:2880:f800:: - - [13/Jun/2026:13:59:06 +0200] "GET /item/4738381 HTTP/1.1" 404 2129 visitasgijon.es "-" "meta-externalagent/1.1 (+https://developers.facebook.com/docs/sharing/webmasters/crawler)" "-"
92.222.108.0 - - [13/Jun/2026:13:59:08 +0200] "GET /sitemap-428.xml HTTP/1.1" 200 157249 visitasgijon.es "-" "Mozilla/5.0 (compatible; AhrefsBot/7.0; +http://ahrefs.com/robot/)" "-"
92.222.104.0 - - [13/Jun/2026:13:59:10 +0200] "GET /sitemap-312.xml HTTP/1.1" 200 175717 visitasgijon.es "-" "Mozilla/5.0 (compatible; AhrefsBot/7.0; +http://ahrefs.com/robot/)" "-"
51.75.236.0 - - [13/Jun/2026:13:59:11 +0200] "GET /sitemap-346.xml HTTP/1.1" 200 189163 visitasgijon.es "-" "Mozilla/5.0 (compatible; AhrefsBot/7.0; +http://ahrefs.com/robot/)" "-"
5.39.1.0 - - [13/Jun/2026:13:59:13 +0200] "GET /sitemap-665.xml HTTP/1.1" 200 166969 visitasgijon.es "-" "Mozilla/5.0 (compatible; AhrefsBot/7.0; +http://ahrefs.com/robot/)" "-"
51.75.236.0 - - [13/Jun/2026:13:59:15 +0200] "GET /sitemap-294.xml HTTP/1.1" 200 171667 visitasgijon.es "-" "Mozilla/5.0 (compatible; AhrefsBot/7.0; +http://ahrefs.com/robot/)" "-"
92.222.104.0 - - [13/Jun/2026:13:59:17 +0200] "GET /sitemap-48.xml HTTP/1.1" 200 152227 visitasgijon.es "-" "Mozilla/5.0 (compatible; AhrefsBot/7.0; +http://ahrefs.com/robot/)" "-"
92.222.104.0 - - [13/Jun/2026:13:59:18 +0200] "GET /sitemap-880.xml HTTP/1.1" 200 154819 visitasgijon.es "-" "Mozilla/5.0 (compatible; AhrefsBot/7.0; +http://ahrefs.com/robot/)" "-"
92.222.104.0 - - [13/Jun/2026:13:59:20 +0200] "GET /sitemap-414.xml HTTP/1.1" 200 186733 visitasgijon.es "-" "Mozilla/5.0 (compatible; AhrefsBot/7.0; +http://ahrefs.com/robot/)" "-"
92.222.104.0 - - [13/Jun/2026:13:59:22 +0200] "GET /sitemap-489.xml HTTP/1.1" 200 172477 visitasgijon.es "-" "Mozilla/5.0 (compatible; AhrefsBot/7.0; +http://ahrefs.com/robot/)" "-"
37.59.204.0 - - [13/Jun/2026:13:59:28 +0200] "GET /sitemap-241.xml HTTP/1.1" 200 158869 visitasgijon.es "-" "Mozilla/5.0 (compatible; AhrefsBot/7.0; +http://ahrefs.com/robot/)" "-"
54.37.118.0 - - [13/Jun/2026:13:59:34 +0200] "GET /sitemap-755.xml HTTP/1.1" 200 188353 visitasgijon.es "-" "Mozilla/5.0 (compatible; AhrefsBot/7.0; +http://ahrefs.com/robot/)" "-"
5.39.1.0 - - [13/Jun/2026:13:59:37 +0200] "GET /sitemap-913.xml HTTP/1.1" 200 187057 visitasgijon.es "-" "Mozilla/5.0 (compatible; AhrefsBot/7.0; +http://ahrefs.com/robot/)" "-"
2a03:2880:f800:: - - [13/Jun/2026:14:00:13 +0200] "GET /item/2922911 HTTP/1.1" 404 2129 visitasgijon.es "-" "meta-externalagent/1.1 (+https://developers.facebook.com/docs/sharing/webmasters/crawler)" "-"
82.165.83.0 - - [13/Jun/2026:14:00:15 +0200] "POST /wp-cron.php?doing_wp_cron=1781352015.0933279991149902343750 HTTP/1.1" 200 - visitasgijon.es "https://visitasgijon.es/wp-cron.php?doing_wp_cron=1781352015.0933279991149902343750" "WordPress/5.1.22; https://visitasgijon.es" "-"
114.119.156.0 - - [13/Jun/2026:14:00:22 +0200] "GET /item/4945833 HTTP/1.1" 403 - visitasgijon.es "https://visitasgijon.es/sitemap-241.xml" "Mozilla/5.0 (Linux; Android 7.0;) AppleWebKit/537.36 (HTML, like Gecko) Mobile Safari/537.36 (compatible; PetalBot;+https://webmaster.petalsearch.com/site/petalbot)" "-"
2a03:2880:f800:: - - [13/Jun/2026:14:01:20 +0200] "GET /item/2889869 HTTP/1.1" 404 2129 visitasgijon.es "-" "meta-externalagent/1.1 (+https://developers.facebook.com/docs/sharing/webmasters/crawler)" "-"
2a03:2880:f800:: - - [13/Jun/2026:14:02:26 +0200] "GET /item/4320236 HTTP/1.1" 404 2129 visitasgijon.es "-" "meta-externalagent/1.1 (+https://developers.facebook.com/docs/sharing/webmasters/crawler)" "-"
47.128.98.0 - - [13/Jun/2026:14:02:50 +0200] "GET /blog HTTP/1.1" 403 - visitasgijon.es "-" "Mozilla/5.0 (Linux; Android 5.0) AppleWebKit/537.36 (KHTML, like Gecko) Mobile Safari/537.36 (compatible; Bytespider; spider-feedback@bytedance.com)" "-"
2a03:2880:f800:: - - [13/Jun/2026:14:03:33 +0200] "GET /item/3856206 HTTP/1.1" 404 2129 visitasgijon.es "-" "meta-externalagent/1.1 (+https://developers.facebook.com/docs/sharing/webmasters/crawler)" "-"
52.167.144.0 - - [13/Jun/2026:14:04:05 +0200] "GET /item/2659759 HTTP/1.1" 200 184883 www.visitasgijon.es "-" "Mozilla/5.0 AppleWebKit/537.36 (KHTML, like Gecko; compatible; bingbot/2.0; +http://www.bing.com/bingbot.htm) Chrome/116.0.1938.76 Safari/537.36" "-"
101.32.208.0 - - [13/Jun/2026:14:04:32 +0200] "GET / HTTP/1.1" 200 229 www.vanturexperiences.com "-" "Mozilla/5.0 (iPhone; CPU iPhone OS 13_2_3 like Mac OS X) AppleWebKit/605.1.15 (KHTML, like Gecko) Version/13.0.3 Mobile/15E148 Safari/604.1" "-"
2a03:2880:f800:: - - [13/Jun/2026:14:04:40 +0200] "GET /item/3588935 HTTP/1.1" 404 2129 visitasgijon.es "-" "meta-externalagent/1.1 (+https://developers.facebook.com/docs/sharing/webmasters/crawler)" "-"
2a03:2880:f800:: - - [13/Jun/2026:14:05:46 +0200] "GET /item/2426346 HTTP/1.1" 404 2129 visitasgijon.es "-" "meta-externalagent/1.1 (+https://developers.facebook.com/docs/sharing/webmasters/crawler)" "-"
52.167.144.0 - - [13/Jun/2026:14:06:10 +0200] "GET /item/3899971 HTTP/1.1" 200 184095 visitasgijon.es "-" "Mozilla/5.0 AppleWebKit/537.36 (KHTML, like Gecko; compatible; bingbot/2.0; +http://www.bing.com/bingbot.htm) Chrome/116.0.1938.76 Safari/537.36" "-"
52.167.144.0 - - [13/Jun/2026:14:06:12 +0200] "GET /item/3436134 HTTP/1.1" 200 183013 visitasgijon.es "-" "Mozilla/5.0 AppleWebKit/537.36 (KHTML, like Gecko; compatible; bingbot/2.0; +http://www.bing.com/bingbot.htm) Chrome/116.0.1938.76 Safari/537.36" "-"
207.46.13.0 - - [13/Jun/2026:14:06:15 +0200] "GET /item/4000637 HTTP/1.1" 200 196093 visitasgijon.es "-" "Mozilla/5.0 AppleWebKit/537.36 (KHTML, like Gecko; compatible; bingbot/2.0; +http://www.bing.com/bingbot.htm) Chrome/116.0.1938.76 Safari/537.36" "-"
40.77.167.0 - - [13/Jun/2026:14:06:20 +0200] "GET /products/8019219 HTTP/1.1" 200 181572 visitasgijon.es "-" "Mozilla/5.0 AppleWebKit/537.36 (KHTML, like Gecko; compatible; bingbot/2.0; +http://www.bing.com/bingbot.htm) Chrome/116.0.1938.76 Safari/537.36" "-"
2a03:2880:f800:: - - [13/Jun/2026:14:06:53 +0200] "GET /item/2942565 HTTP/1.1" 404 2129 visitasgijon.es "-" "meta-externalagent/1.1 (+https://developers.facebook.com/docs/sharing/webmasters/crawler)" "-"
52.167.144.0 - - [13/Jun/2026:14:07:08 +0200] "GET /item/1132507 HTTP/1.1" 200 184625 www.visitasgijon.es "-" "Mozilla/5.0 AppleWebKit/537.36 (KHTML, like Gecko; compatible; bingbot/2.0; +http://www.bing.com/bingbot.htm) Chrome/116.0.1938.76 Safari/537.36" "-"
2a03:2880:f800:: - - [13/Jun/2026:14:08:00 +0200] "GET /item/2967800 HTTP/1.1" 404 2129 visitasgijon.es "-" "meta-externalagent/1.1 (+https://developers.facebook.com/docs/sharing/webmasters/crawler)" "-"
2a03:2880:f800:: - - [13/Jun/2026:14:09:06 +0200] "GET /item/4346003 HTTP/1.1" 404 2129 visitasgijon.es "-" "meta-externalagent/1.1 (+https://developers.facebook.com/docs/sharing/webmasters/crawler)" "-"
45.61.184.0 - - [13/Jun/2026:14:09:08 +0200] "POST / HTTP/1.1" 403 - visitasgijon.es "-" "python-requests/2.34.2" "-"
66.249.70.0 - - [13/Jun/2026:14:09:20 +0200] "GET /products/4640708 HTTP/1.1" 200 186492 visitasgijon.es "-" "Mozilla/5.0 (Linux; Android 6.0.1; Nexus 5X Build/MMB29P) AppleWebKit/537.36 (KHTML, like Gecko) Chrome/148.0.7778.96 Mobile Safari/537.36 (compatible; Googlebot/2.1; +http://www.google.com/bot.html)" "-"
2a03:2880:f800:: - - [13/Jun/2026:14:10:13 +0200] "GET /item/4519699 HTTP/1.1" 404 2129 visitasgijon.es "-" "meta-externalagent/1.1 (+https://developers.facebook.com/docs/sharing/webmasters/crawler)" "-"
2a03:2880:f800:: - - [13/Jun/2026:14:11:19 +0200] "GET /item/4800198 HTTP/1.1" 404 2129 visitasgijon.es "-" "meta-externalagent/1.1 (+https://developers.facebook.com/docs/sharing/webmasters/crawler)" "-"
2a03:2880:f800:: - - [13/Jun/2026:14:12:26 +0200] "GET /item/3060438 HTTP/1.1" 404 2129 visitasgijon.es "-" "meta-externalagent/1.1 (+https://developers.facebook.com/docs/sharing/webmasters/crawler)" "-"
2a03:2880:f800:: - - [13/Jun/2026:14:13:33 +0200] "GET /item/4200473 HTTP/1.1" 404 2129 visitasgijon.es "-" "meta-externalagent/1.1 (+https://developers.facebook.com/docs/sharing/webmasters/crawler)" "-"
2a03:2880:f800:: - - [13/Jun/2026:14:14:39 +0200] "GET /item/4641769 HTTP/1.1" 404 2129 visitasgijon.es "-" "meta-externalagent/1.1 (+https://developers.facebook.com/docs/sharing/webmasters/crawler)" "-"
2a03:2880:f800:: - - [13/Jun/2026:14:15:47 +0200] "GET /item/2307010 HTTP/1.1" 404 2129 visitasgijon.es "-" "meta-externalagent/1.1 (+https://developers.facebook.com/docs/sharing/webmasters/crawler)" "-"
2a03:2880:f800:: - - [13/Jun/2026:14:16:53 +0200] "GET /item/3287094 HTTP/1.1" 404 2129 visitasgijon.es "-" "meta-externalagent/1.1 (+https://developers.facebook.com/docs/sharing/webmasters/crawler)" "-"
2a03:2880:f800:: - - [13/Jun/2026:14:18:01 +0200] "GET /item/3454516 HTTP/1.1" 404 2129 visitasgijon.es "-" "meta-externalagent/1.1 (+https://developers.facebook.com/docs/sharing/webmasters/crawler)" "-"
216.73.216.0 - - [13/Jun/2026:14:18:40 +0200] "GET /.metadata/369804/index.php?path=%2F HTTP/1.1" 200 24520 visitasgijon.es "-" "Mozilla/5.0 AppleWebKit/537.36 (KHTML, like Gecko; compatible; ClaudeBot/1.0; +claudebot@anthropic.com)" "-"
52.167.144.0 - - [13/Jun/2026:14:19:00 +0200] "GET /item/2176360 HTTP/1.1" 200 184137 visitasgijon.es "-" "Mozilla/5.0 AppleWebKit/537.36 (KHTML, like Gecko; compatible; bingbot/2.0; +http://www.bing.com/bingbot.htm) Chrome/116.0.1938.76 Safari/537.36" "-"
207.46.13.0 - - [13/Jun/2026:14:19:05 +0200] "GET /item/2377952 HTTP/1.1" 200 184521 visitasgijon.es "-" "Mozilla/5.0 AppleWebKit/537.36 (KHTML, like Gecko; compatible; bingbot/2.0; +http://www.bing.com/bingbot.htm) Chrome/116.0.1938.76 Safari/537.36" "-"
207.46.13.0 - - [13/Jun/2026:14:19:06 +0200] "GET /products/8944020 HTTP/1.1" 200 190485 visitasgijon.es "-" "Mozilla/5.0 AppleWebKit/537.36 (KHTML, like Gecko; compatible; bingbot/2.0; +http://www.bing.com/bingbot.htm) Chrome/116.0.1938.76 Safari/537.36" "-"
2a03:2880:f800:: - - [13/Jun/2026:14:19:12 +0200] "GET /item/2879692 HTTP/1.1" 404 2129 visitasgijon.es "-" "meta-externalagent/1.1 (+https://developers.facebook.com/docs/sharing/webmasters/crawler)" "-"
13.82.195.0 - - [13/Jun/2026:14:19:49 +0200] "GET / HTTP/1.1" 200 229 vanturexperiences.com "-" "Mozilla/5.0 (Windows NT 6.1; WOW64) AppleWebKit/534.24 (KHTML, like Gecko) Chrome/11.0.696.71 Safari/534.24" "-"
2a03:2880:f800:: - - [13/Jun/2026:14:20:13 +0200] "GET /item/2559490 HTTP/1.1" 404 2129 visitasgijon.es "-" "meta-externalagent/1.1 (+https://developers.facebook.com/docs/sharing/webmasters/crawler)" "-"
157.55.39.0 - - [13/Jun/2026:14:20:35 +0200] "GET /item/3294350 HTTP/1.1" 200 185237 www.visitasgijon.es "-" "Mozilla/5.0 AppleWebKit/537.36 (KHTML, like Gecko; compatible; bingbot/2.0; +http://www.bing.com/bingbot.htm) Chrome/116.0.1938.76 Safari/537.36" "-"
2a03:2880:f800:: - - [13/Jun/2026:14:21:20 +0200] "GET /item/3715584 HTTP/1.1" 404 2129 visitasgijon.es "-" "meta-externalagent/1.1 (+https://developers.facebook.com/docs/sharing/webmasters/crawler)" "-"
216.73.216.0 - - [13/Jun/2026:14:21:23 +0200] "GET /.metadata/369804/index.php?path=%2Fhomepages%2F9%2Fd402228970 HTTP/1.1" 200 18898 visitasgijon.es "-" "Mozilla/5.0 AppleWebKit/537.36 (KHTML, like Gecko; compatible; ClaudeBot/1.0; +claudebot@anthropic.com)" "-"
216.73.216.0 - - [13/Jun/2026:14:22:22 +0200] "GET /sitemap.xml HTTP/1.1" 200 3212 visitasgijon.es "-" "Mozilla/5.0 AppleWebKit/537.36 (KHTML, like Gecko; compatible; ClaudeBot/1.0; +claudebot@anthropic.com)" "-"
2a03:2880:f800:: - - [13/Jun/2026:14:22:26 +0200] "GET /item/2865048 HTTP/1.1" 404 2129 visitasgijon.es "-" "meta-externalagent/1.1 (+https://developers.facebook.com/docs/sharing/webmasters/crawler)" "-"
2a03:2880:f800:: - - [13/Jun/2026:14:23:33 +0200] "GET /item/3301886 HTTP/1.1" 404 2129 visitasgijon.es "-" "meta-externalagent/1.1 (+https://developers.facebook.com/docs/sharing/webmasters/crawler)" "-"
2a03:2880:f800:: - - [13/Jun/2026:14:24:40 +0200] "GET /item/3936877 HTTP/1.1" 404 2129 visitasgijon.es "-" "meta-externalagent/1.1 (+https://developers.facebook.com/docs/sharing/webmasters/crawler)" "-"
40.77.167.0 - - [13/Jun/2026:14:25:10 +0200] "GET /products/3362775 HTTP/1.1" 200 189168 www.visitasgijon.es "-" "Mozilla/5.0 AppleWebKit/537.36 (KHTML, like Gecko; compatible; bingbot/2.0; +http://www.bing.com/bingbot.htm) Chrome/116.0.1938.76 Safari/537.36" "-"
216.73.216.0 - - [13/Jun/2026:14:25:30 +0200] "GET /.metadata/369804/index.php?komend=gaskan&path=%2Fhomepages%2F9%2Fd402228970%2Fhtdocs%2Fclickandbuilds%2FVisitarGijn%2F.metadata%2F369804 HTTP/1.1" 200 9683 visitasgijon.es "-" "Mozilla/5.0 AppleWebKit/537.36 (KHTML, like Gecko; compatible; ClaudeBot/1.0; +claudebot@anthropic.com)" "-"
2a03:2880:f800:: - - [13/Jun/2026:14:25:46 +0200] "GET /item/3387296 HTTP/1.1" 404 2129 visitasgijon.es "-" "meta-externalagent/1.1 (+https://developers.facebook.com/docs/sharing/webmasters/crawler)" "-"
216.73.216.0 - - [13/Jun/2026:14:26:09 +0200] "GET /.metadata/369804/index.php?path=%2Fhomepages%2F9%2Fd402228970%2Fhtdocs%2Fclickandbuilds%2FVisitarGijn%2F.metadata%2F369804%2F.. HTTP/1.1" 200 11600 visitasgijon.es "-" "Mozilla/5.0 AppleWebKit/537.36 (KHTML, like Gecko; compatible; ClaudeBot/1.0; +claudebot@anthropic.com)" "-"
2a03:2880:f800:: - - [13/Jun/2026:14:26:53 +0200] "GET /item/4403974 HTTP/1.1" 404 2129 visitasgijon.es "-" "meta-externalagent/1.1 (+https://developers.facebook.com/docs/sharing/webmasters/crawler)" "-"
216.73.216.0 - - [13/Jun/2026:14:27:31 +0200] "GET /.metadata/369804/index.php?path=%2Fhomepages%2F9%2Fd402228970%2Fhtdocs%2Fclickandbuilds%2FVisitarGijn HTTP/1.1" 200 37559 visitasgijon.es "-" "Mozilla/5.0 AppleWebKit/537.36 (KHTML, like Gecko; compatible; ClaudeBot/1.0; +claudebot@anthropic.com)" "-"
2a03:2880:f800:: - - [13/Jun/2026:14:28:00 +0200] "GET /item/4860400 HTTP/1.1" 404 2129 visitasgijon.es "-" "meta-externalagent/1.1 (+https://developers.facebook.com/docs/sharing/webmasters/crawler)" "-"
2a03:2880:f800:: - - [13/Jun/2026:14:29:06 +0200] "GET /item/3210541 HTTP/1.1" 404 2129 visitasgijon.es "-" "meta-externalagent/1.1 (+https://developers.facebook.com/docs/sharing/webmasters/crawler)" "-"
216.73.216.0 - - [13/Jun/2026:14:29:55 +0200] "GET /.metadata/369804/index.php?fileloc=%2Fhomepages%2F9%2Fd402228970%2Fhtdocs%2Fclickandbuilds%2FVisitarGijn%2F.metadata%2F369804%2F.htaccess&path=%2Fhomepages%2F9%2Fd402228970%2Fhtdocs%2Fclickandbuilds%2FVisitarGijn%2F.metadata%2F369804 HTTP/1.1" 200 5859 visitasgijon.es "-" "Mozilla/5.0 AppleWebKit/537.36 (KHTML, like Gecko; compatible; ClaudeBot/1.0; +claudebot@anthropic.com)" "-"
2a03:2880:f800:: - - [13/Jun/2026:14:30:13 +0200] "GET /item/4311332 HTTP/1.1" 404 2129 visitasgijon.es "-" "meta-externalagent/1.1 (+https://developers.facebook.com/docs/sharing/webmasters/crawler)" "-"
2a03:2880:f800:: - - [13/Jun/2026:14:31:19 +0200] "GET /item/2669045 HTTP/1.1" 404 2129 visitasgijon.es "-" "meta-externalagent/1.1 (+https://developers.facebook.com/docs/sharing/webmasters/crawler)" "-"
2a03:2880:f800:: - - [13/Jun/2026:14:32:27 +0200] "GET /item/3552127 HTTP/1.1" 404 2129 visitasgijon.es "-" "meta-externalagent/1.1 (+https://developers.facebook.com/docs/sharing/webmasters/crawler)" "-"
216.73.216.0 - - [13/Jun/2026:14:32:42 +0200] "GET /.metadata/369804/index.php?path=%2Fhomepages%2F9%2Fd402228970%2Fhtdocs%2Fclickandbuilds%2FVisitarGijn%2F.metadata%2F369804 HTTP/1.1" 200 9270 visitasgijon.es "-" "Mozilla/5.0 AppleWebKit/537.36 (KHTML, like Gecko; compatible; ClaudeBot/1.0; +claudebot@anthropic.com)" "-"
216.73.216.0 - - [13/Jun/2026:14:32:55 +0200] "GET /.metadata/369804/index.php?fileloc=%2Fhomepages%2F9%2Fd402228970%2Fhtdocs%2Fclickandbuilds%2FVisitarGijn%2F.metadata%2F369804%2Findex.php&path=%2Fhomepages%2F9%2Fd402228970%2Fhtdocs%2Fclickandbuilds%2FVisitarGijn%2F.metadata%2F369804 HTTP/1.1" 200 31541 visitasgijon.es "-" "Mozilla/5.0 AppleWebKit/537.36 (KHTML, like Gecko; compatible; ClaudeBot/1.0; +claudebot@anthropic.com)" "-"
216.73.216.0 - - [13/Jun/2026:14:33:14 +0200] "GET /.metadata/369804/index.php?path=%2Fhomepages%2F9%2Fd402228970%2Fhtdocs%2Fclickandbuilds HTTP/1.1" 200 8404 visitasgijon.es "-" "Mozilla/5.0 AppleWebKit/537.36 (KHTML, like Gecko; compatible; ClaudeBot/1.0; +claudebot@anthropic.com)" "-"
2a03:2880:f800:: - - [13/Jun/2026:14:33:33 +0200] "GET /item/4021835 HTTP/1.1" 404 2129 visitasgijon.es "-" "meta-externalagent/1.1 (+https://developers.facebook.com/docs/sharing/webmasters/crawler)" "-"
114.119.128.0 - - [13/Jun/2026:14:33:46 +0200] "GET /item/4945808 HTTP/1.1" 403 - visitasgijon.es "https://visitasgijon.es/sitemap-477.xml" "Mozilla/5.0 (Linux; Android 7.0;) AppleWebKit/537.36 (HTML, like Gecko) Mobile Safari/537.36 (compatible; PetalBot;+https://webmaster.petalsearch.com/site/petalbot)" "-"
216.73.216.0 - - [13/Jun/2026:14:34:36 +0200] "GET /.metadata/369804/index.php?path=%2Fhomepages%2F9%2Fd402228970%2Fhtdocs%2Fclickandbuilds%2FVisitarGijn%2F.metadata HTTP/1.1" 200 11197 visitasgijon.es "-" "Mozilla/5.0 AppleWebKit/537.36 (KHTML, like Gecko; compatible; ClaudeBot/1.0; +claudebot@anthropic.com)" "-"
2a03:2880:f800:: - - [13/Jun/2026:14:34:39 +0200] "GET /item/4401312 HTTP/1.1" 404 2129 visitasgijon.es "-" "meta-externalagent/1.1 (+https://developers.facebook.com/docs/sharing/webmasters/crawler)" "-"
216.73.216.0 - - [13/Jun/2026:14:35:18 +0200] "GET /.metadata/369804/index.php?path=%2Fhomepages%2F9%2Fd402228970%2Fhtdocs%2Fclickandbuilds%2FVisitarGijn%2F.metadata%2F369804&upload=gaskan HTTP/1.1" 200 10453 visitasgijon.es "-" "Mozilla/5.0 AppleWebKit/537.36 (KHTML, like Gecko; compatible; ClaudeBot/1.0; +claudebot@anthropic.com)" "-"
2a03:2880:f800:: - - [13/Jun/2026:14:35:46 +0200] "GET /item/2290581 HTTP/1.1" 404 2129 visitasgijon.es "-" "meta-externalagent/1.1 (+https://developers.facebook.com/docs/sharing/webmasters/crawler)" "-"
216.73.216.0 - - [13/Jun/2026:14:35:49 +0200] "GET /.metadata/369804/index.php?path=%2Fhomepages%2F9 HTTP/1.1" 200 33053 visitasgijon.es "-" "Mozilla/5.0 AppleWebKit/537.36 (KHTML, like Gecko; compatible; ClaudeBot/1.0; +claudebot@anthropic.com)" "-"
216.73.216.0 - - [13/Jun/2026:14:36:50 +0200] "GET /.metadata/369804/index.php?path=%2Fhomepages%2F9%2Fd402228970%2Fhtdocs HTTP/1.1" 200 12581 visitasgijon.es "-" "Mozilla/5.0 AppleWebKit/537.36 (KHTML, like Gecko; compatible; ClaudeBot/1.0; +claudebot@anthropic.com)" "-"
2a03:2880:f800:: - - [13/Jun/2026:14:36:53 +0200] "GET /item/3425172 HTTP/1.1" 404 2129 visitasgijon.es "-" "meta-externalagent/1.1 (+https://developers.facebook.com/docs/sharing/webmasters/crawler)" "-"
52.167.144.0 - - [13/Jun/2026:14:37:00 +0200] "GET /products/30478486 HTTP/1.1" 200 185101 visitasgijon.es "-" "Mozilla/5.0 AppleWebKit/537.36 (KHTML, like Gecko; compatible; bingbot/2.0; +http://www.bing.com/bingbot.htm) Chrome/116.0.1938.76 Safari/537.36" "-"
52.167.144.0 - - [13/Jun/2026:14:37:01 +0200] "GET /products/2385120 HTTP/1.1" 200 197586 visitasgijon.es "-" "Mozilla/5.0 AppleWebKit/537.36 (KHTML, like Gecko; compatible; bingbot/2.0; +http://www.bing.com/bingbot.htm) Chrome/116.0.1938.76 Safari/537.36" "-"
207.46.13.0 - - [13/Jun/2026:14:37:08 +0200] "GET /item/3895934 HTTP/1.1" 200 197645 visitasgijon.es "-" "Mozilla/5.0 AppleWebKit/537.36 (KHTML, like Gecko; compatible; bingbot/2.0; +http://www.bing.com/bingbot.htm) Chrome/116.0.1938.76 Safari/537.36" "-"
66.249.70.0 - - [13/Jun/2026:14:37:58 +0200] "GET /robots.txt HTTP/1.1" 200 85 visitasgijon.es "-" "Mozilla/5.0 (compatible; Googlebot/2.1; +http://www.google.com/bot.html)" "-"
2a03:2880:f800:: - - [13/Jun/2026:14:37:59 +0200] "GET /item/3085732 HTTP/1.1" 404 2129 visitasgijon.es "-" "meta-externalagent/1.1 (+https://developers.facebook.com/docs/sharing/webmasters/crawler)" "-"
2a03:2880:f800:: - - [13/Jun/2026:14:39:06 +0200] "GET /item/4823464 HTTP/1.1" 404 2129 visitasgijon.es "-" "meta-externalagent/1.1 (+https://developers.facebook.com/docs/sharing/webmasters/crawler)" "-"
216.73.216.0 - - [13/Jun/2026:14:39:14 +0200] "GET /robots.txt HTTP/1.1" 200 85 visitasgijon.es "-" "Mozilla/5.0 AppleWebKit/537.36 (KHTML, like Gecko; compatible; ClaudeBot/1.0; +claudebot@anthropic.com)" "-"
216.73.216.0 - - [13/Jun/2026:14:39:17 +0200] "GET /.metadata/369804/index.php?path=%2Fhomepages HTTP/1.1" 200 46269 visitasgijon.es "-" "Mozilla/5.0 AppleWebKit/537.36 (KHTML, like Gecko; compatible; ClaudeBot/1.0; +claudebot@anthropic.com)" "-"
2a03:2880:f800:: - - [13/Jun/2026:14:40:13 +0200] "GET /item/3517788 HTTP/1.1" 404 2129 visitasgijon.es "-" "meta-externalagent/1.1 (+https://developers.facebook.com/docs/sharing/webmasters/crawler)" "-"
2a03:2880:f800:: - - [13/Jun/2026:14:41:20 +0200] "GET /item/4860456 HTTP/1.1" 404 2129 visitasgijon.es "-" "meta-externalagent/1.1 (+https://developers.facebook.com/docs/sharing/webmasters/crawler)" "-"
2a03:2880:f800:: - - [13/Jun/2026:14:42:26 +0200] "GET /item/3443858 HTTP/1.1" 404 2129 visitasgijon.es "-" "meta-externalagent/1.1 (+https://developers.facebook.com/docs/sharing/webmasters/crawler)" "-"
66.249.70.0 - - [13/Jun/2026:14:42:30 +0200] "GET /products/12822597 HTTP/1.1" 200 191883 visitasgijon.es "-" "Mozilla/5.0 (Linux; Android 6.0.1; Nexus 5X Build/MMB29P) AppleWebKit/537.36 (KHTML, like Gecko) Chrome/148.0.7778.96 Mobile Safari/537.36 (compatible; Googlebot/2.1; +http://www.google.com/bot.html)" "-"
2a03:2880:f800:: - - [13/Jun/2026:14:43:33 +0200] "GET /item/2277520 HTTP/1.1" 404 2129 visitasgijon.es "-" "meta-externalagent/1.1 (+https://developers.facebook.com/docs/sharing/webmasters/crawler)" "-"
66.249.70.0 - - [13/Jun/2026:14:43:42 +0200] "GET /robots.txt HTTP/1.1" 200 85 visitasgijon.es "-" "Mozilla/5.0 (compatible; Googlebot/2.1; +http://www.google.com/bot.html)" "-"
2a03:2880:f800:: - - [13/Jun/2026:14:44:40 +0200] "GET /item/2015704 HTTP/1.1" 404 2129 visitasgijon.es "-" "meta-externalagent/1.1 (+https://developers.facebook.com/docs/sharing/webmasters/crawler)" "-"
82.165.83.0 - - [13/Jun/2026:14:45:47 +0200] "POST /wp-cron.php?doing_wp_cron=1781354747.8983690738677978515625 HTTP/1.1" 200 - visitasgijon.es "https://visitasgijon.es/wp-cron.php?doing_wp_cron=1781354747.8983690738677978515625" "WordPress/5.1.22; https://visitasgijon.es" "-"
2a03:2880:f800:: - - [13/Jun/2026:14:45:47 +0200] "GET /item/3112134 HTTP/1.1" 404 2129 visitasgijon.es "-" "meta-externalagent/1.1 (+https://developers.facebook.com/docs/sharing/webmasters/crawler)" "-"
