2a03:2880:f800:: - - [13/Jun/2026:00:59:03 +0200] "GET /sitemap278.xml HTTP/1.1" 200 174907 visitasgijon.es "-" "meta-externalagent/1.1 (+https://developers.facebook.com/docs/sharing/webmasters/crawler)" "-"
2a03:2880:f800:: - - [13/Jun/2026:00:59:19 +0200] "GET /item/3420318 HTTP/1.1" 404 2129 visitasgijon.es "-" "meta-externalagent/1.1 (+https://developers.facebook.com/docs/sharing/webmasters/crawler)" "-"
66.249.70.0 - - [13/Jun/2026:00:59:19 +0200] "GET /item/2856782 HTTP/1.1" 200 191364 visitasgijon.es "-" "Mozilla/5.0 (Linux; Android 6.0.1; Nexus 5X Build/MMB29P) AppleWebKit/537.36 (KHTML, like Gecko) Chrome/148.0.7778.96 Mobile Safari/537.36 (compatible; Googlebot/2.1; +http://www.google.com/bot.html)" "-"
2a03:2880:f800:: - - [13/Jun/2026:00:59:32 +0200] "GET /item/2746518 HTTP/1.1" 429 267 visitasgijon.es "-" "meta-externalagent/1.1 (+https://developers.facebook.com/docs/sharing/webmasters/crawler)" "-"
2a03:2880:f800:: - - [13/Jun/2026:00:59:44 +0200] "GET /item/4688416 HTTP/1.1" 429 267 visitasgijon.es "-" "meta-externalagent/1.1 (+https://developers.facebook.com/docs/sharing/webmasters/crawler)" "-"
2a03:2880:f800:: - - [13/Jun/2026:00:59:46 +0200] "GET /item/3399248 HTTP/1.1" 429 267 visitasgijon.es "-" "meta-externalagent/1.1 (+https://developers.facebook.com/docs/sharing/webmasters/crawler)" "-"
2a03:2880:f800:: - - [13/Jun/2026:00:59:48 +0200] "GET /item/3474190 HTTP/1.1" 429 267 visitasgijon.es "-" "meta-externalagent/1.1 (+https://developers.facebook.com/docs/sharing/webmasters/crawler)" "-"
57.141.20.0 - - [13/Jun/2026:00:59:49 +0200] "GET /item/2176020 HTTP/1.1" 429 267 visitasgijon.es "-" "meta-externalagent/1.1 (+https://developers.facebook.com/docs/sharing/webmasters/crawler)" "-"
57.141.20.0 - - [13/Jun/2026:00:59:51 +0200] "GET /item/1990909 HTTP/1.1" 429 267 visitasgijon.es "-" "meta-externalagent/1.1 (+https://developers.facebook.com/docs/sharing/webmasters/crawler)" "-"
2a03:2880:f800:: - - [13/Jun/2026:00:59:53 +0200] "GET /item/4072568 HTTP/1.1" 429 267 visitasgijon.es "-" "meta-externalagent/1.1 (+https://developers.facebook.com/docs/sharing/webmasters/crawler)" "-"
2a03:2880:f800:: - - [13/Jun/2026:00:59:56 +0200] "GET /item/2013999 HTTP/1.1" 429 267 visitasgijon.es "-" "meta-externalagent/1.1 (+https://developers.facebook.com/docs/sharing/webmasters/crawler)" "-"
2a03:2880:f800:: - - [13/Jun/2026:00:59:58 +0200] "GET /item/4823343 HTTP/1.1" 429 267 visitasgijon.es "-" "meta-externalagent/1.1 (+https://developers.facebook.com/docs/sharing/webmasters/crawler)" "-"
2a03:2880:f800:: - - [13/Jun/2026:01:00:01 +0200] "GET /item/4621304 HTTP/1.1" 429 267 visitasgijon.es "-" "meta-externalagent/1.1 (+https://developers.facebook.com/docs/sharing/webmasters/crawler)" "-"
2a03:2880:f800:: - - [13/Jun/2026:01:00:05 +0200] "GET /item/3026548 HTTP/1.1" 429 267 visitasgijon.es "-" "meta-externalagent/1.1 (+https://developers.facebook.com/docs/sharing/webmasters/crawler)" "-"
2a03:2880:f800:: - - [13/Jun/2026:01:00:09 +0200] "GET /item/4598421 HTTP/1.1" 429 267 visitasgijon.es "-" "meta-externalagent/1.1 (+https://developers.facebook.com/docs/sharing/webmasters/crawler)" "-"
66.249.70.0 - - [13/Jun/2026:01:00:10 +0200] "GET /item/2399682 HTTP/1.1" 200 184535 visitasgijon.es "-" "Mozilla/5.0 (Linux; Android 6.0.1; Nexus 5X Build/MMB29P) AppleWebKit/537.36 (KHTML, like Gecko) Chrome/148.0.7778.96 Mobile Safari/537.36 (compatible; Googlebot/2.1; +http://www.google.com/bot.html)" "-"
2a03:2880:f800:: - - [13/Jun/2026:01:00:13 +0200] "GET /item/2440698 HTTP/1.1" 429 267 visitasgijon.es "-" "meta-externalagent/1.1 (+https://developers.facebook.com/docs/sharing/webmasters/crawler)" "-"
2a03:2880:f800:: - - [13/Jun/2026:01:00:17 +0200] "GET /sitemap800.xml HTTP/1.1" 429 267 visitasgijon.es "-" "meta-externalagent/1.1 (+https://developers.facebook.com/docs/sharing/webmasters/crawler)" "-"
2a03:2880:f800:: - - [13/Jun/2026:01:00:22 +0200] "GET /item/4660022 HTTP/1.1" 429 267 visitasgijon.es "-" "meta-externalagent/1.1 (+https://developers.facebook.com/docs/sharing/webmasters/crawler)" "-"
2a03:2880:f800:: - - [13/Jun/2026:01:00:28 +0200] "GET /item/4149549 HTTP/1.1" 429 267 visitasgijon.es "-" "meta-externalagent/1.1 (+https://developers.facebook.com/docs/sharing/webmasters/crawler)" "-"
82.165.83.0 - - [13/Jun/2026:01:00:34 +0200] "POST /wp-cron.php?doing_wp_cron=1781305234.7023570537567138671875 HTTP/1.1" 200 - visitasgijon.es "https://visitasgijon.es/wp-cron.php?doing_wp_cron=1781305234.7023570537567138671875" "WordPress/5.1.22; https://visitasgijon.es" "-"
2a03:2880:f800:: - - [13/Jun/2026:01:00:34 +0200] "GET /item/3913685 HTTP/1.1" 404 2129 visitasgijon.es "-" "meta-externalagent/1.1 (+https://developers.facebook.com/docs/sharing/webmasters/crawler)" "-"
2a03:2880:f800:: - - [13/Jun/2026:01:00:38 +0200] "GET /item/2636100 HTTP/1.1" 404 2129 visitasgijon.es "-" "meta-externalagent/1.1 (+https://developers.facebook.com/docs/sharing/webmasters/crawler)" "-"
66.249.70.0 - - [13/Jun/2026:01:00:41 +0200] "GET /item/3644965 HTTP/1.1" 200 185577 visitasgijon.es "-" "Mozilla/5.0 (Linux; Android 6.0.1; Nexus 5X Build/MMB29P) AppleWebKit/537.36 (KHTML, like Gecko) Chrome/148.0.7778.96 Mobile Safari/537.36 (compatible; Googlebot/2.1; +http://www.google.com/bot.html)" "-"
66.249.70.0 - - [13/Jun/2026:01:01:19 +0200] "GET /products/27370020 HTTP/1.1" 200 192904 visitasgijon.es "-" "Mozilla/5.0 (Linux; Android 6.0.1; Nexus 5X Build/MMB29P) AppleWebKit/537.36 (KHTML, like Gecko) Chrome/148.0.7778.96 Mobile Safari/537.36 (compatible; Googlebot/2.1; +http://www.google.com/bot.html)" "-"
66.249.70.0 - - [13/Jun/2026:01:01:36 +0200] "GET /item/3748706 HTTP/1.1" 200 191362 visitasgijon.es "-" "Mozilla/5.0 (Linux; Android 6.0.1; Nexus 5X Build/MMB29P) AppleWebKit/537.36 (KHTML, like Gecko) Chrome/148.0.7778.96 Mobile Safari/537.36 (compatible; Googlebot/2.1; +http://www.google.com/bot.html)" "-"
2a03:2880:f800:: - - [13/Jun/2026:01:01:45 +0200] "GET /item/2360044 HTTP/1.1" 404 2129 visitasgijon.es "-" "meta-externalagent/1.1 (+https://developers.facebook.com/docs/sharing/webmasters/crawler)" "-"
66.249.70.0 - - [13/Jun/2026:01:02:12 +0200] "GET /item/3023859 HTTP/1.1" 200 187867 visitasgijon.es "-" "Mozilla/5.0 (Linux; Android 6.0.1; Nexus 5X Build/MMB29P) AppleWebKit/537.36 (KHTML, like Gecko) Chrome/148.0.7778.96 Mobile Safari/537.36 (compatible; Googlebot/2.1; +http://www.google.com/bot.html)" "-"
57.141.20.0 - - [13/Jun/2026:01:02:52 +0200] "GET /sitemap285.xml HTTP/1.1" 200 164215 visitasgijon.es "-" "meta-externalagent/1.1 (+https://developers.facebook.com/docs/sharing/webmasters/crawler)" "-"
66.249.70.0 - - [13/Jun/2026:01:02:56 +0200] "GET /products/19351153 HTTP/1.1" 200 185361 visitasgijon.es "-" "Mozilla/5.0 (Linux; Android 6.0.1; Nexus 5X Build/MMB29P) AppleWebKit/537.36 (KHTML, like Gecko) Chrome/148.0.7778.96 Mobile Safari/537.36 (compatible; Googlebot/2.1; +http://www.google.com/bot.html)" "-"
66.249.70.0 - - [13/Jun/2026:01:03:00 +0200] "GET /item/3992554 HTTP/1.1" 200 189563 visitasgijon.es "-" "Mozilla/5.0 (Linux; Android 6.0.1; Nexus 5X Build/MMB29P) AppleWebKit/537.36 (KHTML, like Gecko) Chrome/148.0.7778.96 Mobile Safari/537.36 (compatible; Googlebot/2.1; +http://www.google.com/bot.html)" "-"
66.249.70.0 - - [13/Jun/2026:01:03:06 +0200] "GET /item/3282092 HTTP/1.1" 200 198351 visitasgijon.es "-" "Mozilla/5.0 (Linux; Android 6.0.1; Nexus 5X Build/MMB29P) AppleWebKit/537.36 (KHTML, like Gecko) Chrome/148.0.7778.96 Mobile Safari/537.36 (compatible; Googlebot/2.1; +http://www.google.com/bot.html)" "-"
2a03:2880:f800:: - - [13/Jun/2026:01:03:59 +0200] "GET /item/3069691 HTTP/1.1" 404 2129 visitasgijon.es "-" "meta-externalagent/1.1 (+https://developers.facebook.com/docs/sharing/webmasters/crawler)" "-"
66.249.70.0 - - [13/Jun/2026:01:04:13 +0200] "GET /item/2561956 HTTP/1.1" 200 185093 visitasgijon.es "-" "Mozilla/5.0 (Linux; Android 6.0.1; Nexus 5X Build/MMB29P) AppleWebKit/537.36 (KHTML, like Gecko) Chrome/148.0.7778.96 Mobile Safari/537.36 (compatible; Googlebot/2.1; +http://www.google.com/bot.html)" "-"
66.249.70.0 - - [13/Jun/2026:01:04:30 +0200] "GET /products/12888564 HTTP/1.1" 200 182371 visitasgijon.es "-" "Mozilla/5.0 (Linux; Android 6.0.1; Nexus 5X Build/MMB29P) AppleWebKit/537.36 (KHTML, like Gecko) Chrome/148.0.7778.96 Mobile Safari/537.36 (compatible; Googlebot/2.1; +http://www.google.com/bot.html)" "-"
2a03:2880:f800:: - - [13/Jun/2026:01:04:38 +0200] "GET /sitemap506.xml HTTP/1.1" 200 190135 visitasgijon.es "-" "meta-externalagent/1.1 (+https://developers.facebook.com/docs/sharing/webmasters/crawler)" "-"
66.249.70.0 - - [13/Jun/2026:01:04:56 +0200] "GET /item/3351115 HTTP/1.1" 200 182471 visitasgijon.es "-" "Mozilla/5.0 (Linux; Android 6.0.1; Nexus 5X Build/MMB29P) AppleWebKit/537.36 (KHTML, like Gecko) Chrome/148.0.7778.96 Mobile Safari/537.36 (compatible; Googlebot/2.1; +http://www.google.com/bot.html)" "-"
57.141.20.0 - - [13/Jun/2026:01:05:18 +0200] "GET /sitemap666.xml HTTP/1.1" 200 171019 visitasgijon.es "-" "meta-externalagent/1.1 (+https://developers.facebook.com/docs/sharing/webmasters/crawler)" "-"
66.249.70.0 - - [13/Jun/2026:01:05:19 +0200] "GET /products/4988097 HTTP/1.1" 200 182441 visitasgijon.es "-" "Mozilla/5.0 (Linux; Android 6.0.1; Nexus 5X Build/MMB29P) AppleWebKit/537.36 (KHTML, like Gecko) Chrome/148.0.7778.96 Mobile Safari/537.36 (compatible; Googlebot/2.1; +http://www.google.com/bot.html)" "-"
119.45.7.0 - - [13/Jun/2026:01:05:36 +0200] "GET / HTTP/1.1" 200 229 www.quehacerengijon.com "-" "Mozilla/5.0 (iPhone; CPU iPhone OS 13_2_3 like Mac OS X) AppleWebKit/605.1.15 (KHTML, like Gecko) Version/13.0.3 Mobile/15E148 Safari/604.1" "-"
2a03:2880:f800:: - - [13/Jun/2026:01:05:47 +0200] "GET /item/4052111 HTTP/1.1" 404 2129 visitasgijon.es "-" "meta-externalagent/1.1 (+https://developers.facebook.com/docs/sharing/webmasters/crawler)" "-"
66.249.70.0 - - [13/Jun/2026:01:06:00 +0200] "GET /item/4636432 HTTP/1.1" 200 188500 visitasgijon.es "-" "Mozilla/5.0 (Linux; Android 6.0.1; Nexus 5X Build/MMB29P) AppleWebKit/537.36 (KHTML, like Gecko) Chrome/148.0.7778.96 Mobile Safari/537.36 (compatible; Googlebot/2.1; +http://www.google.com/bot.html)" "-"
2a03:2880:f800:: - - [13/Jun/2026:01:06:09 +0200] "GET /item/2683328 HTTP/1.1" 404 2129 visitasgijon.es "-" "meta-externalagent/1.1 (+https://developers.facebook.com/docs/sharing/webmasters/crawler)" "-"
52.167.144.0 - - [13/Jun/2026:01:06:12 +0200] "GET /products/21587308 HTTP/1.1" 200 182630 visitasgijon.es "-" "Mozilla/5.0 AppleWebKit/537.36 (KHTML, like Gecko; compatible; bingbot/2.0; +http://www.bing.com/bingbot.htm) Chrome/116.0.1938.76 Safari/537.36" "-"
66.249.70.0 - - [13/Jun/2026:01:06:19 +0200] "GET /item/3529306 HTTP/1.1" 200 184486 visitasgijon.es "-" "Mozilla/5.0 (Linux; Android 6.0.1; Nexus 5X Build/MMB29P) AppleWebKit/537.36 (KHTML, like Gecko) Chrome/148.0.7778.96 Mobile Safari/537.36 (compatible; Googlebot/2.1; +http://www.google.com/bot.html)" "-"
2a03:2880:f800:: - - [13/Jun/2026:01:06:31 +0200] "GET /sitemap749.xml HTTP/1.1" 200 134245 visitasgijon.es "-" "meta-externalagent/1.1 (+https://developers.facebook.com/docs/sharing/webmasters/crawler)" "-"
66.249.70.0 - - [13/Jun/2026:01:06:48 +0200] "GET /item/4547127 HTTP/1.1" 200 182684 visitasgijon.es "-" "Mozilla/5.0 (Linux; Android 6.0.1; Nexus 5X Build/MMB29P) AppleWebKit/537.36 (KHTML, like Gecko) Chrome/148.0.7778.96 Mobile Safari/537.36 (compatible; Googlebot/2.1; +http://www.google.com/bot.html)" "-"
2a03:2880:f800:: - - [13/Jun/2026:01:06:53 +0200] "GET /sitemap524.xml HTTP/1.1" 200 156601 visitasgijon.es "-" "meta-externalagent/1.1 (+https://developers.facebook.com/docs/sharing/webmasters/crawler)" "-"
114.119.158.0 - - [13/Jun/2026:01:07:01 +0200] "GET / HTTP/1.1" 403 - www.visitasgijon.es "https://www.turismoasturias.es/en/organiza-tu-viaje/guias-turisticos/vantur?doAsUserId=4IA8To1B/-/publicador/oferta-fin-de-semana-en-llanes" "Mozilla/5.0 (Linux; Android 7.0;) AppleWebKit/537.36 (HTML, like Gecko) Mobile Safari/537.36 (compatible; PetalBot;+https://webmaster.petalsearch.com/site/petalbot)" "-"
66.249.70.0 - - [13/Jun/2026:01:07:03 +0200] "GET /item/2826181 HTTP/1.1" 200 187218 visitasgijon.es "-" "Mozilla/5.0 (Linux; Android 6.0.1; Nexus 5X Build/MMB29P) AppleWebKit/537.36 (KHTML, like Gecko) Chrome/148.0.7778.96 Mobile Safari/537.36 (compatible; Googlebot/2.1; +http://www.google.com/bot.html)" "-"
2a03:2880:f800:: - - [13/Jun/2026:01:07:11 +0200] "GET /item/4676489 HTTP/1.1" 404 2129 visitasgijon.es "-" "meta-externalagent/1.1 (+https://developers.facebook.com/docs/sharing/webmasters/crawler)" "-"
66.249.70.0 - - [13/Jun/2026:01:07:16 +0200] "GET /item/4840252 HTTP/1.1" 200 189349 visitasgijon.es "-" "Mozilla/5.0 (Linux; Android 6.0.1; Nexus 5X Build/MMB29P) AppleWebKit/537.36 (KHTML, like Gecko) Chrome/148.0.7778.96 Mobile Safari/537.36 (compatible; Googlebot/2.1; +http://www.google.com/bot.html)" "-"
57.141.20.0 - - [13/Jun/2026:01:07:27 +0200] "GET /item/4465327 HTTP/1.1" 404 2129 visitasgijon.es "-" "meta-externalagent/1.1 (+https://developers.facebook.com/docs/sharing/webmasters/crawler)" "-"
66.249.70.0 - - [13/Jun/2026:01:07:42 +0200] "GET /item/4261904 HTTP/1.1" 200 186253 visitasgijon.es "-" "Mozilla/5.0 (Linux; Android 6.0.1; Nexus 5X Build/MMB29P) AppleWebKit/537.36 (KHTML, like Gecko) Chrome/148.0.7778.96 Mobile Safari/537.36 (compatible; Googlebot/2.1; +http://www.google.com/bot.html)" "-"
2a03:2880:f800:: - - [13/Jun/2026:01:07:42 +0200] "GET /item/3528497 HTTP/1.1" 404 2129 visitasgijon.es "-" "meta-externalagent/1.1 (+https://developers.facebook.com/docs/sharing/webmasters/crawler)" "-"
66.249.70.0 - - [13/Jun/2026:01:07:44 +0200] "GET /item/3537497 HTTP/1.1" 200 184277 visitasgijon.es "-" "Mozilla/5.0 (Linux; Android 6.0.1; Nexus 5X Build/MMB29P) AppleWebKit/537.36 (KHTML, like Gecko) Chrome/148.0.7778.96 Mobile Safari/537.36 (compatible; Googlebot/2.1; +http://www.google.com/bot.html)" "-"
2a03:2880:f800:: - - [13/Jun/2026:01:07:59 +0200] "GET /item/4262749 HTTP/1.1" 404 2129 visitasgijon.es "-" "meta-externalagent/1.1 (+https://developers.facebook.com/docs/sharing/webmasters/crawler)" "-"
2a03:2880:f800:: - - [13/Jun/2026:01:08:14 +0200] "GET /item/4227558 HTTP/1.1" 404 2129 visitasgijon.es "-" "meta-externalagent/1.1 (+https://developers.facebook.com/docs/sharing/webmasters/crawler)" "-"
66.249.70.0 - - [13/Jun/2026:01:08:23 +0200] "GET /item/3827244 HTTP/1.1" 200 189043 visitasgijon.es "-" "Mozilla/5.0 (Linux; Android 6.0.1; Nexus 5X Build/MMB29P) AppleWebKit/537.36 (KHTML, like Gecko) Chrome/148.0.7778.96 Mobile Safari/537.36 (compatible; Googlebot/2.1; +http://www.google.com/bot.html)" "-"
2a03:2880:f800:: - - [13/Jun/2026:01:08:29 +0200] "GET /item/2222414 HTTP/1.1" 404 2129 visitasgijon.es "-" "meta-externalagent/1.1 (+https://developers.facebook.com/docs/sharing/webmasters/crawler)" "-"
2001:41d0:800:: - - [13/Jun/2026:01:08:37 +0200] "GET / HTTP/1.1" 200 229 vanturexperiences.com "-" "Mozilla/5.0 (Windows NT 10.0; Win64; x64) AppleWebKit/537.36 (KHTML, like Gecko) Chrome/102.0.0.0 Safari/537.36" "-"
2001:41d0:800:: - - [13/Jun/2026:01:08:37 +0200] "GET /defaultsite HTTP/1.1" 200 1271 vanturexperiences.com "http://vanturexperiences.com/" "Mozilla/5.0 (Windows NT 10.0; Win64; x64) AppleWebKit/537.36 (KHTML, like Gecko) Chrome/102.0.0.0 Safari/537.36" "-"
66.249.70.0 - - [13/Jun/2026:01:08:38 +0200] "GET /item/4756485 HTTP/1.1" 200 198526 visitasgijon.es "-" "Mozilla/5.0 (Linux; Android 6.0.1; Nexus 5X Build/MMB29P) AppleWebKit/537.36 (KHTML, like Gecko) Chrome/148.0.7778.96 Mobile Safari/537.36 (compatible; Googlebot/2.1; +http://www.google.com/bot.html)" "-"
2a03:2880:f800:: - - [13/Jun/2026:01:08:44 +0200] "GET /item/2672621 HTTP/1.1" 404 2129 visitasgijon.es "-" "meta-externalagent/1.1 (+https://developers.facebook.com/docs/sharing/webmasters/crawler)" "-"
2a03:2880:f800:: - - [13/Jun/2026:01:08:59 +0200] "GET /item/3893235 HTTP/1.1" 404 2129 visitasgijon.es "-" "meta-externalagent/1.1 (+https://developers.facebook.com/docs/sharing/webmasters/crawler)" "-"
66.249.70.0 - - [13/Jun/2026:01:09:14 +0200] "GET /item/3407411 HTTP/1.1" 200 193408 visitasgijon.es "-" "Mozilla/5.0 (Linux; Android 6.0.1; Nexus 5X Build/MMB29P) AppleWebKit/537.36 (KHTML, like Gecko) Chrome/148.0.7778.96 Mobile Safari/537.36 (compatible; Googlebot/2.1; +http://www.google.com/bot.html)" "-"
2a03:2880:f800:: - - [13/Jun/2026:01:09:15 +0200] "GET /item/4714333 HTTP/1.1" 404 2129 visitasgijon.es "-" "meta-externalagent/1.1 (+https://developers.facebook.com/docs/sharing/webmasters/crawler)" "-"
2a03:2880:f800:: - - [13/Jun/2026:01:09:30 +0200] "GET /item/4092186 HTTP/1.1" 404 2129 visitasgijon.es "-" "meta-externalagent/1.1 (+https://developers.facebook.com/docs/sharing/webmasters/crawler)" "-"
2a03:2880:f800:: - - [13/Jun/2026:01:09:45 +0200] "GET /item/3760107 HTTP/1.1" 404 2129 visitasgijon.es "-" "meta-externalagent/1.1 (+https://developers.facebook.com/docs/sharing/webmasters/crawler)" "-"
2a03:2880:f800:: - - [13/Jun/2026:01:10:01 +0200] "GET /item/4170187 HTTP/1.1" 404 2129 visitasgijon.es "-" "meta-externalagent/1.1 (+https://developers.facebook.com/docs/sharing/webmasters/crawler)" "-"
66.249.70.0 - - [13/Jun/2026:01:10:05 +0200] "GET /item/2026913 HTTP/1.1" 200 191565 visitasgijon.es "-" "Mozilla/5.0 (Linux; Android 6.0.1; Nexus 5X Build/MMB29P) AppleWebKit/537.36 (KHTML, like Gecko) Chrome/148.0.7778.96 Mobile Safari/537.36 (compatible; Googlebot/2.1; +http://www.google.com/bot.html)" "-"
2a03:2880:f800:: - - [13/Jun/2026:01:10:16 +0200] "GET /item/1964692 HTTP/1.1" 404 2129 visitasgijon.es "-" "meta-externalagent/1.1 (+https://developers.facebook.com/docs/sharing/webmasters/crawler)" "-"
57.141.20.0 - - [13/Jun/2026:01:10:32 +0200] "GET /item/3549340 HTTP/1.1" 429 267 visitasgijon.es "-" "meta-externalagent/1.1 (+https://developers.facebook.com/docs/sharing/webmasters/crawler)" "-"
2a03:2880:f800:: - - [13/Jun/2026:01:10:46 +0200] "GET /item/3679394 HTTP/1.1" 429 267 visitasgijon.es "-" "meta-externalagent/1.1 (+https://developers.facebook.com/docs/sharing/webmasters/crawler)" "-"
2a03:2880:f800:: - - [13/Jun/2026:01:10:49 +0200] "GET /item/4319287 HTTP/1.1" 429 267 visitasgijon.es "-" "meta-externalagent/1.1 (+https://developers.facebook.com/docs/sharing/webmasters/crawler)" "-"
2a03:2880:f800:: - - [13/Jun/2026:01:10:50 +0200] "GET /item/4820238 HTTP/1.1" 429 267 visitasgijon.es "-" "meta-externalagent/1.1 (+https://developers.facebook.com/docs/sharing/webmasters/crawler)" "-"
2a03:2880:f800:: - - [13/Jun/2026:01:10:53 +0200] "GET /sitemap653.xml HTTP/1.1" 429 267 visitasgijon.es "-" "meta-externalagent/1.1 (+https://developers.facebook.com/docs/sharing/webmasters/crawler)" "-"
2a03:2880:f800:: - - [13/Jun/2026:01:10:55 +0200] "GET /item/3504490 HTTP/1.1" 429 267 visitasgijon.es "-" "meta-externalagent/1.1 (+https://developers.facebook.com/docs/sharing/webmasters/crawler)" "-"
2a03:2880:f800:: - - [13/Jun/2026:01:10:58 +0200] "GET /item/4562467 HTTP/1.1" 429 267 visitasgijon.es "-" "meta-externalagent/1.1 (+https://developers.facebook.com/docs/sharing/webmasters/crawler)" "-"
2a03:2880:f800:: - - [13/Jun/2026:01:11:01 +0200] "GET /item/3548038 HTTP/1.1" 429 267 visitasgijon.es "-" "meta-externalagent/1.1 (+https://developers.facebook.com/docs/sharing/webmasters/crawler)" "-"
2a03:2880:f800:: - - [13/Jun/2026:01:11:04 +0200] "GET /item/4335343 HTTP/1.1" 429 267 visitasgijon.es "-" "meta-externalagent/1.1 (+https://developers.facebook.com/docs/sharing/webmasters/crawler)" "-"
2a03:2880:f800:: - - [13/Jun/2026:01:11:08 +0200] "GET /item/3179297 HTTP/1.1" 429 267 visitasgijon.es "-" "meta-externalagent/1.1 (+https://developers.facebook.com/docs/sharing/webmasters/crawler)" "-"
2a03:2880:f800:: - - [13/Jun/2026:01:11:11 +0200] "GET /item/2059334 HTTP/1.1" 429 267 visitasgijon.es "-" "meta-externalagent/1.1 (+https://developers.facebook.com/docs/sharing/webmasters/crawler)" "-"
57.141.20.0 - - [13/Jun/2026:01:11:16 +0200] "GET /item/2454943 HTTP/1.1" 429 267 visitasgijon.es "-" "meta-externalagent/1.1 (+https://developers.facebook.com/docs/sharing/webmasters/crawler)" "-"
57.141.20.0 - - [13/Jun/2026:01:11:21 +0200] "GET /item/2438393 HTTP/1.1" 429 267 visitasgijon.es "-" "meta-externalagent/1.1 (+https://developers.facebook.com/docs/sharing/webmasters/crawler)" "-"
2a03:2880:f800:: - - [13/Jun/2026:01:11:27 +0200] "GET /sitemap-200.xml HTTP/1.1" 429 267 visitasgijon.es "-" "meta-externalagent/1.1 (+https://developers.facebook.com/docs/sharing/webmasters/crawler)" "-"
2a03:2880:f800:: - - [13/Jun/2026:01:11:32 +0200] "GET /sitemap713.xml HTTP/1.1" 200 178147 visitasgijon.es "-" "meta-externalagent/1.1 (+https://developers.facebook.com/docs/sharing/webmasters/crawler)" "-"
2a03:2880:f800:: - - [13/Jun/2026:01:11:39 +0200] "GET /item/2552880 HTTP/1.1" 404 2129 visitasgijon.es "-" "meta-externalagent/1.1 (+https://developers.facebook.com/docs/sharing/webmasters/crawler)" "-"
40.77.167.0 - - [13/Jun/2026:01:11:53 +0200] "GET /products/18234775 HTTP/1.1" 200 185172 www.visitasgijon.es "-" "Mozilla/5.0 AppleWebKit/537.36 (KHTML, like Gecko; compatible; bingbot/2.0; +http://www.bing.com/bingbot.htm) Chrome/116.0.1938.76 Safari/537.36" "-"
66.249.70.0 - - [13/Jun/2026:01:11:58 +0200] "GET /item/2778324 HTTP/1.1" 200 194098 visitasgijon.es "-" "Mozilla/5.0 (Linux; Android 6.0.1; Nexus 5X Build/MMB29P) AppleWebKit/537.36 (KHTML, like Gecko) Chrome/148.0.7778.96 Mobile Safari/537.36 (compatible; Googlebot/2.1; +http://www.google.com/bot.html)" "-"
66.249.70.0 - - [13/Jun/2026:01:12:08 +0200] "GET /item/3516905 HTTP/1.1" 200 185614 visitasgijon.es "-" "Mozilla/5.0 (Linux; Android 6.0.1; Nexus 5X Build/MMB29P) AppleWebKit/537.36 (KHTML, like Gecko) Chrome/148.0.7778.96 Mobile Safari/537.36 (compatible; Googlebot/2.1; +http://www.google.com/bot.html)" "-"
2a03:2880:f800:: - - [13/Jun/2026:01:12:18 +0200] "GET /item/2625464 HTTP/1.1" 404 2129 visitasgijon.es "-" "meta-externalagent/1.1 (+https://developers.facebook.com/docs/sharing/webmasters/crawler)" "-"
66.249.70.0 - - [13/Jun/2026:01:12:25 +0200] "GET /item/4271555 HTTP/1.1" 200 182686 visitasgijon.es "-" "Mozilla/5.0 (Linux; Android 6.0.1; Nexus 5X Build/MMB29P) AppleWebKit/537.36 (KHTML, like Gecko) Chrome/148.0.7778.96 Mobile Safari/537.36 (compatible; Googlebot/2.1; +http://www.google.com/bot.html)" "-"
66.249.70.0 - - [13/Jun/2026:01:12:44 +0200] "GET /products/11644708 HTTP/1.1" 200 189313 visitasgijon.es "-" "Mozilla/5.0 (Linux; Android 6.0.1; Nexus 5X Build/MMB29P) AppleWebKit/537.36 (KHTML, like Gecko) Chrome/148.0.7778.96 Mobile Safari/537.36 (compatible; Googlebot/2.1; +http://www.google.com/bot.html)" "-"
2a03:2880:f800:: - - [13/Jun/2026:01:12:58 +0200] "GET /item/4840843 HTTP/1.1" 404 2129 visitasgijon.es "-" "meta-externalagent/1.1 (+https://developers.facebook.com/docs/sharing/webmasters/crawler)" "-"
2a03:2880:f800:: - - [13/Jun/2026:01:13:38 +0200] "GET /item/3507555 HTTP/1.1" 404 2129 visitasgijon.es "-" "meta-externalagent/1.1 (+https://developers.facebook.com/docs/sharing/webmasters/crawler)" "-"
66.249.70.0 - - [13/Jun/2026:01:14:07 +0200] "GET /item/3434786 HTTP/1.1" 200 196627 visitasgijon.es "-" "Mozilla/5.0 (Linux; Android 6.0.1; Nexus 5X Build/MMB29P) AppleWebKit/537.36 (KHTML, like Gecko) Chrome/148.0.7778.96 Mobile Safari/537.36 (compatible; Googlebot/2.1; +http://www.google.com/bot.html)" "-"
2a03:2880:f800:: - - [13/Jun/2026:01:14:18 +0200] "GET /item/3848620 HTTP/1.1" 404 2129 visitasgijon.es "-" "meta-externalagent/1.1 (+https://developers.facebook.com/docs/sharing/webmasters/crawler)" "-"
66.249.70.0 - - [13/Jun/2026:01:14:49 +0200] "GET /item/4304491 HTTP/1.1" 200 190712 visitasgijon.es "-" "Mozilla/5.0 (Linux; Android 6.0.1; Nexus 5X Build/MMB29P) AppleWebKit/537.36 (KHTML, like Gecko) Chrome/148.0.7778.96 Mobile Safari/537.36 (compatible; Googlebot/2.1; +http://www.google.com/bot.html)" "-"
66.249.70.0 - - [13/Jun/2026:01:14:50 +0200] "GET /robots.txt HTTP/1.1" 200 85 visitasgijon.es "-" "Mozilla/5.0 (compatible; Googlebot/2.1; +http://www.google.com/bot.html)" "-"
2a03:2880:f800:: - - [13/Jun/2026:01:14:58 +0200] "GET /sitemap351.xml HTTP/1.1" 200 190459 visitasgijon.es "-" "meta-externalagent/1.1 (+https://developers.facebook.com/docs/sharing/webmasters/crawler)" "-"
66.249.70.0 - - [13/Jun/2026:01:15:30 +0200] "GET /item/3120897 HTTP/1.1" 200 198276 visitasgijon.es "-" "Mozilla/5.0 (Linux; Android 6.0.1; Nexus 5X Build/MMB29P) AppleWebKit/537.36 (KHTML, like Gecko) Chrome/148.0.7778.96 Mobile Safari/537.36 (compatible; Googlebot/2.1; +http://www.google.com/bot.html)" "-"
2a03:2880:f800:: - - [13/Jun/2026:01:15:38 +0200] "GET /item/3901306 HTTP/1.1" 404 2129 visitasgijon.es "-" "meta-externalagent/1.1 (+https://developers.facebook.com/docs/sharing/webmasters/crawler)" "-"
66.249.70.0 - - [13/Jun/2026:01:16:06 +0200] "GET /item/4780368 HTTP/1.1" 200 182483 visitasgijon.es "-" "Mozilla/5.0 (Linux; Android 6.0.1; Nexus 5X Build/MMB29P) AppleWebKit/537.36 (KHTML, like Gecko) Chrome/148.0.7778.96 Mobile Safari/537.36 (compatible; Googlebot/2.1; +http://www.google.com/bot.html)" "-"
66.249.70.0 - - [13/Jun/2026:01:16:07 +0200] "GET /robots.txt HTTP/1.1" 200 85 visitasgijon.es "-" "Mozilla/5.0 (compatible; Googlebot/2.1; +http://www.google.com/bot.html)" "-"
2a03:2880:f800:: - - [13/Jun/2026:01:16:07 +0200] "GET /item/4442991 HTTP/1.1" 404 2129 visitasgijon.es "-" "meta-externalagent/1.1 (+https://developers.facebook.com/docs/sharing/webmasters/crawler)" "-"
2a03:2880:f800:: - - [13/Jun/2026:01:16:35 +0200] "GET /item/2941292 HTTP/1.1" 404 2129 visitasgijon.es "-" "meta-externalagent/1.1 (+https://developers.facebook.com/docs/sharing/webmasters/crawler)" "-"
66.249.70.0 - - [13/Jun/2026:01:16:51 +0200] "GET /item/4479558 HTTP/1.1" 200 186342 visitasgijon.es "-" "Mozilla/5.0 (Linux; Android 6.0.1; Nexus 5X Build/MMB29P) AppleWebKit/537.36 (KHTML, like Gecko) Chrome/148.0.7778.96 Mobile Safari/537.36 (compatible; Googlebot/2.1; +http://www.google.com/bot.html)" "-"
2a03:2880:f800:: - - [13/Jun/2026:01:17:04 +0200] "GET /item/3399267 HTTP/1.1" 404 2129 visitasgijon.es "-" "meta-externalagent/1.1 (+https://developers.facebook.com/docs/sharing/webmasters/crawler)" "-"
2a03:2880:f800:: - - [13/Jun/2026:01:17:33 +0200] "GET /item/2151308 HTTP/1.1" 404 2129 visitasgijon.es "-" "meta-externalagent/1.1 (+https://developers.facebook.com/docs/sharing/webmasters/crawler)" "-"
66.249.70.0 - - [13/Jun/2026:01:17:36 +0200] "GET /item/2792342 HTTP/1.1" 200 193660 visitasgijon.es "-" "Mozilla/5.0 (Linux; Android 6.0.1; Nexus 5X Build/MMB29P) AppleWebKit/537.36 (KHTML, like Gecko) Chrome/148.0.7778.96 Mobile Safari/537.36 (compatible; Googlebot/2.1; +http://www.google.com/bot.html)" "-"
66.249.70.0 - - [13/Jun/2026:01:17:37 +0200] "GET /robots.txt HTTP/1.1" 200 85 visitasgijon.es "-" "Mozilla/5.0 (compatible; Googlebot/2.1; +http://www.google.com/bot.html)" "-"
66.249.70.0 - - [13/Jun/2026:01:17:42 +0200] "GET /item/3402108 HTTP/1.1" 200 198526 visitasgijon.es "-" "Mozilla/5.0 (Linux; Android 6.0.1; Nexus 5X Build/MMB29P) AppleWebKit/537.36 (KHTML, like Gecko) Chrome/148.0.7778.96 Mobile Safari/537.36 (compatible; Googlebot/2.1; +http://www.google.com/bot.html)" "-"
2a03:2880:f800:: - - [13/Jun/2026:01:18:01 +0200] "GET /item/3208841 HTTP/1.1" 404 2129 visitasgijon.es "-" "meta-externalagent/1.1 (+https://developers.facebook.com/docs/sharing/webmasters/crawler)" "-"
52.167.144.0 - - [13/Jun/2026:01:18:24 +0200] "GET /products/8001908 HTTP/1.1" 200 182164 visitasgijon.es "-" "Mozilla/5.0 AppleWebKit/537.36 (KHTML, like Gecko; compatible; bingbot/2.0; +http://www.bing.com/bingbot.htm) Chrome/116.0.1938.76 Safari/537.36" "-"
2a03:2880:f800:: - - [13/Jun/2026:01:18:30 +0200] "GET /item/4634342 HTTP/1.1" 404 2129 visitasgijon.es "-" "meta-externalagent/1.1 (+https://developers.facebook.com/docs/sharing/webmasters/crawler)" "-"
66.249.70.0 - - [13/Jun/2026:01:18:32 +0200] "GET /item/3957304 HTTP/1.1" 200 197159 visitasgijon.es "-" "Mozilla/5.0 (Linux; Android 6.0.1; Nexus 5X Build/MMB29P) AppleWebKit/537.36 (KHTML, like Gecko) Chrome/148.0.7778.96 Mobile Safari/537.36 (compatible; Googlebot/2.1; +http://www.google.com/bot.html)" "-"
2a03:2880:f800:: - - [13/Jun/2026:01:18:58 +0200] "GET /item/4062340 HTTP/1.1" 404 2129 visitasgijon.es "-" "meta-externalagent/1.1 (+https://developers.facebook.com/docs/sharing/webmasters/crawler)" "-"
66.249.70.0 - - [13/Jun/2026:01:19:16 +0200] "GET /item/4009801 HTTP/1.1" 200 185436 visitasgijon.es "-" "Mozilla/5.0 (Linux; Android 6.0.1; Nexus 5X Build/MMB29P) AppleWebKit/537.36 (KHTML, like Gecko) Chrome/148.0.7778.96 Mobile Safari/537.36 (compatible; Googlebot/2.1; +http://www.google.com/bot.html)" "-"
66.249.70.0 - - [13/Jun/2026:01:19:17 +0200] "GET /robots.txt HTTP/1.1" 200 85 visitasgijon.es "-" "Mozilla/5.0 (compatible; Googlebot/2.1; +http://www.google.com/bot.html)" "-"
2a03:2880:f800:: - - [13/Jun/2026:01:19:27 +0200] "GET /item/4016403 HTTP/1.1" 404 2129 visitasgijon.es "-" "meta-externalagent/1.1 (+https://developers.facebook.com/docs/sharing/webmasters/crawler)" "-"
66.249.70.0 - - [13/Jun/2026:01:19:52 +0200] "GET /item/2819475 HTTP/1.1" 200 184281 visitasgijon.es "-" "Mozilla/5.0 (Linux; Android 6.0.1; Nexus 5X Build/MMB29P) AppleWebKit/537.36 (KHTML, like Gecko) Chrome/148.0.7778.96 Mobile Safari/537.36 (compatible; Googlebot/2.1; +http://www.google.com/bot.html)" "-"
57.141.20.0 - - [13/Jun/2026:01:19:56 +0200] "GET /item/4848744 HTTP/1.1" 404 2129 visitasgijon.es "-" "meta-externalagent/1.1 (+https://developers.facebook.com/docs/sharing/webmasters/crawler)" "-"
66.249.70.0 - - [13/Jun/2026:01:19:56 +0200] "GET /products/6649575 HTTP/1.1" 200 188279 visitasgijon.es "-" "Mozilla/5.0 (Linux; Android 6.0.1; Nexus 5X Build/MMB29P) AppleWebKit/537.36 (KHTML, like Gecko) Chrome/148.0.7778.96 Mobile Safari/537.36 (compatible; Googlebot/2.1; +http://www.google.com/bot.html)" "-"
57.141.20.0 - - [13/Jun/2026:01:20:24 +0200] "GET /item/4838588 HTTP/1.1" 404 2129 visitasgijon.es "-" "meta-externalagent/1.1 (+https://developers.facebook.com/docs/sharing/webmasters/crawler)" "-"
66.249.70.0 - - [13/Jun/2026:01:20:25 +0200] "GET /robots.txt HTTP/1.1" 200 85 visitasgijon.es "-" "Mozilla/5.0 (compatible; Googlebot/2.1; +http://www.google.com/bot.html)" "-"
66.249.70.0 - - [13/Jun/2026:01:20:42 +0200] "GET /item/4033629 HTTP/1.1" 200 188314 visitasgijon.es "-" "Mozilla/5.0 (Linux; Android 6.0.1; Nexus 5X Build/MMB29P) AppleWebKit/537.36 (KHTML, like Gecko) Chrome/148.0.7778.96 Mobile Safari/537.36 (compatible; Googlebot/2.1; +http://www.google.com/bot.html)" "-"
2a03:2880:f800:: - - [13/Jun/2026:01:20:53 +0200] "GET /item/4743733 HTTP/1.1" 404 2129 visitasgijon.es "-" "meta-externalagent/1.1 (+https://developers.facebook.com/docs/sharing/webmasters/crawler)" "-"
2a03:2880:f800:: - - [13/Jun/2026:01:21:22 +0200] "GET /item/2417485 HTTP/1.1" 404 2129 visitasgijon.es "-" "meta-externalagent/1.1 (+https://developers.facebook.com/docs/sharing/webmasters/crawler)" "-"
66.249.70.0 - - [13/Jun/2026:01:21:34 +0200] "GET /robots.txt HTTP/1.1" 200 85 visitasgijon.es "-" "Mozilla/5.0 (compatible; Googlebot/2.1; +http://www.google.com/bot.html)" "-"
57.141.20.0 - - [13/Jun/2026:01:21:50 +0200] "GET /item/2621314 HTTP/1.1" 429 267 visitasgijon.es "-" "meta-externalagent/1.1 (+https://developers.facebook.com/docs/sharing/webmasters/crawler)" "-"
2a03:2880:f800:: - - [13/Jun/2026:01:22:19 +0200] "GET /item/2132470 HTTP/1.1" 429 267 visitasgijon.es "-" "meta-externalagent/1.1 (+https://developers.facebook.com/docs/sharing/webmasters/crawler)" "-"
2a03:2880:f800:: - - [13/Jun/2026:01:22:22 +0200] "GET /item/1984256 HTTP/1.1" 429 267 visitasgijon.es "-" "meta-externalagent/1.1 (+https://developers.facebook.com/docs/sharing/webmasters/crawler)" "-"
2a03:2880:f800:: - - [13/Jun/2026:01:22:26 +0200] "GET /item/3813178 HTTP/1.1" 429 267 visitasgijon.es "-" "meta-externalagent/1.1 (+https://developers.facebook.com/docs/sharing/webmasters/crawler)" "-"
2a03:2880:f800:: - - [13/Jun/2026:01:22:30 +0200] "GET /item/2226802 HTTP/1.1" 429 267 visitasgijon.es "-" "meta-externalagent/1.1 (+https://developers.facebook.com/docs/sharing/webmasters/crawler)" "-"
2a03:2880:f800:: - - [13/Jun/2026:01:22:33 +0200] "GET /item/2344866 HTTP/1.1" 429 267 visitasgijon.es "-" "meta-externalagent/1.1 (+https://developers.facebook.com/docs/sharing/webmasters/crawler)" "-"
2a03:2880:f800:: - - [13/Jun/2026:01:22:38 +0200] "GET /item/4476048 HTTP/1.1" 429 267 visitasgijon.es "-" "meta-externalagent/1.1 (+https://developers.facebook.com/docs/sharing/webmasters/crawler)" "-"
57.141.20.0 - - [13/Jun/2026:01:22:44 +0200] "GET /item/2112863 HTTP/1.1" 429 267 visitasgijon.es "-" "meta-externalagent/1.1 (+https://developers.facebook.com/docs/sharing/webmasters/crawler)" "-"
2a03:2880:f800:: - - [13/Jun/2026:01:22:50 +0200] "GET /item/3574335 HTTP/1.1" 404 2129 visitasgijon.es "-" "meta-externalagent/1.1 (+https://developers.facebook.com/docs/sharing/webmasters/crawler)" "-"
2a03:2880:f800:: - - [13/Jun/2026:01:22:55 +0200] "GET /sitemap766.xml HTTP/1.1" 200 176365 visitasgijon.es "-" "meta-externalagent/1.1 (+https://developers.facebook.com/docs/sharing/webmasters/crawler)" "-"
66.249.70.0 - - [13/Jun/2026:01:23:10 +0200] "GET /item/2807094 HTTP/1.1" 200 182565 visitasgijon.es "-" "Mozilla/5.0 (Linux; Android 6.0.1; Nexus 5X Build/MMB29P) AppleWebKit/537.36 (KHTML, like Gecko) Chrome/148.0.7778.96 Mobile Safari/537.36 (compatible; Googlebot/2.1; +http://www.google.com/bot.html)" "-"
66.249.70.0 - - [13/Jun/2026:01:23:28 +0200] "GET /item/2097734 HTTP/1.1" 200 191186 visitasgijon.es "-" "Mozilla/5.0 (Linux; Android 6.0.1; Nexus 5X Build/MMB29P) AppleWebKit/537.36 (KHTML, like Gecko) Chrome/148.0.7778.96 Mobile Safari/537.36 (compatible; Googlebot/2.1; +http://www.google.com/bot.html)" "-"
47.128.98.0 - - [13/Jun/2026:01:23:30 +0200] "GET /blog HTTP/1.1" 403 - visitasgijon.es "-" "Mozilla/5.0 (Linux; Android 5.0) AppleWebKit/537.36 (KHTML, like Gecko) Mobile Safari/537.36 (compatible; Bytespider; spider-feedback@bytedance.com)" "-"
2a03:2880:f800:: - - [13/Jun/2026:01:24:03 +0200] "GET /item/2771556 HTTP/1.1" 404 2129 visitasgijon.es "-" "meta-externalagent/1.1 (+https://developers.facebook.com/docs/sharing/webmasters/crawler)" "-"
66.249.70.0 - - [13/Jun/2026:01:24:25 +0200] "GET /item/3390389 HTTP/1.1" 200 198064 visitasgijon.es "-" "Mozilla/5.0 (Linux; Android 6.0.1; Nexus 5X Build/MMB29P) AppleWebKit/537.36 (KHTML, like Gecko) Chrome/148.0.7778.96 Mobile Safari/537.36 (compatible; Googlebot/2.1; +http://www.google.com/bot.html)" "-"
66.249.70.0 - - [13/Jun/2026:01:24:26 +0200] "GET /robots.txt HTTP/1.1" 200 85 visitasgijon.es "-" "Mozilla/5.0 (compatible; Googlebot/2.1; +http://www.google.com/bot.html)" "-"
66.249.70.0 - - [13/Jun/2026:01:24:37 +0200] "GET /item/4576442 HTTP/1.1" 200 194537 visitasgijon.es "-" "Mozilla/5.0 (Linux; Android 6.0.1; Nexus 5X Build/MMB29P) AppleWebKit/537.36 (KHTML, like Gecko) Chrome/148.0.7778.96 Mobile Safari/537.36 (compatible; Googlebot/2.1; +http://www.google.com/bot.html)" "-"
2a03:2880:f800:: - - [13/Jun/2026:01:24:42 +0200] "GET /item/4258691 HTTP/1.1" 404 2129 visitasgijon.es "-" "meta-externalagent/1.1 (+https://developers.facebook.com/docs/sharing/webmasters/crawler)" "-"
52.167.144.0 - - [13/Jun/2026:01:25:05 +0200] "GET /item/3694984 HTTP/1.1" 200 186189 visitasgijon.es "-" "Mozilla/5.0 AppleWebKit/537.36 (KHTML, like Gecko; compatible; bingbot/2.0; +http://www.bing.com/bingbot.htm) Chrome/116.0.1938.76 Safari/537.36" "-"
66.249.70.0 - - [13/Jun/2026:01:25:09 +0200] "GET /item/2659264 HTTP/1.1" 200 184562 visitasgijon.es "-" "Mozilla/5.0 (Linux; Android 6.0.1; Nexus 5X Build/MMB29P) AppleWebKit/537.36 (KHTML, like Gecko) Chrome/148.0.7778.96 Mobile Safari/537.36 (compatible; Googlebot/2.1; +http://www.google.com/bot.html)" "-"
2a03:2880:f800:: - - [13/Jun/2026:01:25:22 +0200] "GET /item/3467855 HTTP/1.1" 404 2129 visitasgijon.es "-" "meta-externalagent/1.1 (+https://developers.facebook.com/docs/sharing/webmasters/crawler)" "-"
2a03:2880:f800:: - - [13/Jun/2026:01:26:03 +0200] "GET /sitemap528.xml HTTP/1.1" 200 170695 visitasgijon.es "-" "meta-externalagent/1.1 (+https://developers.facebook.com/docs/sharing/webmasters/crawler)" "-"
40.77.167.0 - - [13/Jun/2026:01:26:07 +0200] "GET /products/5094119 HTTP/1.1" 200 194297 www.visitasgijon.es "-" "Mozilla/5.0 AppleWebKit/537.36 (KHTML, like Gecko; compatible; bingbot/2.0; +http://www.bing.com/bingbot.htm) Chrome/116.0.1938.76 Safari/537.36" "-"
66.249.70.0 - - [13/Jun/2026:01:26:12 +0200] "GET /item/2970824 HTTP/1.1" 200 188372 visitasgijon.es "-" "Mozilla/5.0 (Linux; Android 6.0.1; Nexus 5X Build/MMB29P) AppleWebKit/537.36 (KHTML, like Gecko) Chrome/148.0.7778.96 Mobile Safari/537.36 (compatible; Googlebot/2.1; +http://www.google.com/bot.html)" "-"
66.249.70.0 - - [13/Jun/2026:01:26:13 +0200] "GET /robots.txt HTTP/1.1" 200 85 visitasgijon.es "-" "Mozilla/5.0 (compatible; Googlebot/2.1; +http://www.google.com/bot.html)" "-"
2a03:2880:f800:: - - [13/Jun/2026:01:26:42 +0200] "GET /item/3795650 HTTP/1.1" 404 2129 visitasgijon.es "-" "meta-externalagent/1.1 (+https://developers.facebook.com/docs/sharing/webmasters/crawler)" "-"
66.249.70.0 - - [13/Jun/2026:01:27:05 +0200] "GET /item/4459671 HTTP/1.1" 200 196437 visitasgijon.es "-" "Mozilla/5.0 (Linux; Android 6.0.1; Nexus 5X Build/MMB29P) AppleWebKit/537.36 (KHTML, like Gecko) Chrome/148.0.7778.96 Mobile Safari/537.36 (compatible; Googlebot/2.1; +http://www.google.com/bot.html)" "-"
2a03:2880:f800:: - - [13/Jun/2026:01:27:10 +0200] "GET /item/3820248 HTTP/1.1" 404 2129 visitasgijon.es "-" "meta-externalagent/1.1 (+https://developers.facebook.com/docs/sharing/webmasters/crawler)" "-"
207.46.13.0 - - [13/Jun/2026:01:27:21 +0200] "GET /item/2275630 HTTP/1.1" 200 186909 visitasgijon.es "-" "Mozilla/5.0 AppleWebKit/537.36 (KHTML, like Gecko; compatible; bingbot/2.0; +http://www.bing.com/bingbot.htm) Chrome/116.0.1938.76 Safari/537.36" "-"
207.46.13.0 - - [13/Jun/2026:01:27:23 +0200] "GET /item/2818376 HTTP/1.1" 200 183797 visitasgijon.es "-" "Mozilla/5.0 AppleWebKit/537.36 (KHTML, like Gecko; compatible; bingbot/2.0; +http://www.bing.com/bingbot.htm) Chrome/116.0.1938.76 Safari/537.36" "-"
52.167.144.0 - - [13/Jun/2026:01:27:27 +0200] "GET /item/2728974 HTTP/1.1" 200 190171 visitasgijon.es "-" "Mozilla/5.0 AppleWebKit/537.36 (KHTML, like Gecko; compatible; bingbot/2.0; +http://www.bing.com/bingbot.htm) Chrome/116.0.1938.76 Safari/537.36" "-"
47.128.98.0 - - [13/Jun/2026:01:27:30 +0200] "GET /blog HTTP/1.1" 403 - visitasgijon.es "-" "Mozilla/5.0 (Linux; Android 5.0) AppleWebKit/537.36 (KHTML, like Gecko) Mobile Safari/537.36 (compatible; Bytespider; spider-feedback@bytedance.com)" "-"
2a03:2880:f800:: - - [13/Jun/2026:01:27:39 +0200] "GET /item/2855683 HTTP/1.1" 404 2129 visitasgijon.es "-" "meta-externalagent/1.1 (+https://developers.facebook.com/docs/sharing/webmasters/crawler)" "-"
2a03:2880:f800:: - - [13/Jun/2026:01:28:07 +0200] "GET /sitemap560.xml HTTP/1.1" 200 131815 visitasgijon.es "-" "meta-externalagent/1.1 (+https://developers.facebook.com/docs/sharing/webmasters/crawler)" "-"
66.249.70.0 - - [13/Jun/2026:01:28:13 +0200] "GET /item/4756596 HTTP/1.1" 200 183456 visitasgijon.es "-" "Mozilla/5.0 (Linux; Android 6.0.1; Nexus 5X Build/MMB29P) AppleWebKit/537.36 (KHTML, like Gecko) Chrome/148.0.7778.96 Mobile Safari/537.36 (compatible; Googlebot/2.1; +http://www.google.com/bot.html)" "-"
2a03:2880:f800:: - - [13/Jun/2026:01:28:36 +0200] "GET /item/3702265 HTTP/1.1" 404 2129 visitasgijon.es "-" "meta-externalagent/1.1 (+https://developers.facebook.com/docs/sharing/webmasters/crawler)" "-"
66.249.70.0 - - [13/Jun/2026:01:28:55 +0200] "GET /item/3875804 HTTP/1.1" 200 184562 visitasgijon.es "-" "Mozilla/5.0 (Linux; Android 6.0.1; Nexus 5X Build/MMB29P) AppleWebKit/537.36 (KHTML, like Gecko) Chrome/148.0.7778.96 Mobile Safari/537.36 (compatible; Googlebot/2.1; +http://www.google.com/bot.html)" "-"
2a03:2880:f800:: - - [13/Jun/2026:01:28:58 +0200] "GET /item/3663820 HTTP/1.1" 404 2129 visitasgijon.es "-" "meta-externalagent/1.1 (+https://developers.facebook.com/docs/sharing/webmasters/crawler)" "-"
2a03:2880:f800:: - - [13/Jun/2026:01:29:22 +0200] "GET /item/2791591 HTTP/1.1" 404 2129 visitasgijon.es "-" "meta-externalagent/1.1 (+https://developers.facebook.com/docs/sharing/webmasters/crawler)" "-"
2a03:2880:f800:: - - [13/Jun/2026:01:29:43 +0200] "GET /item/4682260 HTTP/1.1" 404 2129 visitasgijon.es "-" "meta-externalagent/1.1 (+https://developers.facebook.com/docs/sharing/webmasters/crawler)" "-"
2a03:2880:f800:: - - [13/Jun/2026:01:30:05 +0200] "GET /item/2875258 HTTP/1.1" 404 2129 visitasgijon.es "-" "meta-externalagent/1.1 (+https://developers.facebook.com/docs/sharing/webmasters/crawler)" "-"
66.249.70.0 - - [13/Jun/2026:01:30:14 +0200] "GET /item/4839373 HTTP/1.1" 200 186186 visitasgijon.es "-" "Mozilla/5.0 (Linux; Android 6.0.1; Nexus 5X Build/MMB29P) AppleWebKit/537.36 (KHTML, like Gecko) Chrome/148.0.7778.96 Mobile Safari/537.36 (compatible; Googlebot/2.1; +http://www.google.com/bot.html)" "-"
2a03:2880:f800:: - - [13/Jun/2026:01:30:27 +0200] "GET /item/3390023 HTTP/1.1" 404 2129 visitasgijon.es "-" "meta-externalagent/1.1 (+https://developers.facebook.com/docs/sharing/webmasters/crawler)" "-"
2a03:2880:f800:: - - [13/Jun/2026:01:30:49 +0200] "GET /item/3650566 HTTP/1.1" 404 2129 visitasgijon.es "-" "meta-externalagent/1.1 (+https://developers.facebook.com/docs/sharing/webmasters/crawler)" "-"
2a03:2880:f800:: - - [13/Jun/2026:01:31:12 +0200] "GET /item/2408534 HTTP/1.1" 404 2129 visitasgijon.es "-" "meta-externalagent/1.1 (+https://developers.facebook.com/docs/sharing/webmasters/crawler)" "-"
66.249.70.0 - - [13/Jun/2026:01:31:33 +0200] "GET /item/4561107 HTTP/1.1" 200 193135 visitasgijon.es "-" "Mozilla/5.0 (Linux; Android 6.0.1; Nexus 5X Build/MMB29P) AppleWebKit/537.36 (KHTML, like Gecko) Chrome/148.0.7778.96 Mobile Safari/537.36 (compatible; Googlebot/2.1; +http://www.google.com/bot.html)" "-"
2a03:2880:f800:: - - [13/Jun/2026:01:31:34 +0200] "GET /item/2002468 HTTP/1.1" 404 2129 visitasgijon.es "-" "meta-externalagent/1.1 (+https://developers.facebook.com/docs/sharing/webmasters/crawler)" "-"
2a03:2880:f800:: - - [13/Jun/2026:01:31:56 +0200] "GET /item/4076950 HTTP/1.1" 404 2129 visitasgijon.es "-" "meta-externalagent/1.1 (+https://developers.facebook.com/docs/sharing/webmasters/crawler)" "-"
66.249.70.0 - - [13/Jun/2026:01:32:08 +0200] "GET /item/4578739 HTTP/1.1" 200 201789 visitasgijon.es "-" "Mozilla/5.0 (Linux; Android 6.0.1; Nexus 5X Build/MMB29P) AppleWebKit/537.36 (KHTML, like Gecko) Chrome/148.0.7778.96 Mobile Safari/537.36 (compatible; Googlebot/2.1; +http://www.google.com/bot.html)" "-"
2a03:2880:f800:: - - [13/Jun/2026:01:32:18 +0200] "GET /item/3939926 HTTP/1.1" 404 2129 visitasgijon.es "-" "meta-externalagent/1.1 (+https://developers.facebook.com/docs/sharing/webmasters/crawler)" "-"
2a03:2880:f800:: - - [13/Jun/2026:01:32:39 +0200] "GET /item/3354322 HTTP/1.1" 404 2129 visitasgijon.es "-" "meta-externalagent/1.1 (+https://developers.facebook.com/docs/sharing/webmasters/crawler)" "-"
66.249.70.0 - - [13/Jun/2026:01:32:51 +0200] "GET /item/3049502 HTTP/1.1" 200 182992 visitasgijon.es "-" "Mozilla/5.0 (Linux; Android 6.0.1; Nexus 5X Build/MMB29P) AppleWebKit/537.36 (KHTML, like Gecko) Chrome/148.0.7778.96 Mobile Safari/537.36 (compatible; Googlebot/2.1; +http://www.google.com/bot.html)" "-"
2a03:2880:f800:: - - [13/Jun/2026:01:33:02 +0200] "GET /item/1987349 HTTP/1.1" 429 267 visitasgijon.es "-" "meta-externalagent/1.1 (+https://developers.facebook.com/docs/sharing/webmasters/crawler)" "-"
2a03:2880:f800:: - - [13/Jun/2026:01:33:25 +0200] "GET /item/2114641 HTTP/1.1" 429 267 visitasgijon.es "-" "meta-externalagent/1.1 (+https://developers.facebook.com/docs/sharing/webmasters/crawler)" "-"
2a03:2880:f800:: - - [13/Jun/2026:01:33:27 +0200] "GET /item/2887503 HTTP/1.1" 429 267 visitasgijon.es "-" "meta-externalagent/1.1 (+https://developers.facebook.com/docs/sharing/webmasters/crawler)" "-"
2a03:2880:f800:: - - [13/Jun/2026:01:33:30 +0200] "GET /item/4631512 HTTP/1.1" 429 267 visitasgijon.es "-" "meta-externalagent/1.1 (+https://developers.facebook.com/docs/sharing/webmasters/crawler)" "-"
2a03:2880:f800:: - - [13/Jun/2026:01:33:32 +0200] "GET /item/4542891 HTTP/1.1" 429 267 visitasgijon.es "-" "meta-externalagent/1.1 (+https://developers.facebook.com/docs/sharing/webmasters/crawler)" "-"
2a03:2880:f800:: - - [13/Jun/2026:01:33:36 +0200] "GET /item/3598379 HTTP/1.1" 429 267 visitasgijon.es "-" "meta-externalagent/1.1 (+https://developers.facebook.com/docs/sharing/webmasters/crawler)" "-"
57.141.20.0 - - [13/Jun/2026:01:33:40 +0200] "GET /item/4232096 HTTP/1.1" 429 267 visitasgijon.es "-" "meta-externalagent/1.1 (+https://developers.facebook.com/docs/sharing/webmasters/crawler)" "-"
2a03:2880:f800:: - - [13/Jun/2026:01:33:44 +0200] "GET /item/4858170 HTTP/1.1" 429 267 visitasgijon.es "-" "meta-externalagent/1.1 (+https://developers.facebook.com/docs/sharing/webmasters/crawler)" "-"
2a03:2880:f800:: - - [13/Jun/2026:01:33:49 +0200] "GET /item/2007292 HTTP/1.1" 429 267 visitasgijon.es "-" "meta-externalagent/1.1 (+https://developers.facebook.com/docs/sharing/webmasters/crawler)" "-"
2a03:2880:f800:: - - [13/Jun/2026:01:33:55 +0200] "GET /item/4180364 HTTP/1.1" 429 267 visitasgijon.es "-" "meta-externalagent/1.1 (+https://developers.facebook.com/docs/sharing/webmasters/crawler)" "-"
2a03:2880:f800:: - - [13/Jun/2026:01:34:00 +0200] "GET /item/2139731 HTTP/1.1" 429 267 visitasgijon.es "-" "meta-externalagent/1.1 (+https://developers.facebook.com/docs/sharing/webmasters/crawler)" "-"
66.249.70.0 - - [13/Jun/2026:01:34:01 +0200] "GET /item/4253742 HTTP/1.1" 200 196780 visitasgijon.es "-" "Mozilla/5.0 (Linux; Android 6.0.1; Nexus 5X Build/MMB29P) AppleWebKit/537.36 (KHTML, like Gecko) Chrome/148.0.7778.96 Mobile Safari/537.36 (compatible; Googlebot/2.1; +http://www.google.com/bot.html)" "-"
2a03:2880:f800:: - - [13/Jun/2026:01:34:06 +0200] "GET /item/1955719 HTTP/1.1" 404 2129 visitasgijon.es "-" "meta-externalagent/1.1 (+https://developers.facebook.com/docs/sharing/webmasters/crawler)" "-"
57.141.20.0 - - [13/Jun/2026:01:34:10 +0200] "GET /item/2763902 HTTP/1.1" 404 2129 visitasgijon.es "-" "meta-externalagent/1.1 (+https://developers.facebook.com/docs/sharing/webmasters/crawler)" "-"
52.167.144.0 - - [13/Jun/2026:01:34:25 +0200] "GET /item/2659759 HTTP/1.1" 200 184883 www.visitasgijon.es "-" "Mozilla/5.0 AppleWebKit/537.36 (KHTML, like Gecko; compatible; bingbot/2.0; +http://www.bing.com/bingbot.htm) Chrome/116.0.1938.76 Safari/537.36" "-"
2a03:2880:f800:: - - [13/Jun/2026:01:35:16 +0200] "GET /item/3041318 HTTP/1.1" 404 2129 visitasgijon.es "-" "meta-externalagent/1.1 (+https://developers.facebook.com/docs/sharing/webmasters/crawler)" "-"
2a03:2880:f800:: - - [13/Jun/2026:01:36:23 +0200] "GET /item/2945605 HTTP/1.1" 404 2129 visitasgijon.es "-" "meta-externalagent/1.1 (+https://developers.facebook.com/docs/sharing/webmasters/crawler)" "-"
66.249.70.0 - - [13/Jun/2026:01:36:45 +0200] "GET /item/2559704 HTTP/1.1" 200 195836 visitasgijon.es "-" "Mozilla/5.0 (Linux; Android 6.0.1; Nexus 5X Build/MMB29P) AppleWebKit/537.36 (KHTML, like Gecko) Chrome/148.0.7778.96 Mobile Safari/537.36 (compatible; Googlebot/2.1; +http://www.google.com/bot.html)" "-"
2a03:2880:f800:: - - [13/Jun/2026:01:37:29 +0200] "GET /sitemap261.xml HTTP/1.1" 200 182683 visitasgijon.es "-" "meta-externalagent/1.1 (+https://developers.facebook.com/docs/sharing/webmasters/crawler)" "-"
66.249.70.0 - - [13/Jun/2026:01:37:55 +0200] "GET /item/4442966 HTTP/1.1" 200 183539 visitasgijon.es "-" "Mozilla/5.0 (Linux; Android 6.0.1; Nexus 5X Build/MMB29P) AppleWebKit/537.36 (KHTML, like Gecko) Chrome/148.0.7778.96 Mobile Safari/537.36 (compatible; Googlebot/2.1; +http://www.google.com/bot.html)" "-"
2a03:2880:f800:: - - [13/Jun/2026:01:38:35 +0200] "GET /item/2730169 HTTP/1.1" 404 2129 visitasgijon.es "-" "meta-externalagent/1.1 (+https://developers.facebook.com/docs/sharing/webmasters/crawler)" "-"
66.249.70.0 - - [13/Jun/2026:01:39:00 +0200] "GET /item/3413607 HTTP/1.1" 200 190167 visitasgijon.es "-" "Mozilla/5.0 (Linux; Android 6.0.1; Nexus 5X Build/MMB29P) AppleWebKit/537.36 (KHTML, like Gecko) Chrome/148.0.7778.96 Mobile Safari/537.36 (compatible; Googlebot/2.1; +http://www.google.com/bot.html)" "-"
2a03:2880:f800:: - - [13/Jun/2026:01:39:15 +0200] "GET /item/2594644 HTTP/1.1" 404 2129 visitasgijon.es "-" "meta-externalagent/1.1 (+https://developers.facebook.com/docs/sharing/webmasters/crawler)" "-"
66.249.70.0 - - [13/Jun/2026:01:39:31 +0200] "GET /products/6808586 HTTP/1.1" 200 198876 visitasgijon.es "-" "Mozilla/5.0 (Linux; Android 6.0.1; Nexus 5X Build/MMB29P) AppleWebKit/537.36 (KHTML, like Gecko) Chrome/148.0.7778.96 Mobile Safari/537.36 (compatible; Googlebot/2.1; +http://www.google.com/bot.html)" "-"
2a03:2880:f800:: - - [13/Jun/2026:01:39:57 +0200] "GET /item/2899218 HTTP/1.1" 404 2129 visitasgijon.es "-" "meta-externalagent/1.1 (+https://developers.facebook.com/docs/sharing/webmasters/crawler)" "-"
66.249.70.0 - - [13/Jun/2026:01:40:10 +0200] "GET /item/4829861 HTTP/1.1" 200 190330 visitasgijon.es "-" "Mozilla/5.0 (Linux; Android 6.0.1; Nexus 5X Build/MMB29P) AppleWebKit/537.36 (KHTML, like Gecko) Chrome/148.0.7778.96 Mobile Safari/537.36 (compatible; Googlebot/2.1; +http://www.google.com/bot.html)" "-"
114.119.139.0 - - [13/Jun/2026:01:40:23 +0200] "GET /item/4946079 HTTP/1.1" 403 - visitasgijon.es "https://visitasgijon.es/sitemap-958.xml" "Mozilla/5.0 (Linux; Android 7.0;) AppleWebKit/537.36 (HTML, like Gecko) Mobile Safari/537.36 (compatible; PetalBot;+https://webmaster.petalsearch.com/site/petalbot)" "-"
2a03:2880:f800:: - - [13/Jun/2026:01:40:36 +0200] "GET /item/3872286 HTTP/1.1" 404 2129 visitasgijon.es "-" "meta-externalagent/1.1 (+https://developers.facebook.com/docs/sharing/webmasters/crawler)" "-"
