149.56.150.0 - - [13/Jun/2026:12:02:59 +0200] "GET /wp-content/themes/shapely/assets/js/owl-carousel/owl.carousel.min.css?ver=5.1.22 HTTP/1.1" 200 992 visitasgijon.es "https://visitasgijon.es/" "Mozilla/5.0 (compatible; Dataprovider.com)" "-"
149.56.150.0 - - [13/Jun/2026:12:02:59 +0200] "GET /wp-content/themes/shapely/assets/js/owl-carousel/owl.theme.default.css?ver=5.1.22 HTTP/1.1" 200 584 visitasgijon.es "https://visitasgijon.es/" "Mozilla/5.0 (compatible; Dataprovider.com)" "-"
149.56.150.0 - - [13/Jun/2026:12:02:59 +0200] "GET /wp-content/plugins/booking/css/client.css?ver=8.4.6 HTTP/1.1" 200 3506 visitasgijon.es "https://visitasgijon.es/" "Mozilla/5.0 (compatible; Dataprovider.com)" "-"
149.56.150.0 - - [13/Jun/2026:12:02:59 +0200] "GET /wp-content/plugins/booking/assets/libs/bootstrap/css/bootstrap-theme.css?ver=3.3.5.1 HTTP/1.1" 200 3619 visitasgijon.es "https://visitasgijon.es/" "Mozilla/5.0 (compatible; Dataprovider.com)" "-"
149.56.150.0 - - [13/Jun/2026:12:02:59 +0200] "GET /wp-content/plugins/booking/assets/libs/bootstrap/css/bootstrap.css?ver=3.3.5.1 HTTP/1.1" 200 30104 visitasgijon.es "https://visitasgijon.es/" "Mozilla/5.0 (compatible; Dataprovider.com)" "-"
149.56.150.0 - - [13/Jun/2026:12:02:59 +0200] "GET /wp-content/plugins/booking/css/timeline.css?ver=8.4.6 HTTP/1.1" 200 5515 visitasgijon.es "https://visitasgijon.es/" "Mozilla/5.0 (compatible; Dataprovider.com)" "-"
149.56.150.0 - - [13/Jun/2026:12:03:00 +0200] "GET /wp-content/plugins/booking/css/calendar.css?ver=8.4.6 HTTP/1.1" 200 4592 visitasgijon.es "https://visitasgijon.es/" "Mozilla/5.0 (compatible; Dataprovider.com)" "-"
149.56.150.0 - - [13/Jun/2026:12:03:00 +0200] "GET /wp-content/plugins/booking/css/skins/traditional.css?ver=8.4.6 HTTP/1.1" 200 2399 visitasgijon.es "https://visitasgijon.es/" "Mozilla/5.0 (compatible; Dataprovider.com)" "-"
149.56.150.0 - - [13/Jun/2026:12:03:00 +0200] "GET /wp-includes/js/jquery/jquery.js?ver=1.12.4 HTTP/1.1" 200 43035 visitasgijon.es "https://visitasgijon.es/" "Mozilla/5.0 (compatible; Dataprovider.com)" "-"
149.56.150.0 - - [13/Jun/2026:12:03:00 +0200] "GET /wp-content/plugins/booking/js/wpbc_vars.js?ver=8.4.6 HTTP/1.1" 200 4947 visitasgijon.es "https://visitasgijon.es/" "Mozilla/5.0 (compatible; Dataprovider.com)" "-"
149.56.150.0 - - [13/Jun/2026:12:03:00 +0200] "GET /wp-content/plugins/booking/assets/libs/bootstrap/js/bootstrap.js?ver=3.3.5.1 HTTP/1.1" 200 22007 visitasgijon.es "https://visitasgijon.es/" "Mozilla/5.0 (compatible; Dataprovider.com)" "-"
149.56.150.0 - - [13/Jun/2026:12:03:00 +0200] "GET /wp-content/plugins/booking/js/datepick/jquery.datepick.js?ver=1.1 HTTP/1.1" 200 32314 visitasgijon.es "https://visitasgijon.es/" "Mozilla/5.0 (compatible; Dataprovider.com)" "-"
149.56.150.0 - - [13/Jun/2026:12:03:00 +0200] "GET /wp-content/plugins/booking/js/client.js?ver=8.4.6 HTTP/1.1" 200 21207 visitasgijon.es "https://visitasgijon.es/" "Mozilla/5.0 (compatible; Dataprovider.com)" "-"
149.56.150.0 - - [13/Jun/2026:12:03:00 +0200] "GET /wp-content/plugins/booking/js/datepick/jquery.datepick-es.js?ver=1.1 HTTP/1.1" 200 3950 visitasgijon.es "https://visitasgijon.es/" "Mozilla/5.0 (compatible; Dataprovider.com)" "-"
149.56.150.0 - - [13/Jun/2026:12:03:00 +0200] "GET /wp-content/plugins/booking/js/wpbc_times.js?ver=8.4.6 HTTP/1.1" 200 13820 visitasgijon.es "https://visitasgijon.es/" "Mozilla/5.0 (compatible; Dataprovider.com)" "-"
149.56.150.0 - - [13/Jun/2026:12:03:00 +0200] "GET /wp-includes/js/jquery/jquery-migrate.min.js?ver=1.4.1 HTTP/1.1" 200 7684 visitasgijon.es "https://visitasgijon.es/" "Mozilla/5.0 (compatible; Dataprovider.com)" "-"
149.56.150.0 - - [13/Jun/2026:12:03:00 +0200] "GET /wp-content/plugins/chatbot-chatgpt/assets/js/chatbot-chatgpt.js?ver=2.2.5 HTTP/1.1" 200 23038 visitasgijon.es "https://visitasgijon.es/" "Mozilla/5.0 (compatible; Dataprovider.com)" "-"
149.56.150.0 - - [13/Jun/2026:12:03:00 +0200] "GET /wp-content/plugins/chatbot-chatgpt/assets/js/purify.min.js?ver=2.2.5 HTTP/1.1" 200 12278 visitasgijon.es "https://visitasgijon.es/" "Mozilla/5.0 (compatible; Dataprovider.com)" "-"
149.56.150.0 - - [13/Jun/2026:12:03:00 +0200] "GET /wp-content/themes/shapely/assets/js/owl-carousel/owl.carousel.min.js?ver=20160115 HTTP/1.1" 200 16821 visitasgijon.es "https://visitasgijon.es/" "Mozilla/5.0 (compatible; Dataprovider.com)" "-"
149.56.150.0 - - [13/Jun/2026:12:03:00 +0200] "GET /wp-content/plugins/contact-form-7/includes/js/scripts.js?ver=5.1.1 HTTP/1.1" 200 8138 visitasgijon.es "https://visitasgijon.es/" "Mozilla/5.0 (compatible; Dataprovider.com)" "-"
149.56.150.0 - - [13/Jun/2026:12:03:00 +0200] "GET /wp-content/themes/shapely/assets/js/skip-link-focus-fix.js?ver=20160115 HTTP/1.1" 200 3706 visitasgijon.es "https://visitasgijon.es/" "Mozilla/5.0 (compatible; Dataprovider.com)" "-"
149.56.150.0 - - [13/Jun/2026:12:03:00 +0200] "GET /wp-content/themes/shapely/assets/js/flexslider.min.js?ver=20160222 HTTP/1.1" 200 10954 visitasgijon.es "https://visitasgijon.es/" "Mozilla/5.0 (compatible; Dataprovider.com)" "-"
149.56.150.0 - - [13/Jun/2026:12:03:00 +0200] "GET /wp-content/themes/shapely/assets/js/parallax.min.js?ver=20160115 HTTP/1.1" 200 5856 visitasgijon.es "https://visitasgijon.es/" "Mozilla/5.0 (compatible; Dataprovider.com)" "-"
149.56.150.0 - - [13/Jun/2026:12:03:00 +0200] "GET /wp-content/plugins/chatbot-chatgpt/assets/js/tex-mml-chtml.js?ver=2.2.5 HTTP/1.1" 200 220030 visitasgijon.es "https://visitasgijon.es/" "Mozilla/5.0 (compatible; Dataprovider.com)" "-"
149.56.150.0 - - [13/Jun/2026:12:03:00 +0200] "GET /wp-content/themes/shapely/assets/fonts/fontawesome-webfont.woff2?v=4.5.0 HTTP/1.1" 200 66624 visitasgijon.es "https://visitasgijon.es/wp-content/themes/shapely/assets/css/font-awesome.min.css?ver=5.1.22" "Mozilla/5.0 (compatible; Dataprovider.com)" "-"
149.56.150.0 - - [13/Jun/2026:12:03:00 +0200] "GET /wp-includes/js/imagesloaded.min.js?ver=3.2.0 HTTP/1.1" 200 6223 visitasgijon.es "https://visitasgijon.es/" "Mozilla/5.0 (compatible; Dataprovider.com)" "-"
149.56.150.0 - - [13/Jun/2026:12:03:00 +0200] "GET /wp-includes/js/wp-embed.min.js?ver=5.1.22 HTTP/1.1" 200 4072 visitasgijon.es "https://visitasgijon.es/" "Mozilla/5.0 (compatible; Dataprovider.com)" "-"
149.56.150.0 - - [13/Jun/2026:12:03:00 +0200] "GET /wp-content/uploads/2019/03/collage-1.jpg HTTP/1.1" 200 186497 visitasgijon.es "https://visitasgijon.es/" "Mozilla/5.0 (compatible; Dataprovider.com)" "-"
149.56.150.0 - - [13/Jun/2026:12:03:00 +0200] "GET /wp-content/uploads/2019/03/vantur-300x123.jpg HTTP/1.1" 200 10205 visitasgijon.es "https://visitasgijon.es/" "Mozilla/5.0 (compatible; Dataprovider.com)" "-"
149.56.150.0 - - [13/Jun/2026:12:03:00 +0200] "GET /wp-content/themes/shapely/assets/js/shapely-scripts.js?ver=20180423 HTTP/1.1" 200 7612 visitasgijon.es "https://visitasgijon.es/" "Mozilla/5.0 (compatible; Dataprovider.com)" "-"
149.56.150.0 - - [13/Jun/2026:12:03:00 +0200] "GET /wp-content/uploads/2019/03/collage.jpg HTTP/1.1" 200 213303 visitasgijon.es "https://visitasgijon.es/" "Mozilla/5.0 (compatible; Dataprovider.com)" "-"
149.56.150.0 - - [13/Jun/2026:12:03:00 +0200] "GET /wp-content/uploads/2019/03/oviedo.jpeg HTTP/1.1" 200 10825 visitasgijon.es "https://visitasgijon.es/" "Mozilla/5.0 (compatible; Dataprovider.com)" "-"
149.56.150.0 - - [13/Jun/2026:12:03:00 +0200] "GET /wp-content/uploads/2019/03/gijon.png HTTP/1.1" 200 8317 visitasgijon.es "https://visitasgijon.es/" "Mozilla/5.0 (compatible; Dataprovider.com)" "-"
149.56.150.0 - - [13/Jun/2026:12:03:00 +0200] "GET /wp-content/uploads/2019/03/ecoasturias.png HTTP/1.1" 200 20818 visitasgijon.es "https://visitasgijon.es/" "Mozilla/5.0 (compatible; Dataprovider.com)" "-"
149.56.150.0 - - [13/Jun/2026:12:03:00 +0200] "GET /wp-content/uploads/2019/03/sporting.png HTTP/1.1" 200 7936 visitasgijon.es "https://visitasgijon.es/" "Mozilla/5.0 (compatible; Dataprovider.com)" "-"
149.56.150.0 - - [13/Jun/2026:12:03:00 +0200] "GET /wp-includes/js/wp-emoji-release.min.js?ver=5.1.22 HTTP/1.1" 200 8212 visitasgijon.es "https://visitasgijon.es/" "Mozilla/5.0 (compatible; Dataprovider.com)" "-"
149.56.150.0 - - [13/Jun/2026:12:03:01 +0200] "GET /wp-content/plugins/chatbot-chatgpt/assets/icons/delete_FILL0_wght400_GRAD0_opsz24.png HTTP/1.1" 200 221 visitasgijon.es "https://visitasgijon.es/" "Mozilla/5.0 (compatible; Dataprovider.com)" "-"
149.56.150.0 - - [13/Jun/2026:12:03:01 +0200] "GET /wp-content/plugins/chatbot-chatgpt/assets/icons/close_FILL0_wght400_GRAD0_opsz24.png HTTP/1.1" 200 355 visitasgijon.es "https://visitasgijon.es/" "Mozilla/5.0 (compatible; Dataprovider.com)" "-"
149.56.150.0 - - [13/Jun/2026:12:03:01 +0200] "GET /wp-content/plugins/chatbot-chatgpt/assets/icons/mic_24dp_000000_FILL0_wght400_GRAD0_opsz24.png HTTP/1.1" 200 430 visitasgijon.es "https://visitasgijon.es/" "Mozilla/5.0 (compatible; Dataprovider.com)" "-"
149.56.150.0 - - [13/Jun/2026:12:03:01 +0200] "GET /wp-content/plugins/chatbot-chatgpt/assets/icons/chat_FILL0_wght400_GRAD0_opsz24.png HTTP/1.1" 200 254 visitasgijon.es "https://visitasgijon.es/" "Mozilla/5.0 (compatible; Dataprovider.com)" "-"
149.56.150.0 - - [13/Jun/2026:12:03:01 +0200] "GET /wp-content/uploads/2019/03/visitas-guiadas-1.jpg HTTP/1.1" 200 816942 visitasgijon.es "https://visitasgijon.es/" "Mozilla/5.0 (compatible; Dataprovider.com)" "-"
149.56.150.0 - - [13/Jun/2026:12:03:01 +0200] "GET /wp-content/plugins/chatbot-chatgpt/assets/icons/mic_off_24dp_000000_FILL0_wght400_GRAD0_opsz24.png HTTP/1.1" 200 501 visitasgijon.es "https://visitasgijon.es/" "Mozilla/5.0 (compatible; Dataprovider.com)" "-"
149.56.150.0 - - [13/Jun/2026:12:03:01 +0200] "GET /wp-content/uploads/2019/03/gijon4.jpg HTTP/1.1" 200 8001843 visitasgijon.es "https://visitasgijon.es/" "Mozilla/5.0 (compatible; Dataprovider.com)" "-"
149.56.150.0 - - [13/Jun/2026:12:03:02 +0200] "GET / HTTP/1.1" 301 - www.visitasgijon.es "-" "Mozilla/5.0 (compatible; Dataprovider.com)" "-"
149.56.150.0 - - [13/Jun/2026:12:03:04 +0200] "GET / HTTP/1.1" 200 36605 visitasgijon.es "-" "Mozilla/5.0 (compatible; Dataprovider.com)" "-"
149.56.150.0 - - [13/Jun/2026:12:03:05 +0200] "GET /robots.txt HTTP/1.1" 200 85 www.visitasgijon.es "-" "Mozilla/5.0 (compatible; Dataprovider.com)" "-"
149.56.150.0 - - [13/Jun/2026:12:03:06 +0200] "OPTIONS / HTTP/1.1" 200 36605 visitasgijon.es "-" "Mozilla/5.0 (compatible; Dataprovider.com)" "-"
2a03:2880:f800:: - - [13/Jun/2026:12:03:33 +0200] "GET /item/2610372 HTTP/1.1" 404 2129 visitasgijon.es "-" "meta-externalagent/1.1 (+https://developers.facebook.com/docs/sharing/webmasters/crawler)" "-"
2a03:2880:f800:: - - [13/Jun/2026:12:04:40 +0200] "GET /item/2810762 HTTP/1.1" 404 2129 visitasgijon.es "-" "meta-externalagent/1.1 (+https://developers.facebook.com/docs/sharing/webmasters/crawler)" "-"
66.249.70.0 - - [13/Jun/2026:12:04:59 +0200] "GET /products/3597353 HTTP/1.1" 200 183269 visitasgijon.es "-" "Mozilla/5.0 (Linux; Android 6.0.1; Nexus 5X Build/MMB29P) AppleWebKit/537.36 (KHTML, like Gecko) Chrome/148.0.7778.96 Mobile Safari/537.36 (compatible; Googlebot/2.1; +http://www.google.com/bot.html)" "-"
2a03:2880:f800:: - - [13/Jun/2026:12:05:47 +0200] "GET /item/1975332 HTTP/1.1" 404 2129 visitasgijon.es "-" "meta-externalagent/1.1 (+https://developers.facebook.com/docs/sharing/webmasters/crawler)" "-"
207.46.13.0 - - [13/Jun/2026:12:06:00 +0200] "GET /item/1668499 HTTP/1.1" 200 195578 www.visitasgijon.es "-" "Mozilla/5.0 AppleWebKit/537.36 (KHTML, like Gecko; compatible; bingbot/2.0; +http://www.bing.com/bingbot.htm) Chrome/116.0.1938.76 Safari/537.36" "-"
2a03:2880:f800:: - - [13/Jun/2026:12:06:53 +0200] "GET /item/2772855 HTTP/1.1" 404 2129 visitasgijon.es "-" "meta-externalagent/1.1 (+https://developers.facebook.com/docs/sharing/webmasters/crawler)" "-"
2a03:2880:f800:: - - [13/Jun/2026:12:08:04 +0200] "GET /item/4605211 HTTP/1.1" 404 2129 visitasgijon.es "-" "meta-externalagent/1.1 (+https://developers.facebook.com/docs/sharing/webmasters/crawler)" "-"
2a03:2880:f800:: - - [13/Jun/2026:12:09:06 +0200] "GET /item/4427067 HTTP/1.1" 404 2129 visitasgijon.es "-" "meta-externalagent/1.1 (+https://developers.facebook.com/docs/sharing/webmasters/crawler)" "-"
66.249.70.0 - - [13/Jun/2026:12:09:41 +0200] "GET /products/3844186 HTTP/1.1" 200 191167 visitasgijon.es "-" "Mozilla/5.0 (Linux; Android 6.0.1; Nexus 5X Build/MMB29P) AppleWebKit/537.36 (KHTML, like Gecko) Chrome/148.0.7778.96 Mobile Safari/537.36 (compatible; Googlebot/2.1; +http://www.google.com/bot.html)" "-"
2a03:2880:f800:: - - [13/Jun/2026:12:10:13 +0200] "GET /item/4759246 HTTP/1.1" 404 2129 visitasgijon.es "-" "meta-externalagent/1.1 (+https://developers.facebook.com/docs/sharing/webmasters/crawler)" "-"
2a03:2880:f800:: - - [13/Jun/2026:12:11:20 +0200] "GET /item/3503198 HTTP/1.1" 404 2129 visitasgijon.es "-" "meta-externalagent/1.1 (+https://developers.facebook.com/docs/sharing/webmasters/crawler)" "-"
2a03:2880:f800:: - - [13/Jun/2026:12:12:26 +0200] "GET /item/3886920 HTTP/1.1" 404 2129 visitasgijon.es "-" "meta-externalagent/1.1 (+https://developers.facebook.com/docs/sharing/webmasters/crawler)" "-"
52.167.144.0 - - [13/Jun/2026:12:13:25 +0200] "GET /item/1474150 HTTP/1.1" 200 183952 www.visitasgijon.es "-" "Mozilla/5.0 AppleWebKit/537.36 (KHTML, like Gecko; compatible; bingbot/2.0; +http://www.bing.com/bingbot.htm) Chrome/116.0.1938.76 Safari/537.36" "-"
2a03:2880:f800:: - - [13/Jun/2026:12:13:33 +0200] "GET /item/3159657 HTTP/1.1" 404 2129 visitasgijon.es "-" "meta-externalagent/1.1 (+https://developers.facebook.com/docs/sharing/webmasters/crawler)" "-"
2a03:2880:f800:: - - [13/Jun/2026:12:14:40 +0200] "GET /item/4013053 HTTP/1.1" 404 2129 visitasgijon.es "-" "meta-externalagent/1.1 (+https://developers.facebook.com/docs/sharing/webmasters/crawler)" "-"
40.77.167.0 - - [13/Jun/2026:12:14:48 +0200] "GET /robots.txt HTTP/1.1" 200 85 visitasgijon.es "-" "Mozilla/5.0 AppleWebKit/537.36 (KHTML, like Gecko; compatible; bingbot/2.0; +http://www.bing.com/bingbot.htm) Chrome/116.0.1938.76 Safari/537.36" "-"
157.55.39.0 - - [13/Jun/2026:12:14:52 +0200] "GET /item/3901456 HTTP/1.1" 200 182447 visitasgijon.es "-" "Mozilla/5.0 AppleWebKit/537.36 (KHTML, like Gecko; compatible; bingbot/2.0; +http://www.bing.com/bingbot.htm) Chrome/116.0.1938.76 Safari/537.36" "-"
2a03:2880:f800:: - - [13/Jun/2026:12:15:46 +0200] "GET /item/2648974 HTTP/1.1" 404 2129 visitasgijon.es "-" "meta-externalagent/1.1 (+https://developers.facebook.com/docs/sharing/webmasters/crawler)" "-"
2a03:2880:f800:: - - [13/Jun/2026:12:16:53 +0200] "GET /item/3229181 HTTP/1.1" 404 2129 visitasgijon.es "-" "meta-externalagent/1.1 (+https://developers.facebook.com/docs/sharing/webmasters/crawler)" "-"
2a03:2880:f800:: - - [13/Jun/2026:12:18:00 +0200] "GET /item/3182869 HTTP/1.1" 404 2129 visitasgijon.es "-" "meta-externalagent/1.1 (+https://developers.facebook.com/docs/sharing/webmasters/crawler)" "-"
2a03:2880:f800:: - - [13/Jun/2026:12:19:06 +0200] "GET /item/4325815 HTTP/1.1" 404 2129 visitasgijon.es "-" "meta-externalagent/1.1 (+https://developers.facebook.com/docs/sharing/webmasters/crawler)" "-"
2a03:2880:f800:: - - [13/Jun/2026:12:20:12 +0200] "GET /item/4697374 HTTP/1.1" 404 2129 visitasgijon.es "-" "meta-externalagent/1.1 (+https://developers.facebook.com/docs/sharing/webmasters/crawler)" "-"
114.119.144.0 - - [13/Jun/2026:12:20:22 +0200] "GET /item/4946308 HTTP/1.1" 403 - visitasgijon.es "https://visitasgijon.es/sitemap-142.xml" "Mozilla/5.0 (Linux; Android 7.0;) AppleWebKit/537.36 (HTML, like Gecko) Mobile Safari/537.36 (compatible; PetalBot;+https://webmaster.petalsearch.com/site/petalbot)" "-"
2a03:2880:f800:: - - [13/Jun/2026:12:21:19 +0200] "GET /item/2159506 HTTP/1.1" 404 2129 visitasgijon.es "-" "meta-externalagent/1.1 (+https://developers.facebook.com/docs/sharing/webmasters/crawler)" "-"
170.106.193.0 - - [13/Jun/2026:12:21:52 +0200] "GET / HTTP/1.1" 200 229 www.quehacerengijon.com "-" "Mozilla/5.0 (iPhone; CPU iPhone OS 13_2_3 like Mac OS X) AppleWebKit/605.1.15 (KHTML, like Gecko) Version/13.0.3 Mobile/15E148 Safari/604.1" "-"
2a03:2880:f800:: - - [13/Jun/2026:12:22:26 +0200] "GET /item/2037945 HTTP/1.1" 404 2129 visitasgijon.es "-" "meta-externalagent/1.1 (+https://developers.facebook.com/docs/sharing/webmasters/crawler)" "-"
168.144.110.0 - - [13/Jun/2026:12:22:29 +0200] "GET / HTTP/1.1" 200 229 vanturexperiences.com "-" "Mozilla/5.0 (Windows NT 10.0; Win64; x64) AppleWebKit/537.36 (KHTML, like Gecko) Chrome/89.0.4389.114 Safari/537.36" "-"
168.144.110.0 - - [13/Jun/2026:12:22:29 +0200] "GET / HTTP/1.1" 200 229 vanturexperiences.com "-" "Mozilla/5.0 (Windows NT 10.0; Win64; x64) AppleWebKit/537.36 (KHTML, like Gecko) Chrome/89.0.4389.114 Safari/537.36" "-"
168.144.110.0 - - [13/Jun/2026:12:22:29 +0200] "GET /wp-includes/wlwmanifest.xml HTTP/1.1" 404 1271 vanturexperiences.com "-" "Mozilla/5.0 (Windows NT 10.0; Win64; x64) AppleWebKit/537.36 (KHTML, like Gecko) Chrome/89.0.4389.114 Safari/537.36" "-"
168.144.110.0 - - [13/Jun/2026:12:22:30 +0200] "GET /xmlrpc.php?rsd HTTP/1.1" 404 1271 vanturexperiences.com "-" "Mozilla/5.0 (Windows NT 10.0; Win64; x64) AppleWebKit/537.36 (KHTML, like Gecko) Chrome/89.0.4389.114 Safari/537.36" "-"
168.144.110.0 - - [13/Jun/2026:12:22:30 +0200] "GET / HTTP/1.1" 200 229 vanturexperiences.com "-" "Mozilla/5.0 (Windows NT 10.0; Win64; x64) AppleWebKit/537.36 (KHTML, like Gecko) Chrome/89.0.4389.114 Safari/537.36" "-"
168.144.110.0 - - [13/Jun/2026:12:22:30 +0200] "GET /blog/wp-includes/wlwmanifest.xml HTTP/1.1" 404 1271 vanturexperiences.com "-" "Mozilla/5.0 (Windows NT 10.0; Win64; x64) AppleWebKit/537.36 (KHTML, like Gecko) Chrome/89.0.4389.114 Safari/537.36" "-"
168.144.110.0 - - [13/Jun/2026:12:22:31 +0200] "GET /web/wp-includes/wlwmanifest.xml HTTP/1.1" 404 1271 vanturexperiences.com "-" "Mozilla/5.0 (Windows NT 10.0; Win64; x64) AppleWebKit/537.36 (KHTML, like Gecko) Chrome/89.0.4389.114 Safari/537.36" "-"
168.144.110.0 - - [13/Jun/2026:12:22:31 +0200] "GET /wordpress/wp-includes/wlwmanifest.xml HTTP/1.1" 404 1271 vanturexperiences.com "-" "Mozilla/5.0 (Windows NT 10.0; Win64; x64) AppleWebKit/537.36 (KHTML, like Gecko) Chrome/89.0.4389.114 Safari/537.36" "-"
168.144.110.0 - - [13/Jun/2026:12:22:31 +0200] "GET /website/wp-includes/wlwmanifest.xml HTTP/1.1" 404 1271 vanturexperiences.com "-" "Mozilla/5.0 (Windows NT 10.0; Win64; x64) AppleWebKit/537.36 (KHTML, like Gecko) Chrome/89.0.4389.114 Safari/537.36" "-"
168.144.110.0 - - [13/Jun/2026:12:22:31 +0200] "GET /wp/wp-includes/wlwmanifest.xml HTTP/1.1" 404 1271 vanturexperiences.com "-" "Mozilla/5.0 (Windows NT 10.0; Win64; x64) AppleWebKit/537.36 (KHTML, like Gecko) Chrome/89.0.4389.114 Safari/537.36" "-"
168.144.110.0 - - [13/Jun/2026:12:22:32 +0200] "GET /news/wp-includes/wlwmanifest.xml HTTP/1.1" 404 1271 vanturexperiences.com "-" "Mozilla/5.0 (Windows NT 10.0; Win64; x64) AppleWebKit/537.36 (KHTML, like Gecko) Chrome/89.0.4389.114 Safari/537.36" "-"
168.144.110.0 - - [13/Jun/2026:12:22:32 +0200] "GET /2020/wp-includes/wlwmanifest.xml HTTP/1.1" 404 1271 vanturexperiences.com "-" "Mozilla/5.0 (Windows NT 10.0; Win64; x64) AppleWebKit/537.36 (KHTML, like Gecko) Chrome/89.0.4389.114 Safari/537.36" "-"
168.144.110.0 - - [13/Jun/2026:12:22:32 +0200] "GET /2019/wp-includes/wlwmanifest.xml HTTP/1.1" 404 1271 vanturexperiences.com "-" "Mozilla/5.0 (Windows NT 10.0; Win64; x64) AppleWebKit/537.36 (KHTML, like Gecko) Chrome/89.0.4389.114 Safari/537.36" "-"
168.144.110.0 - - [13/Jun/2026:12:22:33 +0200] "GET /shop/wp-includes/wlwmanifest.xml HTTP/1.1" 404 1271 vanturexperiences.com "-" "Mozilla/5.0 (Windows NT 10.0; Win64; x64) AppleWebKit/537.36 (KHTML, like Gecko) Chrome/89.0.4389.114 Safari/537.36" "-"
168.144.110.0 - - [13/Jun/2026:12:22:33 +0200] "GET /wp1/wp-includes/wlwmanifest.xml HTTP/1.1" 404 1271 vanturexperiences.com "-" "Mozilla/5.0 (Windows NT 10.0; Win64; x64) AppleWebKit/537.36 (KHTML, like Gecko) Chrome/89.0.4389.114 Safari/537.36" "-"
168.144.110.0 - - [13/Jun/2026:12:22:33 +0200] "GET /test/wp-includes/wlwmanifest.xml HTTP/1.1" 404 1271 vanturexperiences.com "-" "Mozilla/5.0 (Windows NT 10.0; Win64; x64) AppleWebKit/537.36 (KHTML, like Gecko) Chrome/89.0.4389.114 Safari/537.36" "-"
168.144.110.0 - - [13/Jun/2026:12:22:34 +0200] "GET /wp2/wp-includes/wlwmanifest.xml HTTP/1.1" 404 1271 vanturexperiences.com "-" "Mozilla/5.0 (Windows NT 10.0; Win64; x64) AppleWebKit/537.36 (KHTML, like Gecko) Chrome/89.0.4389.114 Safari/537.36" "-"
168.144.110.0 - - [13/Jun/2026:12:22:34 +0200] "GET /site/wp-includes/wlwmanifest.xml HTTP/1.1" 404 1271 vanturexperiences.com "-" "Mozilla/5.0 (Windows NT 10.0; Win64; x64) AppleWebKit/537.36 (KHTML, like Gecko) Chrome/89.0.4389.114 Safari/537.36" "-"
168.144.110.0 - - [13/Jun/2026:12:22:34 +0200] "GET /cms/wp-includes/wlwmanifest.xml HTTP/1.1" 404 1271 vanturexperiences.com "-" "Mozilla/5.0 (Windows NT 10.0; Win64; x64) AppleWebKit/537.36 (KHTML, like Gecko) Chrome/89.0.4389.114 Safari/537.36" "-"
168.144.110.0 - - [13/Jun/2026:12:22:35 +0200] "GET /sito/wp-includes/wlwmanifest.xml HTTP/1.1" 404 1271 vanturexperiences.com "-" "Mozilla/5.0 (Windows NT 10.0; Win64; x64) AppleWebKit/537.36 (KHTML, like Gecko) Chrome/89.0.4389.114 Safari/537.36" "-"
66.249.70.0 - - [13/Jun/2026:12:23:01 +0200] "GET /robots.txt HTTP/1.1" 200 85 visitasgijon.es "-" "Mozilla/5.0 (compatible; Googlebot/2.1; +http://www.google.com/bot.html)" "-"
66.249.70.0 - - [13/Jun/2026:12:23:02 +0200] "GET /products/25017553 HTTP/1.1" 200 183378 visitasgijon.es "-" "Mozilla/5.0 (Linux; Android 6.0.1; Nexus 5X Build/MMB29P) AppleWebKit/537.36 (KHTML, like Gecko) Chrome/148.0.7778.96 Mobile Safari/537.36 (compatible; Googlebot/2.1; +http://www.google.com/bot.html)" "-"
2a03:2880:f800:: - - [13/Jun/2026:12:23:33 +0200] "GET /item/2942580 HTTP/1.1" 404 2129 visitasgijon.es "-" "meta-externalagent/1.1 (+https://developers.facebook.com/docs/sharing/webmasters/crawler)" "-"
66.249.70.0 - - [13/Jun/2026:12:24:21 +0200] "GET /products/7826986 HTTP/1.1" 200 184341 visitasgijon.es "-" "Mozilla/5.0 (Linux; Android 6.0.1; Nexus 5X Build/MMB29P) AppleWebKit/537.36 (KHTML, like Gecko) Chrome/148.0.7778.96 Mobile Safari/537.36 (compatible; Googlebot/2.1; +http://www.google.com/bot.html)" "-"
2a03:2880:f800:: - - [13/Jun/2026:12:24:41 +0200] "GET /item/4730445 HTTP/1.1" 404 2129 visitasgijon.es "-" "meta-externalagent/1.1 (+https://developers.facebook.com/docs/sharing/webmasters/crawler)" "-"
43.133.61.0 - - [13/Jun/2026:12:24:50 +0200] "GET / HTTP/1.1" 301 272 visitasgijon.es "-" "Mozilla/5.0 (iPhone; CPU iPhone OS 13_2_3 like Mac OS X) AppleWebKit/605.1.15 (KHTML, like Gecko) Version/13.0.3 Mobile/15E148 Safari/604.1" "-"
43.133.61.0 - - [13/Jun/2026:12:24:52 +0200] "GET / HTTP/1.1" 200 36336 visitasgijon.es "http://visitasgijon.es" "Mozilla/5.0 (iPhone; CPU iPhone OS 13_2_3 like Mac OS X) AppleWebKit/605.1.15 (KHTML, like Gecko) Version/13.0.3 Mobile/15E148 Safari/604.1" "-"
66.249.70.0 - - [13/Jun/2026:12:25:27 +0200] "GET /products/6498219 HTTP/1.1" 200 182597 visitasgijon.es "-" "Mozilla/5.0 (Linux; Android 6.0.1; Nexus 5X Build/MMB29P) AppleWebKit/537.36 (KHTML, like Gecko) Chrome/148.0.7778.96 Mobile Safari/537.36 (compatible; Googlebot/2.1; +http://www.google.com/bot.html)" "-"
2a03:2880:f800:: - - [13/Jun/2026:12:25:46 +0200] "GET /item/2111576 HTTP/1.1" 404 2129 visitasgijon.es "-" "meta-externalagent/1.1 (+https://developers.facebook.com/docs/sharing/webmasters/crawler)" "-"
57.141.20.0 - - [13/Jun/2026:12:26:53 +0200] "GET /item/4639428 HTTP/1.1" 404 2129 visitasgijon.es "-" "meta-externalagent/1.1 (+https://developers.facebook.com/docs/sharing/webmasters/crawler)" "-"
2a03:2880:f800:: - - [13/Jun/2026:12:27:59 +0200] "GET /item/2330289 HTTP/1.1" 404 2129 visitasgijon.es "-" "meta-externalagent/1.1 (+https://developers.facebook.com/docs/sharing/webmasters/crawler)" "-"
66.249.70.0 - - [13/Jun/2026:12:28:16 +0200] "GET /products/4590964 HTTP/1.1" 200 183224 visitasgijon.es "-" "Mozilla/5.0 (Linux; Android 6.0.1; Nexus 5X Build/MMB29P) AppleWebKit/537.36 (KHTML, like Gecko) Chrome/148.0.7778.96 Mobile Safari/537.36 (compatible; Googlebot/2.1; +http://www.google.com/bot.html)" "-"
2a03:2880:f800:: - - [13/Jun/2026:12:29:06 +0200] "GET /item/3630928 HTTP/1.1" 404 2129 visitasgijon.es "-" "meta-externalagent/1.1 (+https://developers.facebook.com/docs/sharing/webmasters/crawler)" "-"
2a03:2880:f800:: - - [13/Jun/2026:12:30:15 +0200] "GET /item/2560458 HTTP/1.1" 404 2129 visitasgijon.es "-" "meta-externalagent/1.1 (+https://developers.facebook.com/docs/sharing/webmasters/crawler)" "-"
2a03:2880:f800:: - - [13/Jun/2026:12:31:21 +0200] "GET /item/2335951 HTTP/1.1" 404 2129 visitasgijon.es "-" "meta-externalagent/1.1 (+https://developers.facebook.com/docs/sharing/webmasters/crawler)" "-"
52.167.144.0 - - [13/Jun/2026:12:31:40 +0200] "GET /item/1479698 HTTP/1.1" 200 189300 www.visitasgijon.es "-" "Mozilla/5.0 AppleWebKit/537.36 (KHTML, like Gecko; compatible; bingbot/2.0; +http://www.bing.com/bingbot.htm) Chrome/116.0.1938.76 Safari/537.36" "-"
2a03:2880:f800:: - - [13/Jun/2026:12:32:27 +0200] "GET /item/3235824 HTTP/1.1" 404 2129 visitasgijon.es "-" "meta-externalagent/1.1 (+https://developers.facebook.com/docs/sharing/webmasters/crawler)" "-"
2a03:2880:f800:: - - [13/Jun/2026:12:33:33 +0200] "GET /item/3576973 HTTP/1.1" 404 2129 visitasgijon.es "-" "meta-externalagent/1.1 (+https://developers.facebook.com/docs/sharing/webmasters/crawler)" "-"
2a03:2880:f800:: - - [13/Jun/2026:12:34:40 +0200] "GET /item/4085009 HTTP/1.1" 404 2129 visitasgijon.es "-" "meta-externalagent/1.1 (+https://developers.facebook.com/docs/sharing/webmasters/crawler)" "-"
207.46.13.0 - - [13/Jun/2026:12:35:36 +0200] "GET /item/3903340 HTTP/1.1" 200 184812 visitasgijon.es "-" "Mozilla/5.0 AppleWebKit/537.36 (KHTML, like Gecko; compatible; bingbot/2.0; +http://www.bing.com/bingbot.htm) Chrome/116.0.1938.76 Safari/537.36" "-"
2a03:2880:f800:: - - [13/Jun/2026:12:35:46 +0200] "GET /item/2772859 HTTP/1.1" 404 2129 visitasgijon.es "-" "meta-externalagent/1.1 (+https://developers.facebook.com/docs/sharing/webmasters/crawler)" "-"
52.167.144.0 - - [13/Jun/2026:12:35:51 +0200] "GET /item/4570977 HTTP/1.1" 200 198087 visitasgijon.es "-" "Mozilla/5.0 AppleWebKit/537.36 (KHTML, like Gecko; compatible; bingbot/2.0; +http://www.bing.com/bingbot.htm) Chrome/116.0.1938.76 Safari/537.36" "-"
52.167.144.0 - - [13/Jun/2026:12:36:10 +0200] "GET /products/9009008 HTTP/1.1" 200 184416 www.visitasgijon.es "-" "Mozilla/5.0 AppleWebKit/537.36 (KHTML, like Gecko; compatible; bingbot/2.0; +http://www.bing.com/bingbot.htm) Chrome/116.0.1938.76 Safari/537.36" "-"
2a03:2880:f800:: - - [13/Jun/2026:12:36:53 +0200] "GET /item/3342305 HTTP/1.1" 404 2129 visitasgijon.es "-" "meta-externalagent/1.1 (+https://developers.facebook.com/docs/sharing/webmasters/crawler)" "-"
66.249.70.0 - - [13/Jun/2026:12:37:39 +0200] "GET /products/7311053 HTTP/1.1" 200 184970 visitasgijon.es "-" "Mozilla/5.0 (Linux; Android 6.0.1; Nexus 5X Build/MMB29P) AppleWebKit/537.36 (KHTML, like Gecko) Chrome/148.0.7778.96 Mobile Safari/537.36 (compatible; Googlebot/2.1; +http://www.google.com/bot.html)" "-"
2a03:2880:f800:: - - [13/Jun/2026:12:37:59 +0200] "GET /item/4282346 HTTP/1.1" 404 2129 visitasgijon.es "-" "meta-externalagent/1.1 (+https://developers.facebook.com/docs/sharing/webmasters/crawler)" "-"
2a03:2880:f800:: - - [13/Jun/2026:12:39:06 +0200] "GET /item/2287780 HTTP/1.1" 404 2129 visitasgijon.es "-" "meta-externalagent/1.1 (+https://developers.facebook.com/docs/sharing/webmasters/crawler)" "-"
5.39.1.0 - - [13/Jun/2026:12:39:15 +0200] "GET /sitemap.xml HTTP/1.1" 200 3212 visitasgijon.es "-" "Mozilla/5.0 (compatible; AhrefsBot/7.0; +http://ahrefs.com/robot/)" "-"
92.222.108.0 - - [13/Jun/2026:12:39:17 +0200] "GET /sitemap-975.xml HTTP/1.1" 200 146557 visitasgijon.es "-" "Mozilla/5.0 (compatible; AhrefsBot/7.0; +http://ahrefs.com/robot/)" "-"
207.46.13.0 - - [13/Jun/2026:12:39:17 +0200] "GET /products/7508320 HTTP/1.1" 200 200483 www.visitasgijon.es "-" "Mozilla/5.0 AppleWebKit/537.36 (KHTML, like Gecko; compatible; bingbot/2.0; +http://www.bing.com/bingbot.htm) Chrome/116.0.1938.76 Safari/537.36" "-"
92.222.104.0 - - [13/Jun/2026:12:39:18 +0200] "GET /sitemap-142.xml HTTP/1.1" 200 170209 visitasgijon.es "-" "Mozilla/5.0 (compatible; AhrefsBot/7.0; +http://ahrefs.com/robot/)" "-"
5.39.1.0 - - [13/Jun/2026:12:39:20 +0200] "GET /sitemap-475.xml HTTP/1.1" 200 136675 visitasgijon.es "-" "Mozilla/5.0 (compatible; AhrefsBot/7.0; +http://ahrefs.com/robot/)" "-"
37.59.204.0 - - [13/Jun/2026:12:39:27 +0200] "GET /sitemap-496.xml HTTP/1.1" 200 187381 visitasgijon.es "-" "Mozilla/5.0 (compatible; AhrefsBot/7.0; +http://ahrefs.com/robot/)" "-"
37.59.204.0 - - [13/Jun/2026:12:39:31 +0200] "GET /sitemap-50.xml HTTP/1.1" 200 150607 visitasgijon.es "-" "Mozilla/5.0 (compatible; AhrefsBot/7.0; +http://ahrefs.com/robot/)" "-"
94.23.188.0 - - [13/Jun/2026:12:39:34 +0200] "GET /sitemap-885.xml HTTP/1.1" 200 165349 visitasgijon.es "-" "Mozilla/5.0 (compatible; AhrefsBot/7.0; +http://ahrefs.com/robot/)" "-"
51.75.236.0 - - [13/Jun/2026:12:39:36 +0200] "GET /sitemap-103.xml HTTP/1.1" 200 140077 visitasgijon.es "-" "Mozilla/5.0 (compatible; AhrefsBot/7.0; +http://ahrefs.com/robot/)" "-"
157.55.39.0 - - [13/Jun/2026:12:39:37 +0200] "GET /item/3497820 HTTP/1.1" 200 189675 visitasgijon.es "-" "Mozilla/5.0 AppleWebKit/537.36 (KHTML, like Gecko; compatible; bingbot/2.0; +http://www.bing.com/bingbot.htm) Chrome/116.0.1938.76 Safari/537.36" "-"
54.37.118.0 - - [13/Jun/2026:12:39:46 +0200] "GET /sitemap-989.xml HTTP/1.1" 200 136027 visitasgijon.es "-" "Mozilla/5.0 (compatible; AhrefsBot/7.0; +http://ahrefs.com/robot/)" "-"
92.222.104.0 - - [13/Jun/2026:12:39:48 +0200] "GET /sitemap-348.xml HTTP/1.1" 200 167131 visitasgijon.es "-" "Mozilla/5.0 (compatible; AhrefsBot/7.0; +http://ahrefs.com/robot/)" "-"
94.23.188.0 - - [13/Jun/2026:12:39:50 +0200] "GET /sitemap-988.xml HTTP/1.1" 200 158707 visitasgijon.es "-" "Mozilla/5.0 (compatible; AhrefsBot/7.0; +http://ahrefs.com/robot/)" "-"
5.39.1.0 - - [13/Jun/2026:12:39:52 +0200] "GET /sitemap-698.xml HTTP/1.1" 200 144775 visitasgijon.es "-" "Mozilla/5.0 (compatible; AhrefsBot/7.0; +http://ahrefs.com/robot/)" "-"
92.222.108.0 - - [13/Jun/2026:12:39:53 +0200] "GET /sitemap-809.xml HTTP/1.1" 200 132625 visitasgijon.es "-" "Mozilla/5.0 (compatible; AhrefsBot/7.0; +http://ahrefs.com/robot/)" "-"
51.68.247.0 - - [13/Jun/2026:12:39:58 +0200] "GET /sitemap-785.xml HTTP/1.1" 200 140077 visitasgijon.es "-" "Mozilla/5.0 (compatible; AhrefsBot/7.0; +http://ahrefs.com/robot/)" "-"
37.59.204.0 - - [13/Jun/2026:12:40:04 +0200] "GET /sitemap-477.xml HTTP/1.1" 200 191431 visitasgijon.es "-" "Mozilla/5.0 (compatible; AhrefsBot/7.0; +http://ahrefs.com/robot/)" "-"
5.39.1.0 - - [13/Jun/2026:12:40:06 +0200] "GET /sitemap-222.xml HTTP/1.1" 200 183655 visitasgijon.es "-" "Mozilla/5.0 (compatible; AhrefsBot/7.0; +http://ahrefs.com/robot/)" "-"
92.222.108.0 - - [13/Jun/2026:12:40:08 +0200] "GET /sitemap-855.xml HTTP/1.1" 200 182683 visitasgijon.es "-" "Mozilla/5.0 (compatible; AhrefsBot/7.0; +http://ahrefs.com/robot/)" "-"
92.222.104.0 - - [13/Jun/2026:12:40:09 +0200] "GET /sitemap-608.xml HTTP/1.1" 200 134731 visitasgijon.es "-" "Mozilla/5.0 (compatible; AhrefsBot/7.0; +http://ahrefs.com/robot/)" "-"
2a03:2880:f800:: - - [13/Jun/2026:12:40:13 +0200] "GET /item/2699703 HTTP/1.1" 404 2129 visitasgijon.es "-" "meta-externalagent/1.1 (+https://developers.facebook.com/docs/sharing/webmasters/crawler)" "-"
54.37.118.0 - - [13/Jun/2026:12:40:14 +0200] "GET /sitemap-600.xml HTTP/1.1" 200 183655 visitasgijon.es "-" "Mozilla/5.0 (compatible; AhrefsBot/7.0; +http://ahrefs.com/robot/)" "-"
216.73.216.0 - - [13/Jun/2026:12:40:18 +0200] "GET /sitemap.xml HTTP/1.1" 200 3212 visitasgijon.es "-" "Mozilla/5.0 AppleWebKit/537.36 (KHTML, like Gecko; compatible; ClaudeBot/1.0; +claudebot@anthropic.com)" "-"
66.249.70.0 - - [13/Jun/2026:12:40:28 +0200] "GET /products/16473731 HTTP/1.1" 200 185787 visitasgijon.es "-" "Mozilla/5.0 (Linux; Android 6.0.1; Nexus 5X Build/MMB29P) AppleWebKit/537.36 (KHTML, like Gecko) Chrome/148.0.7778.96 Mobile Safari/537.36 (compatible; Googlebot/2.1; +http://www.google.com/bot.html)" "-"
176.31.139.0 - - [13/Jun/2026:12:40:37 +0200] "GET /sitemap-70.xml HTTP/1.1" 200 172315 visitasgijon.es "-" "Mozilla/5.0 (compatible; AhrefsBot/7.0; +http://ahrefs.com/robot/)" "-"
176.31.139.0 - - [13/Jun/2026:12:40:40 +0200] "GET /sitemap-531.xml HTTP/1.1" 429 267 visitasgijon.es "-" "Mozilla/5.0 (compatible; AhrefsBot/7.0; +http://ahrefs.com/robot/)" "-"
51.75.236.0 - - [13/Jun/2026:12:40:41 +0200] "GET /sitemap-468.xml HTTP/1.1" 429 267 visitasgijon.es "-" "Mozilla/5.0 (compatible; AhrefsBot/7.0; +http://ahrefs.com/robot/)" "-"
176.31.139.0 - - [13/Jun/2026:12:40:42 +0200] "GET /sitemap-514.xml HTTP/1.1" 429 267 visitasgijon.es "-" "Mozilla/5.0 (compatible; AhrefsBot/7.0; +http://ahrefs.com/robot/)" "-"
92.222.108.0 - - [13/Jun/2026:12:40:43 +0200] "GET /sitemap-200.xml HTTP/1.1" 429 267 visitasgijon.es "-" "Mozilla/5.0 (compatible; AhrefsBot/7.0; +http://ahrefs.com/robot/)" "-"
176.31.139.0 - - [13/Jun/2026:12:40:55 +0200] "GET /sitemap-958.xml HTTP/1.1" 429 267 visitasgijon.es "-" "Mozilla/5.0 (compatible; AhrefsBot/7.0; +http://ahrefs.com/robot/)" "-"
94.23.188.0 - - [13/Jun/2026:12:40:57 +0200] "GET /sitemap-715.xml HTTP/1.1" 429 267 visitasgijon.es "-" "Mozilla/5.0 (compatible; AhrefsBot/7.0; +http://ahrefs.com/robot/)" "-"
54.37.118.0 - - [13/Jun/2026:12:40:59 +0200] "GET /sitemap-525.xml HTTP/1.1" 429 267 visitasgijon.es "-" "Mozilla/5.0 (compatible; AhrefsBot/7.0; +http://ahrefs.com/robot/)" "-"
92.222.104.0 - - [13/Jun/2026:12:41:00 +0200] "GET /sitemap-535.xml HTTP/1.1" 429 267 visitasgijon.es "-" "Mozilla/5.0 (compatible; AhrefsBot/7.0; +http://ahrefs.com/robot/)" "-"
92.222.108.0 - - [13/Jun/2026:12:41:01 +0200] "GET /sitemap-481.xml HTTP/1.1" 429 267 visitasgijon.es "-" "Mozilla/5.0 (compatible; AhrefsBot/7.0; +http://ahrefs.com/robot/)" "-"
5.39.1.0 - - [13/Jun/2026:12:41:02 +0200] "GET /sitemap-3.xml HTTP/1.1" 429 267 visitasgijon.es "-" "Mozilla/5.0 (compatible; AhrefsBot/7.0; +http://ahrefs.com/robot/)" "-"
94.23.188.0 - - [13/Jun/2026:12:41:03 +0200] "GET /sitemap-669.xml HTTP/1.1" 429 267 visitasgijon.es "-" "Mozilla/5.0 (compatible; AhrefsBot/7.0; +http://ahrefs.com/robot/)" "-"
37.59.204.0 - - [13/Jun/2026:12:41:08 +0200] "GET /sitemap-832.xml HTTP/1.1" 429 267 visitasgijon.es "-" "Mozilla/5.0 (compatible; AhrefsBot/7.0; +http://ahrefs.com/robot/)" "-"
92.222.108.0 - - [13/Jun/2026:12:41:09 +0200] "GET /sitemap-428.xml HTTP/1.1" 429 267 visitasgijon.es "-" "Mozilla/5.0 (compatible; AhrefsBot/7.0; +http://ahrefs.com/robot/)" "-"
51.75.236.0 - - [13/Jun/2026:12:41:11 +0200] "GET /sitemap-312.xml HTTP/1.1" 429 267 visitasgijon.es "-" "Mozilla/5.0 (compatible; AhrefsBot/7.0; +http://ahrefs.com/robot/)" "-"
37.59.204.0 - - [13/Jun/2026:12:41:15 +0200] "GET /sitemap-346.xml HTTP/1.1" 429 267 visitasgijon.es "-" "Mozilla/5.0 (compatible; AhrefsBot/7.0; +http://ahrefs.com/robot/)" "-"
2a03:2880:f800:: - - [13/Jun/2026:12:41:19 +0200] "GET /item/3704835 HTTP/1.1" 404 2129 visitasgijon.es "-" "meta-externalagent/1.1 (+https://developers.facebook.com/docs/sharing/webmasters/crawler)" "-"
37.59.204.0 - - [13/Jun/2026:12:41:21 +0200] "GET /sitemap-665.xml HTTP/1.1" 429 267 visitasgijon.es "-" "Mozilla/5.0 (compatible; AhrefsBot/7.0; +http://ahrefs.com/robot/)" "-"
176.31.139.0 - - [13/Jun/2026:12:41:27 +0200] "GET /sitemap-294.xml HTTP/1.1" 429 267 visitasgijon.es "-" "Mozilla/5.0 (compatible; AhrefsBot/7.0; +http://ahrefs.com/robot/)" "-"
5.39.1.0 - - [13/Jun/2026:12:41:29 +0200] "GET /sitemap-48.xml HTTP/1.1" 429 267 visitasgijon.es "-" "Mozilla/5.0 (compatible; AhrefsBot/7.0; +http://ahrefs.com/robot/)" "-"
5.39.1.0 - - [13/Jun/2026:12:41:30 +0200] "GET /sitemap-880.xml HTTP/1.1" 429 267 visitasgijon.es "-" "Mozilla/5.0 (compatible; AhrefsBot/7.0; +http://ahrefs.com/robot/)" "-"
43.165.198.0 - - [13/Jun/2026:12:41:30 +0200] "GET / HTTP/1.1" 200 229 vanturexperiences.com "-" "Mozilla/5.0 (iPhone; CPU iPhone OS 13_2_3 like Mac OS X) AppleWebKit/605.1.15 (KHTML, like Gecko) Version/13.0.3 Mobile/15E148 Safari/604.1" "-"
5.39.1.0 - - [13/Jun/2026:12:41:31 +0200] "GET /sitemap-414.xml HTTP/1.1" 429 267 visitasgijon.es "-" "Mozilla/5.0 (compatible; AhrefsBot/7.0; +http://ahrefs.com/robot/)" "-"
51.75.236.0 - - [13/Jun/2026:12:41:32 +0200] "GET /sitemap-489.xml HTTP/1.1" 429 267 visitasgijon.es "-" "Mozilla/5.0 (compatible; AhrefsBot/7.0; +http://ahrefs.com/robot/)" "-"
51.75.236.0 - - [13/Jun/2026:12:41:33 +0200] "GET /sitemap-241.xml HTTP/1.1" 429 267 visitasgijon.es "-" "Mozilla/5.0 (compatible; AhrefsBot/7.0; +http://ahrefs.com/robot/)" "-"
51.68.247.0 - - [13/Jun/2026:12:41:40 +0200] "GET /sitemap-755.xml HTTP/1.1" 200 163405 visitasgijon.es "-" "Mozilla/5.0 (compatible; AhrefsBot/7.0; +http://ahrefs.com/robot/)" "-"
92.222.108.0 - - [13/Jun/2026:12:41:44 +0200] "GET /sitemap-913.xml HTTP/1.1" 200 146881 visitasgijon.es "-" "Mozilla/5.0 (compatible; AhrefsBot/7.0; +http://ahrefs.com/robot/)" "-"
66.249.70.0 - - [13/Jun/2026:12:41:52 +0200] "GET /products/25046842 HTTP/1.1" 200 189856 visitasgijon.es "-" "Mozilla/5.0 (Linux; Android 6.0.1; Nexus 5X Build/MMB29P) AppleWebKit/537.36 (KHTML, like Gecko) Chrome/148.0.7778.96 Mobile Safari/537.36 (compatible; Googlebot/2.1; +http://www.google.com/bot.html)" "-"
157.55.39.0 - - [13/Jun/2026:12:42:17 +0200] "GET /item/4091142 HTTP/1.1" 200 193285 visitasgijon.es "-" "Mozilla/5.0 AppleWebKit/537.36 (KHTML, like Gecko; compatible; bingbot/2.0; +http://www.bing.com/bingbot.htm) Chrome/116.0.1938.76 Safari/537.36" "-"
2a03:2880:f800:: - - [13/Jun/2026:12:42:27 +0200] "GET /item/4739636 HTTP/1.1" 404 2129 visitasgijon.es "-" "meta-externalagent/1.1 (+https://developers.facebook.com/docs/sharing/webmasters/crawler)" "-"
20.37.50.0 - - [13/Jun/2026:12:42:58 +0200] "GET / HTTP/1.1" 301 272 visitasgijon.es "-" "Mozilla/5.0 (Windows NT 10.0; Win64; x64) AppleWebKit/537.36 (KHTML, like Gecko) Chrome/120.0.0.0 Safari/537.36" "-"
20.37.50.0 - - [13/Jun/2026:12:42:59 +0200] "GET / HTTP/1.1" 200 36606 visitasgijon.es "-" "Mozilla/5.0 (Windows NT 10.0; Win64; x64) AppleWebKit/537.36 (KHTML, like Gecko) Chrome/120.0.0.0 Safari/537.36" "-"
20.37.50.0 - - [13/Jun/2026:12:43:09 +0200] "GET /wp-admin/ HTTP/1.1" 301 281 visitasgijon.es "-" "Mozilla/5.0 (Windows NT 10.0; Win64; x64) AppleWebKit/537.36 (KHTML, like Gecko) Chrome/120.0.0.0 Safari/537.36" "-"
2a03:2880:f800:: - - [13/Jun/2026:12:43:33 +0200] "GET /item/3291155 HTTP/1.1" 404 2129 visitasgijon.es "-" "meta-externalagent/1.1 (+https://developers.facebook.com/docs/sharing/webmasters/crawler)" "-"
207.46.13.0 - - [13/Jun/2026:12:43:57 +0200] "GET /item/2741600 HTTP/1.1" 200 189505 www.visitasgijon.es "-" "Mozilla/5.0 AppleWebKit/537.36 (KHTML, like Gecko; compatible; bingbot/2.0; +http://www.bing.com/bingbot.htm) Chrome/116.0.1938.76 Safari/537.36" "-"
66.249.70.0 - - [13/Jun/2026:12:44:17 +0200] "GET /products/21946219 HTTP/1.1" 200 183562 visitasgijon.es "-" "Mozilla/5.0 (Linux; Android 6.0.1; Nexus 5X Build/MMB29P) AppleWebKit/537.36 (KHTML, like Gecko) Chrome/148.0.7778.96 Mobile Safari/537.36 (compatible; Googlebot/2.1; +http://www.google.com/bot.html)" "-"
2a03:2880:f800:: - - [13/Jun/2026:12:44:41 +0200] "GET /item/4790950 HTTP/1.1" 404 2129 visitasgijon.es "-" "meta-externalagent/1.1 (+https://developers.facebook.com/docs/sharing/webmasters/crawler)" "-"
66.249.70.0 - - [13/Jun/2026:12:44:45 +0200] "GET /products/1061519 HTTP/1.1" 200 185670 visitasgijon.es "-" "Mozilla/5.0 (Linux; Android 6.0.1; Nexus 5X Build/MMB29P) AppleWebKit/537.36 (KHTML, like Gecko) Chrome/148.0.7778.96 Mobile Safari/537.36 (compatible; Googlebot/2.1; +http://www.google.com/bot.html)" "-"
66.249.70.0 - - [13/Jun/2026:12:44:58 +0200] "GET /item/3126309 HTTP/1.1" 200 191229 visitasgijon.es "-" "Mozilla/5.0 (Linux; Android 6.0.1; Nexus 5X Build/MMB29P) AppleWebKit/537.36 (KHTML, like Gecko) Chrome/148.0.7778.96 Mobile Safari/537.36 (compatible; Googlebot/2.1; +http://www.google.com/bot.html)" "-"
82.165.83.0 - - [13/Jun/2026:12:45:46 +0200] "POST /wp-cron.php?doing_wp_cron=1781347546.8931500911712646484375 HTTP/1.1" 200 - visitasgijon.es "https://visitasgijon.es/wp-cron.php?doing_wp_cron=1781347546.8931500911712646484375" "WordPress/5.1.22; https://visitasgijon.es" "-"
2a03:2880:f800:: - - [13/Jun/2026:12:45:46 +0200] "GET /item/2971918 HTTP/1.1" 404 2129 visitasgijon.es "-" "meta-externalagent/1.1 (+https://developers.facebook.com/docs/sharing/webmasters/crawler)" "-"
2a03:2880:f800:: - - [13/Jun/2026:12:46:53 +0200] "GET /item/3208290 HTTP/1.1" 404 2129 visitasgijon.es "-" "meta-externalagent/1.1 (+https://developers.facebook.com/docs/sharing/webmasters/crawler)" "-"
31.121.111.0 - - [13/Jun/2026:12:47:30 +0200] "GET / HTTP/1.1" 200 229 vanturexperiences.com "-" "Mozilla/5.0 (Windows NT 10.0; Win64; x64) AppleWebKit/537.36 (KHTML, like Gecko) Chrome/125.0.0.0 Safari/537.3" "-"
31.121.111.0 - - [13/Jun/2026:12:47:30 +0200] "GET /defaultsite HTTP/1.1" 200 1271 vanturexperiences.com "http://vanturexperiences.com/" "Mozilla/5.0 (Windows NT 10.0; Win64; x64) AppleWebKit/537.36 (KHTML, like Gecko) Chrome/125.0.0.0 Safari/537.3" "-"
31.121.111.0 - - [13/Jun/2026:12:47:37 +0200] "GET /apple-touch-icon.png HTTP/1.1" 404 1271 vanturexperiences.com "-" "Mozilla/5.0 (Windows NT 10.0; Win64; x64) AppleWebKit/537.36 (KHTML, like Gecko) Chrome/125.0.0.0 Safari/537.3" "-"
31.121.111.0 - - [13/Jun/2026:12:47:38 +0200] "GET /favicon.ico HTTP/1.1" 404 1271 vanturexperiences.com "-" "Mozilla/5.0 (Windows NT 10.0; Win64; x64) AppleWebKit/537.36 (KHTML, like Gecko) Chrome/125.0.0.0 Safari/537.3" "-"
2a03:2880:f800:: - - [13/Jun/2026:12:48:00 +0200] "GET /item/3368974 HTTP/1.1" 404 2129 visitasgijon.es "-" "meta-externalagent/1.1 (+https://developers.facebook.com/docs/sharing/webmasters/crawler)" "-"
2a03:2880:f800:: - - [13/Jun/2026:12:49:06 +0200] "GET /item/2534193 HTTP/1.1" 404 2129 visitasgijon.es "-" "meta-externalagent/1.1 (+https://developers.facebook.com/docs/sharing/webmasters/crawler)" "-"
2a03:2880:f800:: - - [13/Jun/2026:12:50:13 +0200] "GET /item/3431866 HTTP/1.1" 404 2129 visitasgijon.es "-" "meta-externalagent/1.1 (+https://developers.facebook.com/docs/sharing/webmasters/crawler)" "-"
66.249.70.0 - - [13/Jun/2026:12:50:23 +0200] "GET /item/2982765 HTTP/1.1" 200 191650 visitasgijon.es "-" "Mozilla/5.0 (Linux; Android 6.0.1; Nexus 5X Build/MMB29P) AppleWebKit/537.36 (KHTML, like Gecko) Chrome/148.0.7778.96 Mobile Safari/537.36 (compatible; Googlebot/2.1; +http://www.google.com/bot.html)" "-"
2a03:2880:f800:: - - [13/Jun/2026:12:51:20 +0200] "GET /item/4893359 HTTP/1.1" 404 2129 visitasgijon.es "-" "meta-externalagent/1.1 (+https://developers.facebook.com/docs/sharing/webmasters/crawler)" "-"
2a03:2880:f800:: - - [13/Jun/2026:12:52:26 +0200] "GET /item/4000937 HTTP/1.1" 404 2129 visitasgijon.es "-" "meta-externalagent/1.1 (+https://developers.facebook.com/docs/sharing/webmasters/crawler)" "-"
2a03:2880:f800:: - - [13/Jun/2026:12:53:33 +0200] "GET /item/3320238 HTTP/1.1" 404 2129 visitasgijon.es "-" "meta-externalagent/1.1 (+https://developers.facebook.com/docs/sharing/webmasters/crawler)" "-"
66.249.70.0 - - [13/Jun/2026:12:53:37 +0200] "GET /item/3044321 HTTP/1.1" 200 184076 visitasgijon.es "-" "Mozilla/5.0 (Linux; Android 6.0.1; Nexus 5X Build/MMB29P) AppleWebKit/537.36 (KHTML, like Gecko) Chrome/148.0.7778.96 Mobile Safari/537.36 (compatible; Googlebot/2.1; +http://www.google.com/bot.html)" "-"
114.119.139.0 - - [13/Jun/2026:12:53:42 +0200] "GET /item/4946163 HTTP/1.1" 403 - visitasgijon.es "https://visitasgijon.es/sitemap-312.xml" "Mozilla/5.0 (Linux; Android 7.0;) AppleWebKit/537.36 (HTML, like Gecko) Mobile Safari/537.36 (compatible; PetalBot;+https://webmaster.petalsearch.com/site/petalbot)" "-"
52.167.144.0 - - [13/Jun/2026:12:54:00 +0200] "GET /item/2208832 HTTP/1.1" 200 193528 visitasgijon.es "-" "Mozilla/5.0 AppleWebKit/537.36 (KHTML, like Gecko; compatible; bingbot/2.0; +http://www.bing.com/bingbot.htm) Chrome/116.0.1938.76 Safari/537.36" "-"
2a03:2880:f800:: - - [13/Jun/2026:12:54:40 +0200] "GET /item/3100133 HTTP/1.1" 404 2129 visitasgijon.es "-" "meta-externalagent/1.1 (+https://developers.facebook.com/docs/sharing/webmasters/crawler)" "-"
66.249.70.0 - - [13/Jun/2026:12:55:02 +0200] "GET /item/2914052 HTTP/1.1" 200 193641 visitasgijon.es "-" "Mozilla/5.0 (Linux; Android 6.0.1; Nexus 5X Build/MMB29P) AppleWebKit/537.36 (KHTML, like Gecko) Chrome/148.0.7778.96 Mobile Safari/537.36 (compatible; Googlebot/2.1; +http://www.google.com/bot.html)" "-"
35.252.237.0 - - [13/Jun/2026:12:55:21 +0200] "GET /wp-content/plugins/booking/js/captcha/tmp/1308153615.png HTTP/1.1" 301 328 visitasgijon.es "-" "Mozilla/5.0 (X11; Linux x86_64) AppleWebKit/537.36 (KHTML, like Gecko) Chrome/91.0.4472.114 Safari/537.36" "-"
35.252.237.0 - - [13/Jun/2026:12:55:24 +0200] "GET /wp-content/plugins/booking/js/captcha/tmp/1308153615.png HTTP/1.1" 404 2129 visitasgijon.es "-" "Mozilla/5.0 (X11; Linux x86_64) AppleWebKit/537.36 (KHTML, like Gecko) Chrome/91.0.4472.114 Safari/537.36" "-"
66.249.70.0 - - [13/Jun/2026:12:55:44 +0200] "GET /item/2982765 HTTP/1.1" 200 191650 visitasgijon.es "-" "Mozilla/5.0 (Linux; Android 6.0.1; Nexus 5X Build/MMB29P) AppleWebKit/537.36 (KHTML, like Gecko) Chrome/149.0.7827.114 Mobile Safari/537.36 (compatible; Googlebot/2.1; +http://www.google.com/bot.html)" "-"
2a03:2880:f800:: - - [13/Jun/2026:12:55:46 +0200] "GET /item/2502590 HTTP/1.1" 404 2129 visitasgijon.es "-" "meta-externalagent/1.1 (+https://developers.facebook.com/docs/sharing/webmasters/crawler)" "-"
2a03:2880:f800:: - - [13/Jun/2026:12:56:53 +0200] "GET /item/2856119 HTTP/1.1" 404 2129 visitasgijon.es "-" "meta-externalagent/1.1 (+https://developers.facebook.com/docs/sharing/webmasters/crawler)" "-"
2a03:2880:f800:: - - [13/Jun/2026:12:57:59 +0200] "GET /item/2264284 HTTP/1.1" 404 2129 visitasgijon.es "-" "meta-externalagent/1.1 (+https://developers.facebook.com/docs/sharing/webmasters/crawler)" "-"
2a03:2880:f800:: - - [13/Jun/2026:12:59:07 +0200] "GET /item/4392732 HTTP/1.1" 404 2129 visitasgijon.es "-" "meta-externalagent/1.1 (+https://developers.facebook.com/docs/sharing/webmasters/crawler)" "-"
66.249.70.0 - - [13/Jun/2026:12:59:35 +0200] "GET /products/30712675 HTTP/1.1" 200 192592 visitasgijon.es "-" "Mozilla/5.0 (Linux; Android 6.0.1; Nexus 5X Build/MMB29P) AppleWebKit/537.36 (KHTML, like Gecko) Chrome/148.0.7778.96 Mobile Safari/537.36 (compatible; Googlebot/2.1; +http://www.google.com/bot.html)" "-"
2a03:2880:f800:: - - [13/Jun/2026:13:00:13 +0200] "GET /item/4252510 HTTP/1.1" 404 2129 visitasgijon.es "-" "meta-externalagent/1.1 (+https://developers.facebook.com/docs/sharing/webmasters/crawler)" "-"
82.165.83.0 - - [13/Jun/2026:13:00:14 +0200] "POST /wp-cron.php?doing_wp_cron=1781348414.7392940521240234375000 HTTP/1.1" 200 - visitasgijon.es "https://visitasgijon.es/wp-cron.php?doing_wp_cron=1781348414.7392940521240234375000" "WordPress/5.1.22; https://visitasgijon.es" "-"
52.167.144.0 - - [13/Jun/2026:13:00:33 +0200] "GET /item/2509853 HTTP/1.1" 200 191854 visitasgijon.es "-" "Mozilla/5.0 AppleWebKit/537.36 (KHTML, like Gecko; compatible; bingbot/2.0; +http://www.bing.com/bingbot.htm) Chrome/116.0.1938.76 Safari/537.36" "-"
2a03:2880:f800:: - - [13/Jun/2026:13:01:20 +0200] "GET /item/4296943 HTTP/1.1" 404 2129 visitasgijon.es "-" "meta-externalagent/1.1 (+https://developers.facebook.com/docs/sharing/webmasters/crawler)" "-"
2a03:2880:f800:: - - [13/Jun/2026:13:02:26 +0200] "GET /item/3234591 HTTP/1.1" 404 2129 visitasgijon.es "-" "meta-externalagent/1.1 (+https://developers.facebook.com/docs/sharing/webmasters/crawler)" "-"
2a03:2880:f800:: - - [13/Jun/2026:13:03:33 +0200] "GET /item/4717434 HTTP/1.1" 404 2129 visitasgijon.es "-" "meta-externalagent/1.1 (+https://developers.facebook.com/docs/sharing/webmasters/crawler)" "-"
2a03:2880:f800:: - - [13/Jun/2026:13:04:40 +0200] "GET /item/2211760 HTTP/1.1" 404 2129 visitasgijon.es "-" "meta-externalagent/1.1 (+https://developers.facebook.com/docs/sharing/webmasters/crawler)" "-"
2a03:2880:f800:: - - [13/Jun/2026:13:05:46 +0200] "GET /item/4672002 HTTP/1.1" 404 2129 visitasgijon.es "-" "meta-externalagent/1.1 (+https://developers.facebook.com/docs/sharing/webmasters/crawler)" "-"
66.249.70.0 - - [13/Jun/2026:13:06:22 +0200] "GET /products/20283142 HTTP/1.1" 200 193502 visitasgijon.es "-" "Mozilla/5.0 (Linux; Android 6.0.1; Nexus 5X Build/MMB29P) AppleWebKit/537.36 (KHTML, like Gecko) Chrome/148.0.7778.96 Mobile Safari/537.36 (compatible; Googlebot/2.1; +http://www.google.com/bot.html)" "-"
2a03:2880:f800:: - - [13/Jun/2026:13:06:53 +0200] "GET /item/4677785 HTTP/1.1" 404 2129 visitasgijon.es "-" "meta-externalagent/1.1 (+https://developers.facebook.com/docs/sharing/webmasters/crawler)" "-"
2a03:2880:f800:: - - [13/Jun/2026:13:08:00 +0200] "GET /item/3094664 HTTP/1.1" 404 2129 visitasgijon.es "-" "meta-externalagent/1.1 (+https://developers.facebook.com/docs/sharing/webmasters/crawler)" "-"
66.249.70.0 - - [13/Jun/2026:13:08:22 +0200] "GET /item/3044321 HTTP/1.1" 200 184076 visitasgijon.es "-" "Mozilla/5.0 (Linux; Android 6.0.1; Nexus 5X Build/MMB29P) AppleWebKit/537.36 (KHTML, like Gecko) Chrome/149.0.7827.114 Mobile Safari/537.36 (compatible; Googlebot/2.1; +http://www.google.com/bot.html)" "-"
2a03:2880:f800:: - - [13/Jun/2026:13:09:06 +0200] "GET /item/1996208 HTTP/1.1" 404 2129 visitasgijon.es "-" "meta-externalagent/1.1 (+https://developers.facebook.com/docs/sharing/webmasters/crawler)" "-"
66.249.70.0 - - [13/Jun/2026:13:09:32 +0200] "GET /item/4839825 HTTP/1.1" 200 190462 visitasgijon.es "-" "Mozilla/5.0 (Linux; Android 6.0.1; Nexus 5X Build/MMB29P) AppleWebKit/537.36 (KHTML, like Gecko) Chrome/148.0.7778.96 Mobile Safari/537.36 (compatible; Googlebot/2.1; +http://www.google.com/bot.html)" "-"
