216.73.216.0 - - [13/Jun/2026:18:29:18 +0200] "GET /.metadata/369804/index.php?fileloc=%2F%2F..%2Fbin%2Fdiff&path=%2F%2F..%2Fbin HTTP/1.1" 200 5010 visitasgijon.es "-" "Mozilla/5.0 AppleWebKit/537.36 (KHTML, like Gecko; compatible; ClaudeBot/1.0; +claudebot@anthropic.com)" "-"
216.73.216.0 - - [13/Jun/2026:18:29:18 +0200] "GET /.metadata/369804/index.php?path=%2F%2Flib%2Fpython3.9%2Fhtml HTTP/1.1" 200 9741 visitasgijon.es "-" "Mozilla/5.0 AppleWebKit/537.36 (KHTML, like Gecko; compatible; ClaudeBot/1.0; +claudebot@anthropic.com)" "-"
216.73.216.0 - - [13/Jun/2026:18:29:19 +0200] "GET /.metadata/369804/index.php?fileloc=%2F%2F..%2Fbin%2Fcpp-10&path=%2F%2F..%2Fbin HTTP/1.1" 200 5012 visitasgijon.es "-" "Mozilla/5.0 AppleWebKit/537.36 (KHTML, like Gecko; compatible; ClaudeBot/1.0; +claudebot@anthropic.com)" "-"
216.73.216.0 - - [13/Jun/2026:18:29:19 +0200] "GET /.metadata/369804/index.php?fileloc=%2F%2Flib%2Fpython3.9%2Fqueue.py&path=%2F%2Flib%2Fpython3.9 HTTP/1.1" 200 16608 visitasgijon.es "-" "Mozilla/5.0 AppleWebKit/537.36 (KHTML, like Gecko; compatible; ClaudeBot/1.0; +claudebot@anthropic.com)" "-"
216.73.216.0 - - [13/Jun/2026:18:29:19 +0200] "GET /.metadata/369804/index.php?fileloc=%2F%2Flib%2Fpython3.9%2F_sysconfigdata__linux_x86_64-linux-gnu.py&path=%2F%2Flib%2Fpython3.9 HTTP/1.1" 200 31598 visitasgijon.es "-" "Mozilla/5.0 AppleWebKit/537.36 (KHTML, like Gecko; compatible; ClaudeBot/1.0; +claudebot@anthropic.com)" "-"
216.73.216.0 - - [13/Jun/2026:18:29:19 +0200] "GET /.metadata/369804/index.php?fileloc=%2F%2F..%2Fbin%2Fexpr&path=%2F%2F..%2Fbin HTTP/1.1" 200 5010 visitasgijon.es "-" "Mozilla/5.0 AppleWebKit/537.36 (KHTML, like Gecko; compatible; ClaudeBot/1.0; +claudebot@anthropic.com)" "-"
216.73.216.0 - - [13/Jun/2026:18:29:20 +0200] "GET /.metadata/369804/index.php?fileloc=%2F%2F..%2Fbin%2Fssh&path=%2F%2F..%2Fbin HTTP/1.1" 200 5009 visitasgijon.es "-" "Mozilla/5.0 AppleWebKit/537.36 (KHTML, like Gecko; compatible; ClaudeBot/1.0; +claudebot@anthropic.com)" "-"
216.73.216.0 - - [13/Jun/2026:18:29:20 +0200] "GET /.metadata/369804/index.php?path=%2F%2F..%2Fetc%2Fssh HTTP/1.1" 200 7845 visitasgijon.es "-" "Mozilla/5.0 AppleWebKit/537.36 (KHTML, like Gecko; compatible; ClaudeBot/1.0; +claudebot@anthropic.com)" "-"
216.73.216.0 - - [13/Jun/2026:18:29:20 +0200] "GET /.metadata/369804/index.php?path=%2F%2Fetc%2F..%2Fdev HTTP/1.1" 200 9323 visitasgijon.es "-" "Mozilla/5.0 AppleWebKit/537.36 (KHTML, like Gecko; compatible; ClaudeBot/1.0; +claudebot@anthropic.com)" "-"
216.73.216.0 - - [13/Jun/2026:18:29:20 +0200] "GET /.metadata/369804/index.php?fileloc=%2F%2F..%2Fbin%2Flsof&path=%2F%2F..%2Fbin HTTP/1.1" 200 5010 visitasgijon.es "-" "Mozilla/5.0 AppleWebKit/537.36 (KHTML, like Gecko; compatible; ClaudeBot/1.0; +claudebot@anthropic.com)" "-"
216.73.216.0 - - [13/Jun/2026:18:29:21 +0200] "GET /.metadata/369804/index.php?path=%2F%2Flib%2F..%2Finclude HTTP/1.1" 200 134440 visitasgijon.es "-" "Mozilla/5.0 AppleWebKit/537.36 (KHTML, like Gecko; compatible; ClaudeBot/1.0; +claudebot@anthropic.com)" "-"
216.73.216.0 - - [13/Jun/2026:18:29:21 +0200] "GET /.metadata/369804/index.php?path=%2F%2Fvar%2F..%2Fdev HTTP/1.1" 429 267 visitasgijon.es "-" "Mozilla/5.0 AppleWebKit/537.36 (KHTML, like Gecko; compatible; ClaudeBot/1.0; +claudebot@anthropic.com)" "-"
216.73.216.0 - - [13/Jun/2026:18:29:21 +0200] "GET /.metadata/369804/index.php?fileloc=%2F%2Flib%2Fpython3.9%2Fcodeop.py&path=%2F%2Flib%2Fpython3.9 HTTP/1.1" 429 267 visitasgijon.es "-" "Mozilla/5.0 AppleWebKit/537.36 (KHTML, like Gecko; compatible; ClaudeBot/1.0; +claudebot@anthropic.com)" "-"
216.73.216.0 - - [13/Jun/2026:18:29:21 +0200] "GET /.metadata/369804/index.php?fileloc=%2F%2F..%2Fbin%2Fgit-shell&path=%2F%2F..%2Fbin HTTP/1.1" 429 267 visitasgijon.es "-" "Mozilla/5.0 AppleWebKit/537.36 (KHTML, like Gecko; compatible; ClaudeBot/1.0; +claudebot@anthropic.com)" "-"
216.73.216.0 - - [13/Jun/2026:18:29:21 +0200] "GET /.metadata/369804/index.php?path=%2F%2F..%2Fetc%2Fkernel HTTP/1.1" 429 267 visitasgijon.es "-" "Mozilla/5.0 AppleWebKit/537.36 (KHTML, like Gecko; compatible; ClaudeBot/1.0; +claudebot@anthropic.com)" "-"
216.73.216.0 - - [13/Jun/2026:18:29:22 +0200] "GET /.metadata/369804/index.php?fileloc=%2F%2F..%2Fsbin%2Fcppw&path=%2F%2F..%2Fsbin HTTP/1.1" 429 267 visitasgijon.es "-" "Mozilla/5.0 AppleWebKit/537.36 (KHTML, like Gecko; compatible; ClaudeBot/1.0; +claudebot@anthropic.com)" "-"
216.73.216.0 - - [13/Jun/2026:18:29:22 +0200] "GET /.metadata/369804/index.php?path=%2F%2Flib%2Fpython3.9%2Fhttp HTTP/1.1" 429 267 visitasgijon.es "-" "Mozilla/5.0 AppleWebKit/537.36 (KHTML, like Gecko; compatible; ClaudeBot/1.0; +claudebot@anthropic.com)" "-"
216.73.216.0 - - [13/Jun/2026:18:29:22 +0200] "GET /.metadata/369804/index.php?path=%2F%2Frun%2F..%2Ftmp HTTP/1.1" 429 267 visitasgijon.es "-" "Mozilla/5.0 AppleWebKit/537.36 (KHTML, like Gecko; compatible; ClaudeBot/1.0; +claudebot@anthropic.com)" "-"
216.73.216.0 - - [13/Jun/2026:18:29:22 +0200] "GET /.metadata/369804/index.php?fileloc=%2F%2F..%2Fbin%2Fphp7.0-cli&path=%2F%2F..%2Fbin HTTP/1.1" 429 267 visitasgijon.es "-" "Mozilla/5.0 AppleWebKit/537.36 (KHTML, like Gecko; compatible; ClaudeBot/1.0; +claudebot@anthropic.com)" "-"
216.73.216.0 - - [13/Jun/2026:18:29:22 +0200] "GET /.metadata/369804/index.php?fileloc=%2F%2F..%2Fbin%2Fx86_64-linux-gnu-cpp&path=%2F%2F..%2Fbin HTTP/1.1" 429 267 visitasgijon.es "-" "Mozilla/5.0 AppleWebKit/537.36 (KHTML, like Gecko; compatible; ClaudeBot/1.0; +claudebot@anthropic.com)" "-"
216.73.216.0 - - [13/Jun/2026:18:29:22 +0200] "GET /.metadata/369804/index.php?fileloc=%2F%2F..%2Fbin%2Fui-sqlmapper&path=%2F%2F..%2Fbin HTTP/1.1" 429 267 visitasgijon.es "-" "Mozilla/5.0 AppleWebKit/537.36 (KHTML, like Gecko; compatible; ClaudeBot/1.0; +claudebot@anthropic.com)" "-"
216.73.216.0 - - [13/Jun/2026:18:29:23 +0200] "GET /.metadata/369804/index.php?path=%2F%2F..%2Fetc%2Fbash_completion.d HTTP/1.1" 429 267 visitasgijon.es "-" "Mozilla/5.0 AppleWebKit/537.36 (KHTML, like Gecko; compatible; ClaudeBot/1.0; +claudebot@anthropic.com)" "-"
216.73.216.0 - - [13/Jun/2026:18:29:23 +0200] "GET /.metadata/369804/index.php?fileloc=%2F%2Flib%2Fpython3.9%2Fcode.py&path=%2F%2Flib%2Fpython3.9 HTTP/1.1" 429 267 visitasgijon.es "-" "Mozilla/5.0 AppleWebKit/537.36 (KHTML, like Gecko; compatible; ClaudeBot/1.0; +claudebot@anthropic.com)" "-"
216.73.216.0 - - [13/Jun/2026:18:29:28 +0200] "GET /.metadata/369804/index.php?path=%2F%2Frun%2F..%2Fdev HTTP/1.1" 429 267 visitasgijon.es "-" "Mozilla/5.0 AppleWebKit/537.36 (KHTML, like Gecko; compatible; ClaudeBot/1.0; +claudebot@anthropic.com)" "-"
216.73.216.0 - - [13/Jun/2026:18:29:33 +0200] "GET /.metadata/369804/index.php?fileloc=%2F%2F..%2Fbin%2Frecode&path=%2F%2F..%2Fbin HTTP/1.1" 429 267 visitasgijon.es "-" "Mozilla/5.0 AppleWebKit/537.36 (KHTML, like Gecko; compatible; ClaudeBot/1.0; +claudebot@anthropic.com)" "-"
216.73.216.0 - - [13/Jun/2026:18:29:38 +0200] "GET /.metadata/369804/index.php?fileloc=%2F%2Flib%2Fpython3.9%2Fdifflib.py&path=%2F%2Flib%2Fpython3.9 HTTP/1.1" 429 267 visitasgijon.es "-" "Mozilla/5.0 AppleWebKit/537.36 (KHTML, like Gecko; compatible; ClaudeBot/1.0; +claudebot@anthropic.com)" "-"
216.73.216.0 - - [13/Jun/2026:18:29:43 +0200] "GET /.metadata/369804/index.php?path=%2F%2Fbin%2F..%2Fsrc HTTP/1.1" 429 267 visitasgijon.es "-" "Mozilla/5.0 AppleWebKit/537.36 (KHTML, like Gecko; compatible; ClaudeBot/1.0; +claudebot@anthropic.com)" "-"
216.73.216.0 - - [13/Jun/2026:18:29:45 +0200] "GET /.metadata/369804/index.php?path=%2F%2F..%2Fetc%2Finit.d HTTP/1.1" 429 267 visitasgijon.es "-" "Mozilla/5.0 AppleWebKit/537.36 (KHTML, like Gecko; compatible; ClaudeBot/1.0; +claudebot@anthropic.com)" "-"
216.73.216.0 - - [13/Jun/2026:18:29:54 +0200] "GET /.metadata/369804/index.php?fileloc=%2F%2F..%2Fbin%2Fvim.basic&path=%2F%2F..%2Fbin HTTP/1.1" 429 267 visitasgijon.es "-" "Mozilla/5.0 AppleWebKit/537.36 (KHTML, like Gecko; compatible; ClaudeBot/1.0; +claudebot@anthropic.com)" "-"
216.73.216.0 - - [13/Jun/2026:18:29:59 +0200] "GET /.metadata/369804/index.php?fileloc=%2F%2F..%2Fbin%2Fvimdiff&path=%2F%2F..%2Fbin HTTP/1.1" 429 267 visitasgijon.es "-" "Mozilla/5.0 AppleWebKit/537.36 (KHTML, like Gecko; compatible; ClaudeBot/1.0; +claudebot@anthropic.com)" "-"
66.249.70.0 - - [13/Jun/2026:18:29:59 +0200] "GET /products/23047119 HTTP/1.1" 200 190566 visitasgijon.es "-" "Mozilla/5.0 (Linux; Android 6.0.1; Nexus 5X Build/MMB29P) AppleWebKit/537.36 (KHTML, like Gecko) Chrome/148.0.7778.96 Mobile Safari/537.36 (compatible; Googlebot/2.1; +http://www.google.com/bot.html)" "-"
216.73.216.0 - - [13/Jun/2026:18:30:04 +0200] "GET /.metadata/369804/index.php?path=%2F%2Fbin%2F..%2Finclude HTTP/1.1" 429 267 visitasgijon.es "-" "Mozilla/5.0 AppleWebKit/537.36 (KHTML, like Gecko; compatible; ClaudeBot/1.0; +claudebot@anthropic.com)" "-"
216.73.216.0 - - [13/Jun/2026:18:30:09 +0200] "GET /.metadata/369804/index.php?fileloc=%2F%2F..%2Fbin%2Fcpp&path=%2F%2F..%2Fbin HTTP/1.1" 429 267 visitasgijon.es "-" "Mozilla/5.0 AppleWebKit/537.36 (KHTML, like Gecko; compatible; ClaudeBot/1.0; +claudebot@anthropic.com)" "-"
2a03:2880:f800:: - - [13/Jun/2026:18:30:13 +0200] "GET /item/3213650 HTTP/1.1" 404 2129 visitasgijon.es "-" "meta-externalagent/1.1 (+https://developers.facebook.com/docs/sharing/webmasters/crawler)" "-"
216.73.216.0 - - [13/Jun/2026:18:30:14 +0200] "GET /.metadata/369804/index.php?fileloc=%2F%2Flib%2Fpython3.9%2Fstring.py&path=%2F%2Flib%2Fpython3.9 HTTP/1.1" 429 267 visitasgijon.es "-" "Mozilla/5.0 AppleWebKit/537.36 (KHTML, like Gecko; compatible; ClaudeBot/1.0; +claudebot@anthropic.com)" "-"
216.73.216.0 - - [13/Jun/2026:18:30:19 +0200] "GET /.metadata/369804/index.php?path=%2F%2F..%2Fetc%2Fghostscript HTTP/1.1" 429 267 visitasgijon.es "-" "Mozilla/5.0 AppleWebKit/537.36 (KHTML, like Gecko; compatible; ClaudeBot/1.0; +claudebot@anthropic.com)" "-"
216.73.216.0 - - [13/Jun/2026:18:30:24 +0200] "GET /.metadata/369804/index.php?path=%2F%2Flib%2Fpython3.9%2Fsqlite3 HTTP/1.1" 200 9790 visitasgijon.es "-" "Mozilla/5.0 AppleWebKit/537.36 (KHTML, like Gecko; compatible; ClaudeBot/1.0; +claudebot@anthropic.com)" "-"
216.73.216.0 - - [13/Jun/2026:18:30:30 +0200] "GET /.metadata/369804/index.php?fileloc=%2F%2F..%2Fbin%2Fsshpass&path=%2F%2F..%2Fbin HTTP/1.1" 200 5013 visitasgijon.es "-" "Mozilla/5.0 AppleWebKit/537.36 (KHTML, like Gecko; compatible; ClaudeBot/1.0; +claudebot@anthropic.com)" "-"
216.73.216.0 - - [13/Jun/2026:18:30:35 +0200] "GET /.metadata/369804/index.php?fileloc=%2F%2F..%2Fbin%2Fzipnote&path=%2F%2F..%2Fbin HTTP/1.1" 200 5013 visitasgijon.es "-" "Mozilla/5.0 AppleWebKit/537.36 (KHTML, like Gecko; compatible; ClaudeBot/1.0; +claudebot@anthropic.com)" "-"
216.73.216.0 - - [13/Jun/2026:18:30:40 +0200] "GET /.metadata/369804/index.php?fileloc=%2F%2F..%2Fbin%2Fvim&path=%2F%2F..%2Fbin HTTP/1.1" 200 5009 visitasgijon.es "-" "Mozilla/5.0 AppleWebKit/537.36 (KHTML, like Gecko; compatible; ClaudeBot/1.0; +claudebot@anthropic.com)" "-"
216.73.216.0 - - [13/Jun/2026:18:30:45 +0200] "GET /.metadata/369804/index.php?fileloc=%2F%2Flib%2Fpython3.9%2Fcrypt.py&path=%2F%2Flib%2Fpython3.9 HTTP/1.1" 200 9049 visitasgijon.es "-" "Mozilla/5.0 AppleWebKit/537.36 (KHTML, like Gecko; compatible; ClaudeBot/1.0; +claudebot@anthropic.com)" "-"
216.73.216.0 - - [13/Jun/2026:18:30:50 +0200] "GET /.metadata/369804/index.php?fileloc=%2F%2Flib%2Fpython3.9%2Fcmd.py&path=%2F%2Flib%2Fpython3.9 HTTP/1.1" 200 20624 visitasgijon.es "-" "Mozilla/5.0 AppleWebKit/537.36 (KHTML, like Gecko; compatible; ClaudeBot/1.0; +claudebot@anthropic.com)" "-"
216.73.216.0 - - [13/Jun/2026:18:30:55 +0200] "GET /.metadata/369804/index.php?fileloc=%2F%2Flib%2Fpython3.9%2Fweakref.py&path=%2F%2Flib%2Fpython3.9 HTTP/1.1" 200 27050 visitasgijon.es "-" "Mozilla/5.0 AppleWebKit/537.36 (KHTML, like Gecko; compatible; ClaudeBot/1.0; +claudebot@anthropic.com)" "-"
216.73.216.0 - - [13/Jun/2026:18:31:00 +0200] "GET /.metadata/369804/index.php?fileloc=%2F%2Flib%2Fpython3.9%2Ftraceback.py&path=%2F%2Flib%2Fpython3.9 HTTP/1.1" 200 30218 visitasgijon.es "-" "Mozilla/5.0 AppleWebKit/537.36 (KHTML, like Gecko; compatible; ClaudeBot/1.0; +claudebot@anthropic.com)" "-"
216.73.216.0 - - [13/Jun/2026:18:31:05 +0200] "GET /.metadata/369804/index.php?fileloc=%2F%2F..%2Fbin%2Fbash-static&path=%2F%2F..%2Fbin HTTP/1.1" 200 5017 visitasgijon.es "-" "Mozilla/5.0 AppleWebKit/537.36 (KHTML, like Gecko; compatible; ClaudeBot/1.0; +claudebot@anthropic.com)" "-"
216.73.216.0 - - [13/Jun/2026:18:31:10 +0200] "GET /.metadata/369804/index.php?fileloc=%2F%2F..%2Fbin%2Fjson_pp&path=%2F%2F..%2Fbin HTTP/1.1" 200 10349 visitasgijon.es "-" "Mozilla/5.0 AppleWebKit/537.36 (KHTML, like Gecko; compatible; ClaudeBot/1.0; +claudebot@anthropic.com)" "-"
206.204.3.0 - - [13/Jun/2026:18:31:14 +0200] "GET / HTTP/1.1" 200 229 vanturexperiences.com "-" "Mozilla/5.0 (iPhone; CPU iPhone OS 26_3 like Mac OS X) AppleWebKit/605.1.15 (KHTML, like Gecko) CriOS/144.0.7559.95 Mobile/15E148 Safari/604.1" "-"
94.176.85.0 - - [13/Jun/2026:18:31:14 +0200] "GET /favicon.ico HTTP/1.1" 404 1271 vanturexperiences.com "http://vanturexperiences.com/" "Mozilla/5.0 (iPhone; CPU iPhone OS 26_3 like Mac OS X) AppleWebKit/605.1.15 (KHTML, like Gecko) CriOS/144.0.7559.95 Mobile/15E148 Safari/604.1" "-"
206.204.32.0 - - [13/Jun/2026:18:31:14 +0200] "GET /defaultsite HTTP/1.1" 200 1271 vanturexperiences.com "http://vanturexperiences.com/" "Mozilla/5.0 (iPhone; CPU iPhone OS 26_3 like Mac OS X) AppleWebKit/605.1.15 (KHTML, like Gecko) CriOS/144.0.7559.95 Mobile/15E148 Safari/604.1" "-"
216.73.216.0 - - [13/Jun/2026:18:31:15 +0200] "GET /.metadata/369804/index.php?fileloc=%2F%2Flib%2Fpython3.9%2Fstat.py&path=%2F%2Flib%2Fpython3.9 HTTP/1.1" 200 11216 visitasgijon.es "-" "Mozilla/5.0 AppleWebKit/537.36 (KHTML, like Gecko; compatible; ClaudeBot/1.0; +claudebot@anthropic.com)" "-"
216.73.216.0 - - [13/Jun/2026:18:31:20 +0200] "GET /.metadata/369804/index.php?fileloc=%2F%2F..%2Fbin%2Fx86_64-linux-gnu-c++filt&path=%2F%2F..%2Fbin HTTP/1.1" 200 5277 visitasgijon.es "-" "Mozilla/5.0 AppleWebKit/537.36 (KHTML, like Gecko; compatible; ClaudeBot/1.0; +claudebot@anthropic.com)" "-"
2a03:2880:f800:: - - [13/Jun/2026:18:31:20 +0200] "GET /item/2278835 HTTP/1.1" 404 2129 visitasgijon.es "-" "meta-externalagent/1.1 (+https://developers.facebook.com/docs/sharing/webmasters/crawler)" "-"
66.249.70.0 - - [13/Jun/2026:18:31:24 +0200] "GET /products/9638953 HTTP/1.1" 200 190022 visitasgijon.es "-" "Mozilla/5.0 (Linux; Android 6.0.1; Nexus 5X Build/MMB29P) AppleWebKit/537.36 (KHTML, like Gecko) Chrome/148.0.7778.96 Mobile Safari/537.36 (compatible; Googlebot/2.1; +http://www.google.com/bot.html)" "-"
216.73.216.0 - - [13/Jun/2026:18:31:25 +0200] "GET /.metadata/369804/index.php?fileloc=%2F%2F..%2Fbin%2Fstream&path=%2F%2F..%2Fbin HTTP/1.1" 200 5012 visitasgijon.es "-" "Mozilla/5.0 AppleWebKit/537.36 (KHTML, like Gecko; compatible; ClaudeBot/1.0; +claudebot@anthropic.com)" "-"
216.73.216.0 - - [13/Jun/2026:18:31:30 +0200] "GET /.metadata/369804/index.php?fileloc=%2F%2Flib%2Fpython3.9%2Fposixpath.py&path=%2F%2Flib%2Fpython3.9 HTTP/1.1" 200 21527 visitasgijon.es "-" "Mozilla/5.0 AppleWebKit/537.36 (KHTML, like Gecko; compatible; ClaudeBot/1.0; +claudebot@anthropic.com)" "-"
216.73.216.0 - - [13/Jun/2026:18:31:35 +0200] "GET /.metadata/369804/index.php?fileloc=%2F%2F..%2Fbin%2Fdb5.3_replicate&path=%2F%2F..%2Fbin HTTP/1.1" 200 5021 visitasgijon.es "-" "Mozilla/5.0 AppleWebKit/537.36 (KHTML, like Gecko; compatible; ClaudeBot/1.0; +claudebot@anthropic.com)" "-"
216.73.216.0 - - [13/Jun/2026:18:31:40 +0200] "GET /.metadata/369804/index.php?fileloc=%2F%2F..%2Fbin%2Fselect-editor&path=%2F%2F..%2Fbin HTTP/1.1" 200 7759 visitasgijon.es "-" "Mozilla/5.0 AppleWebKit/537.36 (KHTML, like Gecko; compatible; ClaudeBot/1.0; +claudebot@anthropic.com)" "-"
216.73.216.0 - - [13/Jun/2026:18:31:46 +0200] "GET /.metadata/369804/index.php?fileloc=%2F%2Flib%2Fpython3.9%2Ffunctools.py&path=%2F%2Flib%2Fpython3.9 HTTP/1.1" 200 43793 visitasgijon.es "-" "Mozilla/5.0 AppleWebKit/537.36 (KHTML, like Gecko; compatible; ClaudeBot/1.0; +claudebot@anthropic.com)" "-"
216.73.216.0 - - [13/Jun/2026:18:31:51 +0200] "GET /.metadata/369804/index.php?path=%2F%2Fsrv%2F..%2Ftmp-private HTTP/1.1" 200 6240 visitasgijon.es "-" "Mozilla/5.0 AppleWebKit/537.36 (KHTML, like Gecko; compatible; ClaudeBot/1.0; +claudebot@anthropic.com)" "-"
216.73.216.0 - - [13/Jun/2026:18:31:56 +0200] "GET /.metadata/369804/index.php?fileloc=%2F%2Flib%2Fpython3.9%2Fbdb.py&path=%2F%2Flib%2Fpython3.9 HTTP/1.1" 200 38178 visitasgijon.es "-" "Mozilla/5.0 AppleWebKit/537.36 (KHTML, like Gecko; compatible; ClaudeBot/1.0; +claudebot@anthropic.com)" "-"
216.73.216.0 - - [13/Jun/2026:18:32:01 +0200] "GET /.metadata/369804/index.php?path=%2F%2Fvar%2F..%2Fsrv HTTP/1.1" 200 6184 visitasgijon.es "-" "Mozilla/5.0 AppleWebKit/537.36 (KHTML, like Gecko; compatible; ClaudeBot/1.0; +claudebot@anthropic.com)" "-"
66.249.70.0 - - [13/Jun/2026:18:32:06 +0200] "GET /products/28341742 HTTP/1.1" 200 184921 visitasgijon.es "-" "Mozilla/5.0 (Linux; Android 6.0.1; Nexus 5X Build/MMB29P) AppleWebKit/537.36 (KHTML, like Gecko) Chrome/148.0.7778.96 Mobile Safari/537.36 (compatible; Googlebot/2.1; +http://www.google.com/bot.html)" "-"
216.73.216.0 - - [13/Jun/2026:18:32:06 +0200] "GET /.metadata/369804/index.php?fileloc=%2F%2F..%2Fbin%2Fzdump&path=%2F%2F..%2Fbin HTTP/1.1" 429 267 visitasgijon.es "-" "Mozilla/5.0 AppleWebKit/537.36 (KHTML, like Gecko; compatible; ClaudeBot/1.0; +claudebot@anthropic.com)" "-"
216.73.216.0 - - [13/Jun/2026:18:32:11 +0200] "GET /.metadata/369804/index.php?fileloc=%2F%2F..%2Fsbin%2Fmodprobe&path=%2F%2F..%2Fsbin HTTP/1.1" 429 267 visitasgijon.es "-" "Mozilla/5.0 AppleWebKit/537.36 (KHTML, like Gecko; compatible; ClaudeBot/1.0; +claudebot@anthropic.com)" "-"
216.73.216.0 - - [13/Jun/2026:18:32:16 +0200] "GET /.metadata/369804/index.php?fileloc=%2F%2F..%2Fbin%2Fgit-upload-archive&path=%2F%2F..%2Fbin HTTP/1.1" 429 267 visitasgijon.es "-" "Mozilla/5.0 AppleWebKit/537.36 (KHTML, like Gecko; compatible; ClaudeBot/1.0; +claudebot@anthropic.com)" "-"
216.73.216.0 - - [13/Jun/2026:18:32:21 +0200] "GET /.metadata/369804/index.php?fileloc=%2F%2F..%2Fbin%2Fchrt&path=%2F%2F..%2Fbin HTTP/1.1" 429 267 visitasgijon.es "-" "Mozilla/5.0 AppleWebKit/537.36 (KHTML, like Gecko; compatible; ClaudeBot/1.0; +claudebot@anthropic.com)" "-"
216.73.216.0 - - [13/Jun/2026:18:32:26 +0200] "GET /.metadata/369804/index.php?fileloc=%2F%2F..%2Fbin%2Fdash&path=%2F%2F..%2Fbin HTTP/1.1" 429 267 visitasgijon.es "-" "Mozilla/5.0 AppleWebKit/537.36 (KHTML, like Gecko; compatible; ClaudeBot/1.0; +claudebot@anthropic.com)" "-"
2a03:2880:f800:: - - [13/Jun/2026:18:32:26 +0200] "GET /item/3263080 HTTP/1.1" 404 1337 visitasgijon.es "-" "meta-externalagent/1.1 (+https://developers.facebook.com/docs/sharing/webmasters/crawler)" "-"
216.73.216.0 - - [13/Jun/2026:18:32:31 +0200] "GET /.metadata/369804/index.php?fileloc=%2F%2F..%2Fbin%2Fzstdcat&path=%2F%2F..%2Fbin HTTP/1.1" 429 267 visitasgijon.es "-" "Mozilla/5.0 AppleWebKit/537.36 (KHTML, like Gecko; compatible; ClaudeBot/1.0; +claudebot@anthropic.com)" "-"
216.73.216.0 - - [13/Jun/2026:18:32:36 +0200] "GET /.metadata/369804/index.php?fileloc=%2F%2F..%2Fbin%2Fskill&path=%2F%2F..%2Fbin HTTP/1.1" 429 267 visitasgijon.es "-" "Mozilla/5.0 AppleWebKit/537.36 (KHTML, like Gecko; compatible; ClaudeBot/1.0; +claudebot@anthropic.com)" "-"
216.73.216.0 - - [13/Jun/2026:18:32:41 +0200] "GET /.metadata/369804/index.php?fileloc=%2F%2F..%2Fbin%2Fssh-keyscan&path=%2F%2F..%2Fbin HTTP/1.1" 429 267 visitasgijon.es "-" "Mozilla/5.0 AppleWebKit/537.36 (KHTML, like Gecko; compatible; ClaudeBot/1.0; +claudebot@anthropic.com)" "-"
216.73.216.0 - - [13/Jun/2026:18:32:48 +0200] "GET /.metadata/369804/index.php?fileloc=%2F%2F..%2Fbin%2Fdd&path=%2F%2F..%2Fbin HTTP/1.1" 429 267 visitasgijon.es "-" "Mozilla/5.0 AppleWebKit/537.36 (KHTML, like Gecko; compatible; ClaudeBot/1.0; +claudebot@anthropic.com)" "-"
216.73.216.0 - - [13/Jun/2026:18:32:52 +0200] "GET /.metadata/369804/index.php?fileloc=%2F%2F..%2Fbin%2Fsetarch&path=%2F%2F..%2Fbin HTTP/1.1" 429 267 visitasgijon.es "-" "Mozilla/5.0 AppleWebKit/537.36 (KHTML, like Gecko; compatible; ClaudeBot/1.0; +claudebot@anthropic.com)" "-"
216.73.216.0 - - [13/Jun/2026:18:32:57 +0200] "GET /.metadata/369804/index.php?path=%2F%2F..%2Flib%2Faspell HTTP/1.1" 429 267 visitasgijon.es "-" "Mozilla/5.0 AppleWebKit/537.36 (KHTML, like Gecko; compatible; ClaudeBot/1.0; +claudebot@anthropic.com)" "-"
216.73.216.0 - - [13/Jun/2026:18:33:02 +0200] "GET /.metadata/369804/index.php?fileloc=%2F%2F..%2Fsbin%2Fselect-default-ispell&path=%2F%2F..%2Fsbin HTTP/1.1" 429 267 visitasgijon.es "-" "Mozilla/5.0 AppleWebKit/537.36 (KHTML, like Gecko; compatible; ClaudeBot/1.0; +claudebot@anthropic.com)" "-"
216.73.216.0 - - [13/Jun/2026:18:33:07 +0200] "GET /.metadata/369804/index.php?fileloc=%2F%2F..%2Fbin%2Fps&path=%2F%2F..%2Fbin HTTP/1.1" 200 5008 visitasgijon.es "-" "Mozilla/5.0 AppleWebKit/537.36 (KHTML, like Gecko; compatible; ClaudeBot/1.0; +claudebot@anthropic.com)" "-"
216.73.216.0 - - [13/Jun/2026:18:33:12 +0200] "GET /.metadata/369804/index.php?fileloc=%2F%2F..%2Fbin%2Fcorelist&path=%2F%2F..%2Fbin HTTP/1.1" 200 21308 visitasgijon.es "-" "Mozilla/5.0 AppleWebKit/537.36 (KHTML, like Gecko; compatible; ClaudeBot/1.0; +claudebot@anthropic.com)" "-"
216.73.216.0 - - [13/Jun/2026:18:33:17 +0200] "GET /.metadata/369804/index.php?path=%2F%2F..%2Fetc%2Fprofile.d HTTP/1.1" 200 8897 visitasgijon.es "-" "Mozilla/5.0 AppleWebKit/537.36 (KHTML, like Gecko; compatible; ClaudeBot/1.0; +claudebot@anthropic.com)" "-"
216.73.216.0 - - [13/Jun/2026:18:33:22 +0200] "GET /.metadata/369804/index.php?fileloc=%2F%2Flib%2Fpython3.9%2Fasynchat.py&path=%2F%2Flib%2Fpython3.9 HTTP/1.1" 200 16629 visitasgijon.es "-" "Mozilla/5.0 AppleWebKit/537.36 (KHTML, like Gecko; compatible; ClaudeBot/1.0; +claudebot@anthropic.com)" "-"
216.73.216.0 - - [13/Jun/2026:18:33:27 +0200] "GET /.metadata/369804/index.php?fileloc=%2F%2F..%2Fbin%2Frgrep&path=%2F%2F..%2Fbin HTTP/1.1" 200 5051 visitasgijon.es "-" "Mozilla/5.0 AppleWebKit/537.36 (KHTML, like Gecko; compatible; ClaudeBot/1.0; +claudebot@anthropic.com)" "-"
216.73.216.0 - - [13/Jun/2026:18:33:32 +0200] "GET /.metadata/369804/index.php?fileloc=%2F%2F..%2Fbin%2Ftic&path=%2F%2F..%2Fbin HTTP/1.1" 200 5009 visitasgijon.es "-" "Mozilla/5.0 AppleWebKit/537.36 (KHTML, like Gecko; compatible; ClaudeBot/1.0; +claudebot@anthropic.com)" "-"
2a03:2880:f800:: - - [13/Jun/2026:18:33:34 +0200] "GET /item/3129833 HTTP/1.1" 404 2129 visitasgijon.es "-" "meta-externalagent/1.1 (+https://developers.facebook.com/docs/sharing/webmasters/crawler)" "-"
66.249.70.0 - - [13/Jun/2026:18:33:34 +0200] "GET /products/5511753 HTTP/1.1" 200 182898 visitasgijon.es "-" "Mozilla/5.0 (Linux; Android 6.0.1; Nexus 5X Build/MMB29P) AppleWebKit/537.36 (KHTML, like Gecko) Chrome/148.0.7778.96 Mobile Safari/537.36 (compatible; Googlebot/2.1; +http://www.google.com/bot.html)" "-"
216.73.216.0 - - [13/Jun/2026:18:33:38 +0200] "GET /.metadata/369804/index.php?fileloc=%2F%2F..%2Fbin%2Fpldd&path=%2F%2F..%2Fbin HTTP/1.1" 200 5010 visitasgijon.es "-" "Mozilla/5.0 AppleWebKit/537.36 (KHTML, like Gecko; compatible; ClaudeBot/1.0; +claudebot@anthropic.com)" "-"
216.73.216.0 - - [13/Jun/2026:18:33:43 +0200] "GET /.metadata/369804/index.php?fileloc=%2F%2F..%2Fbin%2Fod&path=%2F%2F..%2Fbin HTTP/1.1" 200 5008 visitasgijon.es "-" "Mozilla/5.0 AppleWebKit/537.36 (KHTML, like Gecko; compatible; ClaudeBot/1.0; +claudebot@anthropic.com)" "-"
216.73.216.0 - - [13/Jun/2026:18:33:48 +0200] "GET /.metadata/369804/index.php?fileloc=%2F%2F..%2Fbin%2Fppmtoleaf&path=%2F%2F..%2Fbin HTTP/1.1" 200 5015 visitasgijon.es "-" "Mozilla/5.0 AppleWebKit/537.36 (KHTML, like Gecko; compatible; ClaudeBot/1.0; +claudebot@anthropic.com)" "-"
216.73.216.0 - - [13/Jun/2026:18:33:53 +0200] "GET /.metadata/369804/index.php?fileloc=%2F%2F..%2Fbin%2Frdebsums&path=%2F%2F..%2Fbin HTTP/1.1" 200 7794 visitasgijon.es "-" "Mozilla/5.0 AppleWebKit/537.36 (KHTML, like Gecko; compatible; ClaudeBot/1.0; +claudebot@anthropic.com)" "-"
216.73.216.0 - - [13/Jun/2026:18:33:58 +0200] "GET /.metadata/369804/index.php?fileloc=%2F%2F..%2Fbin%2Fcat&path=%2F%2F..%2Fbin HTTP/1.1" 200 5009 visitasgijon.es "-" "Mozilla/5.0 AppleWebKit/537.36 (KHTML, like Gecko; compatible; ClaudeBot/1.0; +claudebot@anthropic.com)" "-"
216.73.216.0 - - [13/Jun/2026:18:34:03 +0200] "GET /.metadata/369804/index.php?path=%2F%2Flib%2Fpython3.9%2Flib2to3 HTTP/1.1" 200 20601 visitasgijon.es "-" "Mozilla/5.0 AppleWebKit/537.36 (KHTML, like Gecko; compatible; ClaudeBot/1.0; +claudebot@anthropic.com)" "-"
216.73.216.0 - - [13/Jun/2026:18:34:08 +0200] "GET /.metadata/369804/index.php?path=%2F%2Flib%2F..%2Flocal HTTP/1.1" 200 13150 visitasgijon.es "-" "Mozilla/5.0 AppleWebKit/537.36 (KHTML, like Gecko; compatible; ClaudeBot/1.0; +claudebot@anthropic.com)" "-"
216.73.216.0 - - [13/Jun/2026:18:34:14 +0200] "GET /.metadata/369804/index.php?fileloc=%2F%2F..%2Fbin%2Fxsubpp&path=%2F%2F..%2Fbin HTTP/1.1" 200 10525 visitasgijon.es "-" "Mozilla/5.0 AppleWebKit/537.36 (KHTML, like Gecko; compatible; ClaudeBot/1.0; +claudebot@anthropic.com)" "-"
216.73.216.0 - - [13/Jun/2026:18:34:19 +0200] "GET /.metadata/369804/index.php?fileloc=%2F%2F..%2Fsbin%2Ffdisk&path=%2F%2F..%2Fsbin HTTP/1.1" 200 5016 visitasgijon.es "-" "Mozilla/5.0 AppleWebKit/537.36 (KHTML, like Gecko; compatible; ClaudeBot/1.0; +claudebot@anthropic.com)" "-"
216.73.216.0 - - [13/Jun/2026:18:34:24 +0200] "GET /.metadata/369804/index.php?fileloc=%2F%2F..%2Fbin%2Ffc-cat&path=%2F%2F..%2Fbin HTTP/1.1" 200 5012 visitasgijon.es "-" "Mozilla/5.0 AppleWebKit/537.36 (KHTML, like Gecko; compatible; ClaudeBot/1.0; +claudebot@anthropic.com)" "-"
216.73.216.0 - - [13/Jun/2026:18:34:29 +0200] "GET /.metadata/369804/index.php?path=%2F%2Frun%2F..%2Fhome HTTP/1.1" 200 6191 visitasgijon.es "-" "Mozilla/5.0 AppleWebKit/537.36 (KHTML, like Gecko; compatible; ClaudeBot/1.0; +claudebot@anthropic.com)" "-"
216.73.216.0 - - [13/Jun/2026:18:34:34 +0200] "GET /.metadata/369804/index.php?fileloc=%2F%2F..%2Fbin%2Frlogin&path=%2F%2F..%2Fbin HTTP/1.1" 200 5012 visitasgijon.es "-" "Mozilla/5.0 AppleWebKit/537.36 (KHTML, like Gecko; compatible; ClaudeBot/1.0; +claudebot@anthropic.com)" "-"
216.73.216.0 - - [13/Jun/2026:18:34:39 +0200] "GET /.metadata/369804/index.php?fileloc=%2F%2F..%2Fbin%2Femacsclient&path=%2F%2F..%2Fbin HTTP/1.1" 200 5017 visitasgijon.es "-" "Mozilla/5.0 AppleWebKit/537.36 (KHTML, like Gecko; compatible; ClaudeBot/1.0; +claudebot@anthropic.com)" "-"
216.73.216.0 - - [13/Jun/2026:18:34:44 +0200] "GET /.metadata/369804/index.php?fileloc=%2F%2F..%2Fbin%2Fzrun&path=%2F%2F..%2Fbin HTTP/1.1" 200 7751 visitasgijon.es "-" "Mozilla/5.0 AppleWebKit/537.36 (KHTML, like Gecko; compatible; ClaudeBot/1.0; +claudebot@anthropic.com)" "-"
2a03:2880:f800:: - - [13/Jun/2026:18:34:41 +0200] "GET /item/4760216 HTTP/1.1" 404 2129 visitasgijon.es "-" "meta-externalagent/1.1 (+https://developers.facebook.com/docs/sharing/webmasters/crawler)" "-"
216.73.216.0 - - [13/Jun/2026:18:34:49 +0200] "GET /.metadata/369804/index.php?fileloc=%2F%2F..%2Fbin%2Fpnmcomp&path=%2F%2F..%2Fbin HTTP/1.1" 429 267 visitasgijon.es "-" "Mozilla/5.0 AppleWebKit/537.36 (KHTML, like Gecko; compatible; ClaudeBot/1.0; +claudebot@anthropic.com)" "-"
66.249.70.0 - - [13/Jun/2026:18:34:49 +0200] "GET /products/9315020 HTTP/1.1" 200 187938 visitasgijon.es "-" "Mozilla/5.0 (Linux; Android 6.0.1; Nexus 5X Build/MMB29P) AppleWebKit/537.36 (KHTML, like Gecko) Chrome/148.0.7778.96 Mobile Safari/537.36 (compatible; Googlebot/2.1; +http://www.google.com/bot.html)" "-"
216.73.216.0 - - [13/Jun/2026:18:34:54 +0200] "GET /.metadata/369804/index.php?fileloc=%2F%2F..%2Fbin%2Fbdf2gdfont&path=%2F%2F..%2Fbin HTTP/1.1" 429 267 visitasgijon.es "-" "Mozilla/5.0 AppleWebKit/537.36 (KHTML, like Gecko; compatible; ClaudeBot/1.0; +claudebot@anthropic.com)" "-"
216.73.216.0 - - [13/Jun/2026:18:34:59 +0200] "GET /.metadata/369804/index.php?fileloc=%2F%2F..%2Fbin%2Fx86_64-linux-gnu-gcc-ranlib&path=%2F%2F..%2Fbin HTTP/1.1" 429 267 visitasgijon.es "-" "Mozilla/5.0 AppleWebKit/537.36 (KHTML, like Gecko; compatible; ClaudeBot/1.0; +claudebot@anthropic.com)" "-"
216.73.216.0 - - [13/Jun/2026:18:35:04 +0200] "GET /.metadata/369804/index.php?fileloc=%2F%2F..%2Fbin%2Fperl&path=%2F%2F..%2Fbin HTTP/1.1" 429 267 visitasgijon.es "-" "Mozilla/5.0 AppleWebKit/537.36 (KHTML, like Gecko; compatible; ClaudeBot/1.0; +claudebot@anthropic.com)" "-"
216.73.216.0 - - [13/Jun/2026:18:35:10 +0200] "GET /.metadata/369804/index.php?fileloc=%2F%2F..%2Fbin%2Fpnmsplit&path=%2F%2F..%2Fbin HTTP/1.1" 429 267 visitasgijon.es "-" "Mozilla/5.0 AppleWebKit/537.36 (KHTML, like Gecko; compatible; ClaudeBot/1.0; +claudebot@anthropic.com)" "-"
216.73.216.0 - - [13/Jun/2026:18:35:14 +0200] "GET /.metadata/369804/index.php?fileloc=%2F%2F..%2Fbin%2Fzipsplit&path=%2F%2F..%2Fbin HTTP/1.1" 429 267 visitasgijon.es "-" "Mozilla/5.0 AppleWebKit/537.36 (KHTML, like Gecko; compatible; ClaudeBot/1.0; +claudebot@anthropic.com)" "-"
207.46.13.0 - - [13/Jun/2026:18:35:18 +0200] "GET /products/4266764 HTTP/1.1" 200 197056 www.visitasgijon.es "-" "Mozilla/5.0 AppleWebKit/537.36 (KHTML, like Gecko; compatible; bingbot/2.0; +http://www.bing.com/bingbot.htm) Chrome/116.0.1938.76 Safari/537.36" "-"
216.73.216.0 - - [13/Jun/2026:18:35:19 +0200] "GET /.metadata/369804/index.php?fileloc=%2F%2F..%2Fbin%2Fdmesg&path=%2F%2F..%2Fbin HTTP/1.1" 429 267 visitasgijon.es "-" "Mozilla/5.0 AppleWebKit/537.36 (KHTML, like Gecko; compatible; ClaudeBot/1.0; +claudebot@anthropic.com)" "-"
176.31.139.0 - - [13/Jun/2026:18:35:24 +0200] "GET /sitemap.xml HTTP/1.1" 200 3212 visitasgijon.es "-" "Mozilla/5.0 (compatible; AhrefsBot/7.0; +http://ahrefs.com/robot/)" "-"
216.73.216.0 - - [13/Jun/2026:18:35:24 +0200] "GET /.metadata/369804/index.php?fileloc=%2F%2F..%2Fbin%2Fpgmtopbm&path=%2F%2F..%2Fbin HTTP/1.1" 429 267 visitasgijon.es "-" "Mozilla/5.0 AppleWebKit/537.36 (KHTML, like Gecko; compatible; ClaudeBot/1.0; +claudebot@anthropic.com)" "-"
52.167.144.0 - - [13/Jun/2026:18:35:24 +0200] "GET /item/3301910 HTTP/1.1" 200 187891 www.visitasgijon.es "-" "Mozilla/5.0 AppleWebKit/537.36 (KHTML, like Gecko; compatible; bingbot/2.0; +http://www.bing.com/bingbot.htm) Chrome/116.0.1938.76 Safari/537.36" "-"
94.23.188.0 - - [13/Jun/2026:18:35:25 +0200] "GET /sitemap-975.xml HTTP/1.1" 200 138943 visitasgijon.es "-" "Mozilla/5.0 (compatible; AhrefsBot/7.0; +http://ahrefs.com/robot/)" "-"
54.37.118.0 - - [13/Jun/2026:18:35:28 +0200] "GET /sitemap-142.xml HTTP/1.1" 200 189487 visitasgijon.es "-" "Mozilla/5.0 (compatible; AhrefsBot/7.0; +http://ahrefs.com/robot/)" "-"
216.73.216.0 - - [13/Jun/2026:18:35:29 +0200] "GET /.metadata/369804/index.php?fileloc=%2F%2F..%2Fbin%2Fpamdice&path=%2F%2F..%2Fbin HTTP/1.1" 429 267 visitasgijon.es "-" "Mozilla/5.0 AppleWebKit/537.36 (KHTML, like Gecko; compatible; ClaudeBot/1.0; +claudebot@anthropic.com)" "-"
216.73.216.0 - - [13/Jun/2026:18:35:34 +0200] "GET /.metadata/369804/index.php?fileloc=%2F%2F..%2Fbin%2Fsha256sum&path=%2F%2F..%2Fbin HTTP/1.1" 429 267 visitasgijon.es "-" "Mozilla/5.0 AppleWebKit/537.36 (KHTML, like Gecko; compatible; ClaudeBot/1.0; +claudebot@anthropic.com)" "-"
37.59.204.0 - - [13/Jun/2026:18:35:37 +0200] "GET /sitemap-475.xml HTTP/1.1" 200 153361 visitasgijon.es "-" "Mozilla/5.0 (compatible; AhrefsBot/7.0; +http://ahrefs.com/robot/)" "-"
216.73.216.0 - - [13/Jun/2026:18:35:39 +0200] "GET /.metadata/369804/index.php?fileloc=%2F%2F..%2Fbin%2Fscp&path=%2F%2F..%2Fbin HTTP/1.1" 429 267 visitasgijon.es "-" "Mozilla/5.0 AppleWebKit/537.36 (KHTML, like Gecko; compatible; ClaudeBot/1.0; +claudebot@anthropic.com)" "-"
216.73.216.0 - - [13/Jun/2026:18:35:44 +0200] "GET /.metadata/369804/index.php?fileloc=%2F%2F..%2Fbin%2Fbzmore&path=%2F%2F..%2Fbin HTTP/1.1" 429 267 visitasgijon.es "-" "Mozilla/5.0 AppleWebKit/537.36 (KHTML, like Gecko; compatible; ClaudeBot/1.0; +claudebot@anthropic.com)" "-"
54.37.118.0 - - [13/Jun/2026:18:35:44 +0200] "GET /sitemap-496.xml HTTP/1.1" 200 188515 visitasgijon.es "-" "Mozilla/5.0 (compatible; AhrefsBot/7.0; +http://ahrefs.com/robot/)" "-"
92.222.108.0 - - [13/Jun/2026:18:35:46 +0200] "GET /sitemap-50.xml HTTP/1.1" 200 190135 visitasgijon.es "-" "Mozilla/5.0 (compatible; AhrefsBot/7.0; +http://ahrefs.com/robot/)" "-"
2a03:2880:f800:: - - [13/Jun/2026:18:35:47 +0200] "GET /item/3116531 HTTP/1.1" 404 2129 visitasgijon.es "-" "meta-externalagent/1.1 (+https://developers.facebook.com/docs/sharing/webmasters/crawler)" "-"
216.73.216.0 - - [13/Jun/2026:18:35:49 +0200] "GET /.metadata/369804/index.php?fileloc=%2F%2F..%2Fbin%2Fcsh&path=%2F%2F..%2Fbin HTTP/1.1" 200 5009 visitasgijon.es "-" "Mozilla/5.0 AppleWebKit/537.36 (KHTML, like Gecko; compatible; ClaudeBot/1.0; +claudebot@anthropic.com)" "-"
51.68.247.0 - - [13/Jun/2026:18:35:52 +0200] "GET /sitemap-885.xml HTTP/1.1" 200 164053 visitasgijon.es "-" "Mozilla/5.0 (compatible; AhrefsBot/7.0; +http://ahrefs.com/robot/)" "-"
94.23.188.0 - - [13/Jun/2026:18:35:54 +0200] "GET /sitemap-103.xml HTTP/1.1" 200 133111 visitasgijon.es "-" "Mozilla/5.0 (compatible; AhrefsBot/7.0; +http://ahrefs.com/robot/)" "-"
216.73.216.0 - - [13/Jun/2026:18:35:54 +0200] "GET /.metadata/369804/index.php?fileloc=%2F%2F..%2Fbin%2Ftsort&path=%2F%2F..%2Fbin HTTP/1.1" 200 5011 visitasgijon.es "-" "Mozilla/5.0 AppleWebKit/537.36 (KHTML, like Gecko; compatible; ClaudeBot/1.0; +claudebot@anthropic.com)" "-"
176.31.139.0 - - [13/Jun/2026:18:35:57 +0200] "GET /sitemap-989.xml HTTP/1.1" 200 140725 visitasgijon.es "-" "Mozilla/5.0 (compatible; AhrefsBot/7.0; +http://ahrefs.com/robot/)" "-"
216.73.216.0 - - [13/Jun/2026:18:35:59 +0200] "GET /.metadata/369804/index.php?fileloc=%2F%2F..%2Fbin%2Fchsh&path=%2F%2F..%2Fbin HTTP/1.1" 200 5010 visitasgijon.es "-" "Mozilla/5.0 AppleWebKit/537.36 (KHTML, like Gecko; compatible; ClaudeBot/1.0; +claudebot@anthropic.com)" "-"
51.75.236.0 - - [13/Jun/2026:18:35:59 +0200] "GET /sitemap-348.xml HTTP/1.1" 200 172963 visitasgijon.es "-" "Mozilla/5.0 (compatible; AhrefsBot/7.0; +http://ahrefs.com/robot/)" "-"
216.73.216.0 - - [13/Jun/2026:18:36:06 +0200] "GET /.metadata/369804/index.php?fileloc=%2F%2F..%2Fbin%2Fcomposite-im6&path=%2F%2F..%2Fbin HTTP/1.1" 200 5019 visitasgijon.es "-" "Mozilla/5.0 AppleWebKit/537.36 (KHTML, like Gecko; compatible; ClaudeBot/1.0; +claudebot@anthropic.com)" "-"
66.249.70.0 - - [13/Jun/2026:18:36:09 +0200] "GET /products/9009786 HTTP/1.1" 200 186428 visitasgijon.es "-" "Mozilla/5.0 (Linux; Android 6.0.1; Nexus 5X Build/MMB29P) AppleWebKit/537.36 (KHTML, like Gecko) Chrome/148.0.7778.96 Mobile Safari/537.36 (compatible; Googlebot/2.1; +http://www.google.com/bot.html)" "-"
216.73.216.0 - - [13/Jun/2026:18:36:10 +0200] "GET /.metadata/369804/index.php?fileloc=%2F%2F..%2Fbin%2Fppmtojpeg&path=%2F%2F..%2Fbin HTTP/1.1" 200 5015 visitasgijon.es "-" "Mozilla/5.0 AppleWebKit/537.36 (KHTML, like Gecko; compatible; ClaudeBot/1.0; +claudebot@anthropic.com)" "-"
216.73.216.0 - - [13/Jun/2026:18:36:15 +0200] "GET /.metadata/369804/index.php?path=%2F%2Frun%2F..%2Fkunden HTTP/1.1" 200 25759 visitasgijon.es "-" "Mozilla/5.0 AppleWebKit/537.36 (KHTML, like Gecko; compatible; ClaudeBot/1.0; +claudebot@anthropic.com)" "-"
216.73.216.0 - - [13/Jun/2026:18:36:20 +0200] "GET /.metadata/369804/index.php?fileloc=%2F%2F..%2Fbin%2Fmknod&path=%2F%2F..%2Fbin HTTP/1.1" 200 5011 visitasgijon.es "-" "Mozilla/5.0 AppleWebKit/537.36 (KHTML, like Gecko; compatible; ClaudeBot/1.0; +claudebot@anthropic.com)" "-"
216.73.216.0 - - [13/Jun/2026:18:36:25 +0200] "GET /.metadata/369804/index.php?fileloc=%2F%2F..%2Fbin%2Fppmrelief&path=%2F%2F..%2Fbin HTTP/1.1" 200 5015 visitasgijon.es "-" "Mozilla/5.0 AppleWebKit/537.36 (KHTML, like Gecko; compatible; ClaudeBot/1.0; +claudebot@anthropic.com)" "-"
216.73.216.0 - - [13/Jun/2026:18:36:30 +0200] "GET /.metadata/369804/index.php?fileloc=%2F%2F..%2Fbin%2Fipcmk&path=%2F%2F..%2Fbin HTTP/1.1" 200 5011 visitasgijon.es "-" "Mozilla/5.0 AppleWebKit/537.36 (KHTML, like Gecko; compatible; ClaudeBot/1.0; +claudebot@anthropic.com)" "-"
92.222.104.0 - - [13/Jun/2026:18:36:31 +0200] "GET /sitemap-988.xml HTTP/1.1" 200 144775 visitasgijon.es "-" "Mozilla/5.0 (compatible; AhrefsBot/7.0; +http://ahrefs.com/robot/)" "-"
5.39.1.0 - - [13/Jun/2026:18:36:33 +0200] "GET /sitemap-698.xml HTTP/1.1" 200 192079 visitasgijon.es "-" "Mozilla/5.0 (compatible; AhrefsBot/7.0; +http://ahrefs.com/robot/)" "-"
216.73.216.0 - - [13/Jun/2026:18:36:35 +0200] "GET /.metadata/369804/index.php?fileloc=%2F%2F..%2Fbin%2Fx86_64-linux-gnu-gold&path=%2F%2F..%2Fbin HTTP/1.1" 200 5027 visitasgijon.es "-" "Mozilla/5.0 AppleWebKit/537.36 (KHTML, like Gecko; compatible; ClaudeBot/1.0; +claudebot@anthropic.com)" "-"
94.23.188.0 - - [13/Jun/2026:18:36:35 +0200] "GET /sitemap-809.xml HTTP/1.1" 200 184465 visitasgijon.es "-" "Mozilla/5.0 (compatible; AhrefsBot/7.0; +http://ahrefs.com/robot/)" "-"
51.75.236.0 - - [13/Jun/2026:18:36:37 +0200] "GET /sitemap-785.xml HTTP/1.1" 200 133597 visitasgijon.es "-" "Mozilla/5.0 (compatible; AhrefsBot/7.0; +http://ahrefs.com/robot/)" "-"
92.222.104.0 - - [13/Jun/2026:18:36:39 +0200] "GET /sitemap-477.xml HTTP/1.1" 200 165025 visitasgijon.es "-" "Mozilla/5.0 (compatible; AhrefsBot/7.0; +http://ahrefs.com/robot/)" "-"
216.73.216.0 - - [13/Jun/2026:18:36:40 +0200] "GET /.metadata/369804/index.php?fileloc=%2F%2F..%2Fbin%2Fcompare-im6&path=%2F%2F..%2Fbin HTTP/1.1" 200 5017 visitasgijon.es "-" "Mozilla/5.0 AppleWebKit/537.36 (KHTML, like Gecko; compatible; ClaudeBot/1.0; +claudebot@anthropic.com)" "-"
5.39.1.0 - - [13/Jun/2026:18:36:40 +0200] "GET /sitemap-222.xml HTTP/1.1" 200 193699 visitasgijon.es "-" "Mozilla/5.0 (compatible; AhrefsBot/7.0; +http://ahrefs.com/robot/)" "-"
51.68.247.0 - - [13/Jun/2026:18:36:42 +0200] "GET /sitemap-855.xml HTTP/1.1" 200 182359 visitasgijon.es "-" "Mozilla/5.0 (compatible; AhrefsBot/7.0; +http://ahrefs.com/robot/)" "-"
5.39.1.0 - - [13/Jun/2026:18:36:44 +0200] "GET /sitemap-608.xml HTTP/1.1" 200 158545 visitasgijon.es "-" "Mozilla/5.0 (compatible; AhrefsBot/7.0; +http://ahrefs.com/robot/)" "-"
216.73.216.0 - - [13/Jun/2026:18:36:45 +0200] "GET /.metadata/369804/index.php?fileloc=%2F%2F..%2Fbin%2Fpnmhistmap&path=%2F%2F..%2Fbin HTTP/1.1" 200 5016 visitasgijon.es "-" "Mozilla/5.0 AppleWebKit/537.36 (KHTML, like Gecko; compatible; ClaudeBot/1.0; +claudebot@anthropic.com)" "-"
51.75.236.0 - - [13/Jun/2026:18:36:46 +0200] "GET /sitemap-600.xml HTTP/1.1" 200 150445 visitasgijon.es "-" "Mozilla/5.0 (compatible; AhrefsBot/7.0; +http://ahrefs.com/robot/)" "-"
92.222.104.0 - - [13/Jun/2026:18:36:48 +0200] "GET /sitemap-70.xml HTTP/1.1" 200 175717 visitasgijon.es "-" "Mozilla/5.0 (compatible; AhrefsBot/7.0; +http://ahrefs.com/robot/)" "-"
216.73.216.0 - - [13/Jun/2026:18:36:50 +0200] "GET /.metadata/369804/index.php?path=%2F%2Fsrv%2F..%2Fmedia HTTP/1.1" 200 6198 visitasgijon.es "-" "Mozilla/5.0 AppleWebKit/537.36 (KHTML, like Gecko; compatible; ClaudeBot/1.0; +claudebot@anthropic.com)" "-"
52.167.144.0 - - [13/Jun/2026:18:36:52 +0200] "GET /item/657097 HTTP/1.1" 200 189399 www.visitasgijon.es "-" "Mozilla/5.0 AppleWebKit/537.36 (KHTML, like Gecko; compatible; bingbot/2.0; +http://www.bing.com/bingbot.htm) Chrome/116.0.1938.76 Safari/537.36" "-"
2a03:2880:f800:: - - [13/Jun/2026:18:36:53 +0200] "GET /item/3023479 HTTP/1.1" 404 2129 visitasgijon.es "-" "meta-externalagent/1.1 (+https://developers.facebook.com/docs/sharing/webmasters/crawler)" "-"
66.249.70.0 - - [13/Jun/2026:18:36:54 +0200] "GET /products/11316575 HTTP/1.1" 200 189550 visitasgijon.es "-" "Mozilla/5.0 (Linux; Android 6.0.1; Nexus 5X Build/MMB29P) AppleWebKit/537.36 (KHTML, like Gecko) Chrome/148.0.7778.96 Mobile Safari/537.36 (compatible; Googlebot/2.1; +http://www.google.com/bot.html)" "-"
216.73.216.0 - - [13/Jun/2026:18:36:56 +0200] "GET /.metadata/369804/index.php?fileloc=%2F%2F..%2Fbin%2Fbundler2.7&path=%2F%2F..%2Fbin HTTP/1.1" 200 5590 visitasgijon.es "-" "Mozilla/5.0 AppleWebKit/537.36 (KHTML, like Gecko; compatible; ClaudeBot/1.0; +claudebot@anthropic.com)" "-"
216.73.216.0 - - [13/Jun/2026:18:37:00 +0200] "GET /.metadata/369804/index.php?fileloc=%2F%2F..%2Fbin%2Fpamfile&path=%2F%2F..%2Fbin HTTP/1.1" 200 5013 visitasgijon.es "-" "Mozilla/5.0 AppleWebKit/537.36 (KHTML, like Gecko; compatible; ClaudeBot/1.0; +claudebot@anthropic.com)" "-"
37.59.204.0 - - [13/Jun/2026:18:37:02 +0200] "GET /sitemap-531.xml HTTP/1.1" 429 267 visitasgijon.es "-" "Mozilla/5.0 (compatible; AhrefsBot/7.0; +http://ahrefs.com/robot/)" "-"
216.73.216.0 - - [13/Jun/2026:18:37:05 +0200] "GET /.metadata/369804/index.php?fileloc=%2F%2F..%2Fbin%2Fpbmlife&path=%2F%2F..%2Fbin HTTP/1.1" 200 5013 visitasgijon.es "-" "Mozilla/5.0 AppleWebKit/537.36 (KHTML, like Gecko; compatible; ClaudeBot/1.0; +claudebot@anthropic.com)" "-"
37.59.204.0 - - [13/Jun/2026:18:37:07 +0200] "GET /sitemap-468.xml HTTP/1.1" 429 267 visitasgijon.es "-" "Mozilla/5.0 (compatible; AhrefsBot/7.0; +http://ahrefs.com/robot/)" "-"
94.23.188.0 - - [13/Jun/2026:18:37:08 +0200] "GET /sitemap-514.xml HTTP/1.1" 429 267 visitasgijon.es "-" "Mozilla/5.0 (compatible; AhrefsBot/7.0; +http://ahrefs.com/robot/)" "-"
216.73.216.0 - - [13/Jun/2026:18:37:10 +0200] "GET /.metadata/369804/index.php?fileloc=%2F%2F..%2Fbin%2Ffindmnt&path=%2F%2F..%2Fbin HTTP/1.1" 200 5013 visitasgijon.es "-" "Mozilla/5.0 AppleWebKit/537.36 (KHTML, like Gecko; compatible; ClaudeBot/1.0; +claudebot@anthropic.com)" "-"
216.73.216.0 - - [13/Jun/2026:18:37:15 +0200] "GET /.metadata/369804/index.php?path=%2F%2F..%2Fetc%2Flynx HTTP/1.1" 200 7906 visitasgijon.es "-" "Mozilla/5.0 AppleWebKit/537.36 (KHTML, like Gecko; compatible; ClaudeBot/1.0; +claudebot@anthropic.com)" "-"
216.73.216.0 - - [13/Jun/2026:18:37:20 +0200] "GET /.metadata/369804/index.php?fileloc=%2F%2F..%2Fbin%2Fppmtoyuvsplit&path=%2F%2F..%2Fbin HTTP/1.1" 200 5019 visitasgijon.es "-" "Mozilla/5.0 AppleWebKit/537.36 (KHTML, like Gecko; compatible; ClaudeBot/1.0; +claudebot@anthropic.com)" "-"
216.73.216.0 - - [13/Jun/2026:18:37:25 +0200] "GET /.metadata/369804/index.php?path=%2F%2F..%2Fetc%2Fzsh HTTP/1.1" 200 11353 visitasgijon.es "-" "Mozilla/5.0 AppleWebKit/537.36 (KHTML, like Gecko; compatible; ClaudeBot/1.0; +claudebot@anthropic.com)" "-"
216.73.216.0 - - [13/Jun/2026:18:37:30 +0200] "GET /.metadata/369804/index.php?fileloc=%2F%2F..%2Frun%2Fcrond.pid&path=%2F%2F..%2Frun HTTP/1.1" 429 267 visitasgijon.es "-" "Mozilla/5.0 AppleWebKit/537.36 (KHTML, like Gecko; compatible; ClaudeBot/1.0; +claudebot@anthropic.com)" "-"
216.73.216.0 - - [13/Jun/2026:18:37:35 +0200] "GET /.metadata/369804/index.php?fileloc=%2F%2F..%2Fbin%2Fhipstopgm&path=%2F%2F..%2Fbin HTTP/1.1" 429 267 visitasgijon.es "-" "Mozilla/5.0 AppleWebKit/537.36 (KHTML, like Gecko; compatible; ClaudeBot/1.0; +claudebot@anthropic.com)" "-"
52.167.144.0 - - [13/Jun/2026:18:37:35 +0200] "GET /products/1272486 HTTP/1.1" 200 192555 visitasgijon.es "-" "Mozilla/5.0 AppleWebKit/537.36 (KHTML, like Gecko; compatible; bingbot/2.0; +http://www.bing.com/bingbot.htm) Chrome/116.0.1938.76 Safari/537.36" "-"
92.222.108.0 - - [13/Jun/2026:18:37:39 +0200] "GET /sitemap-200.xml HTTP/1.1" 429 267 visitasgijon.es "-" "Mozilla/5.0 (compatible; AhrefsBot/7.0; +http://ahrefs.com/robot/)" "-"
157.55.39.0 - - [13/Jun/2026:18:37:40 +0200] "GET /item/3256074 HTTP/1.1" 200 199949 visitasgijon.es "-" "Mozilla/5.0 AppleWebKit/537.36 (KHTML, like Gecko; compatible; bingbot/2.0; +http://www.bing.com/bingbot.htm) Chrome/116.0.1938.76 Safari/537.36" "-"
92.222.104.0 - - [13/Jun/2026:18:37:40 +0200] "GET /sitemap-958.xml HTTP/1.1" 429 267 visitasgijon.es "-" "Mozilla/5.0 (compatible; AhrefsBot/7.0; +http://ahrefs.com/robot/)" "-"
216.73.216.0 - - [13/Jun/2026:18:37:42 +0200] "GET /.metadata/369804/index.php?fileloc=%2F%2F..%2Fsbin%2Ficonvconfig&path=%2F%2F..%2Fsbin HTTP/1.1" 429 267 visitasgijon.es "-" "Mozilla/5.0 AppleWebKit/537.36 (KHTML, like Gecko; compatible; ClaudeBot/1.0; +claudebot@anthropic.com)" "-"
37.59.204.0 - - [13/Jun/2026:18:37:46 +0200] "GET /sitemap-715.xml HTTP/1.1" 429 267 visitasgijon.es "-" "Mozilla/5.0 (compatible; AhrefsBot/7.0; +http://ahrefs.com/robot/)" "-"
216.73.216.0 - - [13/Jun/2026:18:37:46 +0200] "GET /.metadata/369804/index.php?fileloc=%2F%2F..%2Fbin%2Fbsd-mailx&path=%2F%2F..%2Fbin HTTP/1.1" 429 267 visitasgijon.es "-" "Mozilla/5.0 AppleWebKit/537.36 (KHTML, like Gecko; compatible; ClaudeBot/1.0; +claudebot@anthropic.com)" "-"
5.39.1.0 - - [13/Jun/2026:18:37:47 +0200] "GET /sitemap-525.xml HTTP/1.1" 429 267 visitasgijon.es "-" "Mozilla/5.0 (compatible; AhrefsBot/7.0; +http://ahrefs.com/robot/)" "-"
94.23.188.0 - - [13/Jun/2026:18:37:48 +0200] "GET /sitemap-535.xml HTTP/1.1" 429 267 visitasgijon.es "-" "Mozilla/5.0 (compatible; AhrefsBot/7.0; +http://ahrefs.com/robot/)" "-"
216.73.216.0 - - [13/Jun/2026:18:37:51 +0200] "GET /.metadata/369804/index.php?fileloc=%2F%2F..%2Fbin%2Fxzfgrep&path=%2F%2F..%2Fbin HTTP/1.1" 429 267 visitasgijon.es "-" "Mozilla/5.0 AppleWebKit/537.36 (KHTML, like Gecko; compatible; ClaudeBot/1.0; +claudebot@anthropic.com)" "-"
37.59.204.0 - - [13/Jun/2026:18:37:52 +0200] "GET /sitemap-481.xml HTTP/1.1" 429 267 visitasgijon.es "-" "Mozilla/5.0 (compatible; AhrefsBot/7.0; +http://ahrefs.com/robot/)" "-"
51.75.236.0 - - [13/Jun/2026:18:37:53 +0200] "GET /sitemap-3.xml HTTP/1.1" 429 267 visitasgijon.es "-" "Mozilla/5.0 (compatible; AhrefsBot/7.0; +http://ahrefs.com/robot/)" "-"
216.73.216.0 - - [13/Jun/2026:18:37:56 +0200] "GET /.metadata/369804/index.php?fileloc=%2F%2F..%2Fsbin%2FMAKEDEV&path=%2F%2F..%2Fsbin HTTP/1.1" 429 267 visitasgijon.es "-" "Mozilla/5.0 AppleWebKit/537.36 (KHTML, like Gecko; compatible; ClaudeBot/1.0; +claudebot@anthropic.com)" "-"
2a03:2880:f800:: - - [13/Jun/2026:18:37:59 +0200] "GET /item/2646377 HTTP/1.1" 404 2129 visitasgijon.es "-" "meta-externalagent/1.1 (+https://developers.facebook.com/docs/sharing/webmasters/crawler)" "-"
37.59.204.0 - - [13/Jun/2026:18:38:01 +0200] "GET /sitemap-669.xml HTTP/1.1" 429 267 visitasgijon.es "-" "Mozilla/5.0 (compatible; AhrefsBot/7.0; +http://ahrefs.com/robot/)" "-"
216.73.216.0 - - [13/Jun/2026:18:38:01 +0200] "GET /.metadata/369804/index.php?fileloc=%2F%2F..%2Fbin%2Fdb5.3_upgrade&path=%2F%2F..%2Fbin HTTP/1.1" 429 267 visitasgijon.es "-" "Mozilla/5.0 AppleWebKit/537.36 (KHTML, like Gecko; compatible; ClaudeBot/1.0; +claudebot@anthropic.com)" "-"
92.222.104.0 - - [13/Jun/2026:18:38:02 +0200] "GET /sitemap-832.xml HTTP/1.1" 200 189001 visitasgijon.es "-" "Mozilla/5.0 (compatible; AhrefsBot/7.0; +http://ahrefs.com/robot/)" "-"
37.59.204.0 - - [13/Jun/2026:18:38:05 +0200] "GET /sitemap-428.xml HTTP/1.1" 200 154171 visitasgijon.es "-" "Mozilla/5.0 (compatible; AhrefsBot/7.0; +http://ahrefs.com/robot/)" "-"
216.73.216.0 - - [13/Jun/2026:18:38:06 +0200] "GET /.metadata/369804/index.php?fileloc=%2F%2F..%2Fbin%2Fpnmtotiff&path=%2F%2F..%2Fbin HTTP/1.1" 429 267 visitasgijon.es "-" "Mozilla/5.0 AppleWebKit/537.36 (KHTML, like Gecko; compatible; ClaudeBot/1.0; +claudebot@anthropic.com)" "-"
37.59.204.0 - - [13/Jun/2026:18:38:08 +0200] "GET /sitemap-312.xml HTTP/1.1" 200 151741 visitasgijon.es "-" "Mozilla/5.0 (compatible; AhrefsBot/7.0; +http://ahrefs.com/robot/)" "-"
216.73.216.0 - - [13/Jun/2026:18:38:11 +0200] "GET /.metadata/369804/index.php?fileloc=%2F%2F..%2Fsbin%2Fpwunconv&path=%2F%2F..%2Fsbin HTTP/1.1" 429 267 visitasgijon.es "-" "Mozilla/5.0 AppleWebKit/537.36 (KHTML, like Gecko; compatible; ClaudeBot/1.0; +claudebot@anthropic.com)" "-"
216.73.216.0 - - [13/Jun/2026:18:38:16 +0200] "GET /.metadata/369804/index.php?fileloc=%2F%2F..%2Fbin%2Fgpg-wks-server&path=%2F%2F..%2Fbin HTTP/1.1" 429 267 visitasgijon.es "-" "Mozilla/5.0 AppleWebKit/537.36 (KHTML, like Gecko; compatible; ClaudeBot/1.0; +claudebot@anthropic.com)" "-"
52.167.144.0 - - [13/Jun/2026:18:38:16 +0200] "GET /item/1792667 HTTP/1.1" 200 188075 www.visitasgijon.es "-" "Mozilla/5.0 AppleWebKit/537.36 (KHTML, like Gecko; compatible; bingbot/2.0; +http://www.bing.com/bingbot.htm) Chrome/116.0.1938.76 Safari/537.36" "-"
216.73.216.0 - - [13/Jun/2026:18:38:22 +0200] "GET /.metadata/369804/index.php?fileloc=%2F%2F..%2Fbin%2Fpnmpaste&path=%2F%2F..%2Fbin HTTP/1.1" 429 267 visitasgijon.es "-" "Mozilla/5.0 AppleWebKit/537.36 (KHTML, like Gecko; compatible; ClaudeBot/1.0; +claudebot@anthropic.com)" "-"
216.73.216.0 - - [13/Jun/2026:18:38:26 +0200] "GET /.metadata/369804/index.php?fileloc=%2F%2F..%2Fbin%2Fmake-first-existing-target&path=%2F%2F..%2Fbin HTTP/1.1" 429 267 visitasgijon.es "-" "Mozilla/5.0 AppleWebKit/537.36 (KHTML, like Gecko; compatible; ClaudeBot/1.0; +claudebot@anthropic.com)" "-"
51.68.247.0 - - [13/Jun/2026:18:38:27 +0200] "GET /sitemap-346.xml HTTP/1.1" 200 180415 visitasgijon.es "-" "Mozilla/5.0 (compatible; AhrefsBot/7.0; +http://ahrefs.com/robot/)" "-"
51.75.236.0 - - [13/Jun/2026:18:38:29 +0200] "GET /sitemap-665.xml HTTP/1.1" 200 134083 visitasgijon.es "-" "Mozilla/5.0 (compatible; AhrefsBot/7.0; +http://ahrefs.com/robot/)" "-"
216.73.216.0 - - [13/Jun/2026:18:38:31 +0200] "GET /.metadata/369804/index.php?fileloc=%2F%2F..%2Fsbin%2Ftunelp&path=%2F%2F..%2Fsbin HTTP/1.1" 200 5017 visitasgijon.es "-" "Mozilla/5.0 AppleWebKit/537.36 (KHTML, like Gecko; compatible; ClaudeBot/1.0; +claudebot@anthropic.com)" "-"
51.68.247.0 - - [13/Jun/2026:18:38:33 +0200] "GET /sitemap-294.xml HTTP/1.1" 200 167455 visitasgijon.es "-" "Mozilla/5.0 (compatible; AhrefsBot/7.0; +http://ahrefs.com/robot/)" "-"
94.23.188.0 - - [13/Jun/2026:18:38:34 +0200] "GET /sitemap-48.xml HTTP/1.1" 200 191593 visitasgijon.es "-" "Mozilla/5.0 (compatible; AhrefsBot/7.0; +http://ahrefs.com/robot/)" "-"
216.73.216.0 - - [13/Jun/2026:18:38:36 +0200] "GET /.metadata/369804/index.php?fileloc=%2F%2F..%2Fbin%2Fpnmcat&path=%2F%2F..%2Fbin HTTP/1.1" 200 5012 visitasgijon.es "-" "Mozilla/5.0 AppleWebKit/537.36 (KHTML, like Gecko; compatible; ClaudeBot/1.0; +claudebot@anthropic.com)" "-"
